{"id":515622,"date":"2022-03-01T11:50:31","date_gmt":"2022-03-01T10:50:31","guid":{"rendered":"https:\/\/www.atreus.de\/?page_id=515622"},"modified":"2024-10-22T16:26:45","modified_gmt":"2024-10-22T14:26:45","slug":"evenements","status":"publish","type":"page","link":"https:\/\/www.atreus.de\/fr\/publications-et-evenements\/evenements\/","title":{"rendered":"\u00c9v\u00e9nements"},"content":{"rendered":"<div  class=\"zw-cgb header-standard-block is-first-block desktop-header-standard mobile-header-standard default-margin black-color content-right content-down zw-atr-portrait-pos-default zw-atr-landscape-pos-default height-small \"><div class=\"row\"><div class=\"zw-cgb-content col-12 mx-auto\"><div  class=\"header-standard-inner-container\"><div class=\"bg-image\"><\/div><div class=\"zw-breadcrumb-container black-color d-md-block d-none\"><nav aria-label=\"breadcrumbs\" class=\"rank-math-breadcrumb\"><p><span class=\"label\">c<\/span> <span class=\"last\">Home<\/span><\/p><\/nav><\/div><div class=\"preheadline-container\"><h1 class=\" zw-cgb headline zw-prevent-animation\">\u00c9v\u00e9nements<\/h1><\/div><\/div><\/div><\/div><\/div>\n\n\n    <div  class=\"zw-cgb  latestPosts default-margin \">\n      <div class=\"row zw-cgb-content\">\n        \n      <div  class=\"zw-cgb latestPostsContent px-0 col-12 col-md-6 col-menu-4 event   show-featured-image \">\n\n\n        <div class=\"image-container single-featured\"><a href = \"https:\/\/www.atreus.de\/fr\/evenement\/academy-coaching-days-2024\/\"><span class=\"copyright-image\"><\/span><img decoding=\"async\" loading=\"lazy\" alt=\"atreus_\" src=\"https:\/\/www.atreus.de\/wp-content\/uploads\/2024\/09\/A.cademy-teaser-4zu3.jpg\" srcset=\"https:\/\/www.atreus.de\/wp-content\/uploads\/2024\/09\/A.cademy-teaser-4zu3.jpg 823w, https:\/\/www.atreus.de\/wp-content\/uploads\/2024\/09\/A.cademy-teaser-4zu3-768x578.jpg 768w, https:\/\/www.atreus.de\/wp-content\/uploads\/2024\/09\/A.cademy-teaser-4zu3-480x361.jpg 480w\" sizes=\"(max-width: 1024px) 100vw, 1024px\" style=\"aspect-ratio:823\/619 !important\" title=\"atreus_\"><\/a><\/div><div class=\"image-container double-featured\"><a href = \"https:\/\/www.atreus.de\/fr\/evenement\/academy-coaching-days-2024\/\"><span class=\"copyright-image\"><\/span><img decoding=\"async\" loading=\"lazy\" alt=\"atreus_\" src=\"https:\/\/www.atreus.de\/wp-content\/uploads\/2024\/09\/A.cademy_Website-teaser-landscape.jpg\" srcset=\"https:\/\/www.atreus.de\/wp-content\/uploads\/2024\/09\/A.cademy_Website-teaser-landscape.jpg 1098w, https:\/\/www.atreus.de\/wp-content\/uploads\/2024\/09\/A.cademy_Website-teaser-landscape-768x288.jpg 768w, https:\/\/www.atreus.de\/wp-content\/uploads\/2024\/09\/A.cademy_Website-teaser-landscape-1024x384.jpg 1024w, https:\/\/www.atreus.de\/wp-content\/uploads\/2024\/09\/A.cademy_Website-teaser-landscape-480x180.jpg 480w\" sizes=\"(max-width: 1024px) 100vw, 1024px\" style=\"aspect-ratio:1098\/412 !important\" title=\"atreus_\"><\/a><\/div>        <div class=\"content-container has-excerpt posttype-event blue-400 white-color\">\n          <div class=\"preheadline-container parent-has-padding\"><p class=\"zw-cgb preheadline\">\u00c9v\u00e9nement pour les managers | 12.05.2026 16:00 &#8211; 18:00<\/p><\/div><a href = \"https:\/\/www.atreus.de\/fr\/evenement\/academy-coaching-days-2024\/\"><h2 class=\" zw-cgb headline\">A\u00b7cademy Coaching Days 2024<\/h2><\/a><p class=\" zw-cgb fulltext\">Journ\u00e9es de coaching A\u00b7cademy 2024 &#8211; des \u00e9v\u00e9nements num\u00e9riques<\/p><div class=\"zw-cgb zw-cgb-button-container \"><a href=\"https:\/\/www.atreus.de\/fr\/evenement\/academy-coaching-days-2024\/\" class=\"zw-cgb btn btn-primary \">Lire la suite<\/a><\/div>        <\/div>\n            <\/div>\n      \n        <\/div>\n    <\/div>\n\n\n\n\n    <div  class=\"zw-cgb  latestPosts default-margin \">\n      <div class=\"row zw-cgb-content\">\n        \n      <div  class=\"zw-cgb latestPostsContent px-0 col-12 col-md-6 col-menu-4 event   show-featured-image \">\n\n\n        <div class=\"image-container single-featured\"><a href = \"https:\/\/www.atreus.de\/fr\/evenement\/table-ronde-le-tournant-energetique-et-ses-consequences\/\"><span class=\"copyright-image\"><\/span><img decoding=\"async\" loading=\"lazy\" alt=\"atreus_\" src=\"https:\/\/www.atreus.de\/wp-content\/uploads\/2023\/08\/teaser-4zu3-20230802-RT-Enrergie-Infr-Grosspr.jpg\" srcset=\"https:\/\/www.atreus.de\/wp-content\/uploads\/2023\/08\/teaser-4zu3-20230802-RT-Enrergie-Infr-Grosspr.jpg 823w, https:\/\/www.atreus.de\/wp-content\/uploads\/2023\/08\/teaser-4zu3-20230802-RT-Enrergie-Infr-Grosspr-768x578.jpg 768w, https:\/\/www.atreus.de\/wp-content\/uploads\/2023\/08\/teaser-4zu3-20230802-RT-Enrergie-Infr-Grosspr-480x361.jpg 480w\" sizes=\"(max-width: 1024px) 100vw, 1024px\" style=\"aspect-ratio:823\/619 !important\" title=\"atreus_\"><\/a><\/div><div class=\"image-container double-featured\"><a href = \"https:\/\/www.atreus.de\/fr\/evenement\/table-ronde-le-tournant-energetique-et-ses-consequences\/\"><span class=\"copyright-image\"><\/span><img decoding=\"async\" loading=\"lazy\" alt=\"atreus_\" src=\"https:\/\/www.atreus.de\/wp-content\/uploads\/2023\/08\/teaser-landscape-20230802-RT-Enrergie-Infr-Grosspr.jpg\" srcset=\"https:\/\/www.atreus.de\/wp-content\/uploads\/2023\/08\/teaser-landscape-20230802-RT-Enrergie-Infr-Grosspr.jpg 1098w, https:\/\/www.atreus.de\/wp-content\/uploads\/2023\/08\/teaser-landscape-20230802-RT-Enrergie-Infr-Grosspr-768x288.jpg 768w, https:\/\/www.atreus.de\/wp-content\/uploads\/2023\/08\/teaser-landscape-20230802-RT-Enrergie-Infr-Grosspr-1024x384.jpg 1024w, https:\/\/www.atreus.de\/wp-content\/uploads\/2023\/08\/teaser-landscape-20230802-RT-Enrergie-Infr-Grosspr-480x180.jpg 480w\" sizes=\"(max-width: 1024px) 100vw, 1024px\" style=\"aspect-ratio:1098\/412 !important\" title=\"atreus_\"><\/a><\/div>        <div class=\"content-container has-excerpt posttype-event blue-900 white-color\">\n          <div class=\"preheadline-container parent-has-padding\"><p class=\"zw-cgb preheadline\">Table ronde | 26.09.2023<\/p><\/div><a href = \"https:\/\/www.atreus.de\/fr\/evenement\/table-ronde-le-tournant-energetique-et-ses-consequences\/\"><h2 class=\" zw-cgb headline\">Table ronde&nbsp;: le tournant \u00e9nerg\u00e9tique et ses cons\u00e9quences<\/h2><\/a><p class=\" zw-cgb fulltext\">L\u2019impact de la transition \u00e9nerg\u00e9tique sur les d\u00e9cisions d\u2019implantation des entreprises en Allemagne est tr\u00e8s important. Le terme de d\u00e9sindustrialisation est d\u2019actualit\u00e9, un d\u00e9bat controvers\u00e9 s\u2019\u00e9l\u00e8ve autour du prix de l\u2019\u00e9lectricit\u00e9 industrielle. Comment assurer la comp\u00e9titivit\u00e9 de l\u2019Allemagne\u00a0?<\/p><div class=\"zw-cgb zw-cgb-button-container \"><a href=\"https:\/\/www.atreus.de\/fr\/evenement\/table-ronde-le-tournant-energetique-et-ses-consequences\/\" class=\"zw-cgb btn btn-primary \">Lire la suite<\/a><\/div>        <\/div>\n            <\/div>\n      \n        <\/div>\n    <\/div>\n\n\n\n\n    <div  class=\"zw-cgb  latestPosts default-margin \">\n      <div class=\"row zw-cgb-content\">\n              <\/div>\n    <\/div>\n\n\n\n\n    <div  class=\"zw-cgb  latestPosts default-margin \">\n      <div class=\"row zw-cgb-content\">\n              <\/div>\n    <\/div>\n\n\n\n\n    <div  class=\"zw-cgb  latestPosts default-margin \">\n      <div class=\"row zw-cgb-content\">\n              <\/div>\n    <\/div>\n\n\n\n\n    <div  class=\"zw-cgb  latestPosts default-margin \">\n      <div class=\"row zw-cgb-content\">\n              <\/div>\n    <\/div>\n\n\n\n\n    <div  class=\"zw-cgb  latestPosts default-margin \">\n      <div class=\"row zw-cgb-content\">\n              <\/div>\n    <\/div>\n\n","protected":false},"excerpt":{"rendered":"<div  class=\"zw-cgb header-standard-block  desktop-header-standard mobile-header-standard default-margin black-color content-right content-down zw-atr-portrait-pos-default zw-atr-landscape-pos-default height-small \">\n<div class=\"row\">\n<div class=\"zw-cgb-content col-12 mx-auto\">\n<div  class=\"header-standard-inner-container\">\n<div class=\"bg-image\"><\/div>\n<div class=\"zw-breadcrumb-container black-color d-md-block d-none\">\n<nav aria-label=\"breadcrumbs\" class=\"rank-math-breadcrumb\">\n<p><span class=\"label\">c<\/span> <span class=\"last\">Home<\/span><\/p>\n<\/nav>\n<\/div>\n<div class=\"preheadline-container\">\n<h2 class=\" zw-cgb headline zw-prevent-animation\">\u00c9v\u00e9nements<\/h2>\n<\/div>\n<\/div>\n<\/div>\n<\/div>\n<\/div>\n","protected":false},"author":1,"featured_media":0,"parent":515553,"menu_order":0,"comment_status":"closed","ping_status":"closed","template":"","meta":{"_relevanssi_hide_post":"","_relevanssi_hide_content":"","_relevanssi_pin_for_all":"","_relevanssi_pin_keywords":"","_relevanssi_unpin_keywords":"","_relevanssi_related_keywords":"","_relevanssi_related_include_ids":"","_relevanssi_related_exclude_ids":"","_relevanssi_related_no_append":"","_relevanssi_related_not_related":"","_relevanssi_related_posts":"524314,524328,524369,524329,524337,524345","_relevanssi_noindex_reason":"","_zw_phone_override":"","footnotes":""},"competences":[],"industry-sectors":[],"class_list":["post-515622","page","type-page","status-publish","hentry"],"_links":{"self":[{"href":"https:\/\/www.atreus.de\/fr\/wp-json\/wp\/v2\/pages\/515622","targetHints":{"allow":["GET"]}}],"collection":[{"href":"https:\/\/www.atreus.de\/fr\/wp-json\/wp\/v2\/pages"}],"about":[{"href":"https:\/\/www.atreus.de\/fr\/wp-json\/wp\/v2\/types\/page"}],"author":[{"embeddable":true,"href":"https:\/\/www.atreus.de\/fr\/wp-json\/wp\/v2\/users\/1"}],"replies":[{"embeddable":true,"href":"https:\/\/www.atreus.de\/fr\/wp-json\/wp\/v2\/comments?post=515622"}],"version-history":[{"count":0,"href":"https:\/\/www.atreus.de\/fr\/wp-json\/wp\/v2\/pages\/515622\/revisions"}],"up":[{"embeddable":true,"href":"https:\/\/www.atreus.de\/fr\/wp-json\/wp\/v2\/pages\/515553"}],"wp:attachment":[{"href":"https:\/\/www.atreus.de\/fr\/wp-json\/wp\/v2\/media?parent=515622"}],"wp:term":[{"taxonomy":"competences","embeddable":true,"href":"https:\/\/www.atreus.de\/fr\/wp-json\/wp\/v2\/competences?post=515622"},{"taxonomy":"industry-sectors","embeddable":true,"href":"https:\/\/www.atreus.de\/fr\/wp-json\/wp\/v2\/industry-sectors?post=515622"}],"curies":[{"name":"wp","href":"https:\/\/api.w.org\/{rel}","templated":true}]}}

Événements

<div  class="zw-cgb header-standard-block is-first-block desktop-header-standard mobile-header-standard default-margin black-color content-right content-down zw-atr-portrait-pos-default zw-atr-landscape-pos-default height-small "><div class="row"><div class="zw-cgb-content col-12 mx-auto"><div  class="header-standard-inner-container"><div class="bg-image"></div><div class="zw-breadcrumb-container black-color d-md-block d-none"><nav aria-label="breadcrumbs" class="rank-math-breadcrumb"><p><span class="label">c</span> <span class="last">Home</span></p></nav></div><div class="preheadline-container"><h1 class=" zw-cgb headline zw-prevent-animation">Événements</h1></div></div></div></div></div>


    <div  class="zw-cgb  latestPosts default-margin ">
      <div class="row zw-cgb-content">
        
      <div  class="zw-cgb latestPostsContent px-0 col-12 col-md-6 col-menu-4 event   show-featured-image ">


        <div class="image-container single-featured"><a href = "https://www.atreus.de/fr/evenement/academy-coaching-days-2024/"><span class="copyright-image"></span><img decoding="async" loading="lazy" alt="atreus_" src="https://www.atreus.de/wp-content/uploads/2024/09/A.cademy-teaser-4zu3.jpg" srcset="https://www.atreus.de/wp-content/uploads/2024/09/A.cademy-teaser-4zu3.jpg 823w, https://www.atreus.de/wp-content/uploads/2024/09/A.cademy-teaser-4zu3-768x578.jpg 768w, https://www.atreus.de/wp-content/uploads/2024/09/A.cademy-teaser-4zu3-480x361.jpg 480w" sizes="(max-width: 1024px) 100vw, 1024px" style="aspect-ratio:823/619 !important" title="atreus_"></a></div><div class="image-container double-featured"><a href = "https://www.atreus.de/fr/evenement/academy-coaching-days-2024/"><span class="copyright-image"></span><img decoding="async" loading="lazy" alt="atreus_" src="https://www.atreus.de/wp-content/uploads/2024/09/A.cademy_Website-teaser-landscape.jpg" srcset="https://www.atreus.de/wp-content/uploads/2024/09/A.cademy_Website-teaser-landscape.jpg 1098w, https://www.atreus.de/wp-content/uploads/2024/09/A.cademy_Website-teaser-landscape-768x288.jpg 768w, https://www.atreus.de/wp-content/uploads/2024/09/A.cademy_Website-teaser-landscape-1024x384.jpg 1024w, https://www.atreus.de/wp-content/uploads/2024/09/A.cademy_Website-teaser-landscape-480x180.jpg 480w" sizes="(max-width: 1024px) 100vw, 1024px" style="aspect-ratio:1098/412 !important" title="atreus_"></a></div>        <div class="content-container has-excerpt posttype-event blue-400 white-color">
          <div class="preheadline-container parent-has-padding"><p class="zw-cgb preheadline">Événement pour les managers | 12.05.2026 16:00 &#8211; 18:00</p></div><a href = "https://www.atreus.de/fr/evenement/academy-coaching-days-2024/"><h2 class=" zw-cgb headline">A·cademy Coaching Days 2024</h2></a><p class=" zw-cgb fulltext">Journées de coaching A·cademy 2024 &#8211; des événements numériques</p><div class="zw-cgb zw-cgb-button-container "><a href="https://www.atreus.de/fr/evenement/academy-coaching-days-2024/" class="zw-cgb btn btn-primary ">Lire la suite</a></div>        </div>
            </div>
      
        </div>
    </div>




    <div  class="zw-cgb  latestPosts default-margin ">
      <div class="row zw-cgb-content">
        
      <div  class="zw-cgb latestPostsContent px-0 col-12 col-md-6 col-menu-4 event   show-featured-image ">


        <div class="image-container single-featured"><a href = "https://www.atreus.de/fr/evenement/table-ronde-le-tournant-energetique-et-ses-consequences/"><span class="copyright-image"></span><img decoding="async" loading="lazy" alt="atreus_" src="https://www.atreus.de/wp-content/uploads/2023/08/teaser-4zu3-20230802-RT-Enrergie-Infr-Grosspr.jpg" srcset="https://www.atreus.de/wp-content/uploads/2023/08/teaser-4zu3-20230802-RT-Enrergie-Infr-Grosspr.jpg 823w, https://www.atreus.de/wp-content/uploads/2023/08/teaser-4zu3-20230802-RT-Enrergie-Infr-Grosspr-768x578.jpg 768w, https://www.atreus.de/wp-content/uploads/2023/08/teaser-4zu3-20230802-RT-Enrergie-Infr-Grosspr-480x361.jpg 480w" sizes="(max-width: 1024px) 100vw, 1024px" style="aspect-ratio:823/619 !important" title="atreus_"></a></div><div class="image-container double-featured"><a href = "https://www.atreus.de/fr/evenement/table-ronde-le-tournant-energetique-et-ses-consequences/"><span class="copyright-image"></span><img decoding="async" loading="lazy" alt="atreus_" src="https://www.atreus.de/wp-content/uploads/2023/08/teaser-landscape-20230802-RT-Enrergie-Infr-Grosspr.jpg" srcset="https://www.atreus.de/wp-content/uploads/2023/08/teaser-landscape-20230802-RT-Enrergie-Infr-Grosspr.jpg 1098w, https://www.atreus.de/wp-content/uploads/2023/08/teaser-landscape-20230802-RT-Enrergie-Infr-Grosspr-768x288.jpg 768w, https://www.atreus.de/wp-content/uploads/2023/08/teaser-landscape-20230802-RT-Enrergie-Infr-Grosspr-1024x384.jpg 1024w, https://www.atreus.de/wp-content/uploads/2023/08/teaser-landscape-20230802-RT-Enrergie-Infr-Grosspr-480x180.jpg 480w" sizes="(max-width: 1024px) 100vw, 1024px" style="aspect-ratio:1098/412 !important" title="atreus_"></a></div>        <div class="content-container has-excerpt posttype-event blue-900 white-color">
          <div class="preheadline-container parent-has-padding"><p class="zw-cgb preheadline">Table ronde | 26.09.2023</p></div><a href = "https://www.atreus.de/fr/evenement/table-ronde-le-tournant-energetique-et-ses-consequences/"><h2 class=" zw-cgb headline">Table ronde&nbsp;: le tournant énergétique et ses conséquences</h2></a><p class=" zw-cgb fulltext">L’impact de la transition énergétique sur les décisions d’implantation des entreprises en Allemagne est très important. Le terme de désindustrialisation est d’actualité, un débat controversé s’élève autour du prix de l’électricité industrielle. Comment assurer la compétitivité de l’Allemagne ?</p><div class="zw-cgb zw-cgb-button-container "><a href="https://www.atreus.de/fr/evenement/table-ronde-le-tournant-energetique-et-ses-consequences/" class="zw-cgb btn btn-primary ">Lire la suite</a></div>        </div>
            </div>
      
        </div>
    </div>




    <div  class="zw-cgb  latestPosts default-margin ">
      <div class="row zw-cgb-content">
              </div>
    </div>




    <div  class="zw-cgb  latestPosts default-margin ">
      <div class="row zw-cgb-content">
              </div>
    </div>




    <div  class="zw-cgb  latestPosts default-margin ">
      <div class="row zw-cgb-content">
              </div>
    </div>




    <div  class="zw-cgb  latestPosts default-margin ">
      <div class="row zw-cgb-content">
              </div>
    </div>




    <div  class="zw-cgb  latestPosts default-margin ">
      <div class="row zw-cgb-content">
              </div>
    </div>

<div  class="zw-cgb header-standard-block  desktop-header-standard mobile-header-standard default-margin black-color content-right content-down zw-atr-portrait-pos-default zw-atr-landscape-pos-default height-small ">
<div class="row">
<div class="zw-cgb-content col-12 mx-auto">
<div  class="header-standard-inner-container">
<div class="bg-image"></div>
<div class="zw-breadcrumb-container black-color d-md-block d-none">
<nav aria-label="breadcrumbs" class="rank-math-breadcrumb">
<p><span class="label">c</span> <span class="last">Home</span></p>
</nav>
</div>
<div class="preheadline-container">
<h2 class=" zw-cgb headline zw-prevent-animation">Événements</h2>
</div>
</div>
</div>
</div>
</div>
