{"id":515674,"date":"2022-03-17T08:43:43","date_gmt":"2022-03-17T07:43:43","guid":{"rendered":"https:\/\/www.atreus.de\/?post_type=publication&#038;p=515674"},"modified":"2024-10-28T09:16:44","modified_gmt":"2024-10-28T08:16:44","slug":"optimisation-de-la-production-dans-une-entreprise-chimique-de-taille-moyenne-en-allemagne","status":"publish","type":"publication","link":"https:\/\/www.atreus.de\/fr\/publication\/etude-de-cas\/optimisation-de-la-production-dans-une-entreprise-chimique-de-taille-moyenne-en-allemagne\/","title":{"rendered":"Optimisation de la production dans une entreprise chimique de taille moyenne en Allemagne"},"content":{"rendered":"<div  class=\"zw-cgb header-standard-block is-first-block desktop-has-image mobile-has-image default-margin white-color content-left content-down zw-atr-portrait-pos-default zw-atr-landscape-pos-default height-default \"><div class=\"row\"><div class=\"zw-cgb-content col-12 mx-auto\"><div  class=\"header-standard-inner-container\"><div class=\"bg-image\"><span class=\"copyright-image d-none d-lg-block\">\u00a9 littlewolf1989 \u2013 stock.adobe.com<\/span><img decoding=\"async\" class=\"respnsive-img d-none d-lg-block\" loading=\"lazy\" alt=\"atreus_\" src=\"https:\/\/www.atreus.de\/wp-content\/uploads\/2022\/03\/header-4.jpg\" srcset=\"https:\/\/www.atreus.de\/wp-content\/uploads\/2022\/03\/header-4.jpg 1920w, https:\/\/www.atreus.de\/wp-content\/uploads\/2022\/03\/header-4-768x432.jpg 768w, https:\/\/www.atreus.de\/wp-content\/uploads\/2022\/03\/header-4-1024x576.jpg 1024w, https:\/\/www.atreus.de\/wp-content\/uploads\/2022\/03\/header-4-480x270.jpg 480w, https:\/\/www.atreus.de\/wp-content\/uploads\/2022\/03\/header-4-1440x810.jpg 1440w\" sizes=\"(max-width: 1920px) 100vw, 1920px\" style=\"aspect-ratio:1920\/1080 !important\" title=\"atreus_\"><span class=\"copyright-image d-lg-none d-block\">\u00a9 littlewolf1989 \u2013 stock.adobe.com<\/span><img decoding=\"async\" class=\"responsive-img d-lg-none d-block\" loading=\"lazy\" alt=\"atreus_\" src=\"https:\/\/www.atreus.de\/wp-content\/uploads\/2022\/03\/teaser-img-fuer-2-und-3-spalter-5.jpg\" srcset=\"https:\/\/www.atreus.de\/wp-content\/uploads\/2022\/03\/teaser-img-fuer-2-und-3-spalter-5.jpg 823w, https:\/\/www.atreus.de\/wp-content\/uploads\/2022\/03\/teaser-img-fuer-2-und-3-spalter-5-768x578.jpg 768w, https:\/\/www.atreus.de\/wp-content\/uploads\/2022\/03\/teaser-img-fuer-2-und-3-spalter-5-480x361.jpg 480w\" sizes=\"(max-width: 1024px) 100vw, 1024px\" style=\"aspect-ratio:823\/619 !important\" title=\"atreus_\"><\/div><div class=\"preheadline-container\"><div class=\"zw-breadcrumb-container black-color d-md-down-none\"><\/div><p class=\" zw-cgb preheadline zw-prevent-animation\">\u00c9tude de cas<\/p><h1 class=\" zw-cgb headline zw-prevent-animation\">Optimisation de la production dans une entreprise chimique de taille moyenne en Allemagne<\/h1><\/div><\/div><\/div><\/div><\/div><div class=\"zw-breadcrumb-container black-color d-none d-md-down-block\"><nav aria-label=\"breadcrumbs\" class=\"rank-math-breadcrumb\"><p><span class=\"label\">c<\/span> <a href=\"https:\/\/www.atreus.de\/fr\">Home<\/a><span class=\"separator\"> c <\/span><a href=\"https:\/\/www.atreus.de\/fr\/publications-et-evenements\/mediatheque\/\">Publications<\/a><span class=\"separator\"> c <\/span><span class=\"last\"><\/span><\/p><\/nav><\/div>\n\n    <div  class=\"zw-cgb    infoblock default-margin black-color  \">\n      <div class=\" row\">\n        <div class=\"zw-cgb-content has-padding col-12\">\n          <div class=\"inner-content parent-has-padding\"><p class=\" zw-cgb fulltext \">Pour optimiser la production, Atreus a mis en place un tableau de planification num\u00e9rique, a cr\u00e9\u00e9 une \u00e9quipe d\u2019excellence op\u00e9rationnelle et a obtenu une am\u00e9lioration de l\u2019EBITDA de plus de 5&nbsp;millions d\u2019euros gr\u00e2ce \u00e0 plus de 35&nbsp;nouveaux projets.<\/p><div class=\"link-container\"><\/div><\/div>        <\/div>\n      <\/div>\n    <\/div>\n\n\n\n<div style=\"height:100px\" aria-hidden=\"true\" class=\"wp-block-spacer is-style-zw-default-color-400\"><\/div>\n\n\n<div  class=\"zw-cgb row  columnmaster020 default-margin \"><div class=\"columnmaster-inner-content g-0\">    <div  class=\"zw-cgb no-image-layout columnblock black-color has-icon   \">\n      <div class=\"zw-cgb zw-cgb-content\">\n\n        <div class=\"column-content\"><div class=\"inner-content\"><div class=\"icon-container\"><span class=\"atr-icon\">q<\/span><h2 class=\" zw-cgb headline h4\">D\u00e9tails de l\u2019entreprise<\/h2><\/div><ul class=\"zw-cgb-ul fulltext \"><li class=\"\">Fabricants de pigments, de polym\u00e8res, de produits agricoles, de pr\u00e9curseurs pharmaceutiques et d\u2019API<\/li><li class=\"\">GmbH (S\u00c0RL) avec un chiffre d\u2019affaires de 110&nbsp;millions d\u2019euros et 450&nbsp;collaborateurs sur 3&nbsp;sites \u00e0 Francfort\/Main<\/li><li class=\"\">70&nbsp;% de sous-traitance pour des tiers, 30&nbsp;% de commercialisation de ses propres produits<\/li><\/ul><\/div><\/div>      <\/div>\n    <\/div>\n    <div  class=\"zw-cgb no-image-layout columnblock black-color has-icon   \">\n      <div class=\"zw-cgb zw-cgb-content\">\n\n        <div class=\"column-content\"><div class=\"inner-content\"><div class=\"icon-container\"><span class=\"atr-icon\">p<\/span><h2 class=\" zw-cgb headline h4\">Situation et d\u00e9fi<\/h2><\/div><ul class=\"zw-cgb-ul fulltext \"><li class=\"\">Efficacit\u00e9 trop faible dans les op\u00e9rations&nbsp;; portefeuille de produits mal tri\u00e9 <\/li><li class=\"\">Stocks trop importants, en particulier pour les produits interm\u00e9diaires <\/li><li class=\"\">Manque d\u2019orientation march\u00e9\/client<\/li><\/ul><\/div><\/div>      <\/div>\n    <\/div>\n    <div  class=\"zw-cgb no-image-layout columnblock black-color has-icon   \">\n      <div class=\"zw-cgb zw-cgb-content\">\n\n        <div class=\"column-content\"><div class=\"inner-content\"><div class=\"icon-container\"><span class=\"atr-icon\">m<\/span><h2 class=\" zw-cgb headline h4\">Objectif et mission<\/h2><\/div><ul class=\"zw-cgb-ul fulltext \"><li class=\"\">V\u00e9rification des proc\u00e9d\u00e9s des dix meilleurs produits<\/li><li class=\"\">Atteindre un EBITDA sup\u00e9rieur \u00e0 15&nbsp;% (contre 8&nbsp;% auparavant)<\/li><li class=\"\">Mettre en place des processus durables <\/li><\/ul><\/div><\/div>      <\/div>\n    <\/div>\n<\/div><\/div>\n\n\n<div style=\"height:100px\" aria-hidden=\"true\" class=\"wp-block-spacer is-style-zw-default-color-400\"><\/div>\n\n\n<div id=\"parent74233\"class=\"zw-cgb halb-halb-headline-text-block-135 default-margin \"><div class=\"row\">    <!--  block -->\n    <div class=\"half-content has-padding col-lg-6 col-12 leftBlock order-1 primary white-color has-icon has-headline \"><div class=\"icon-container\"><span class=\"atr-icon\">n<\/span><h2 class=\" zw-cgb headline\">Mesures et approche<\/h2><\/div><div class=\"content-container\"><div class=\"inner-content parent-has-padding\"><ul class=\"zw-cgb-ul fulltext \"><li class=\"\">Examen de tous les produits quant \u00e0 leur potentiel d\u2019am\u00e9lioration de l\u2019efficacit\u00e9<\/li><li class=\"\">Mise en \u0153uvre d\u2019un tableau de planification num\u00e9rique (OR-Soft)<\/li><li class=\"\">Mise en place d\u2019une \u00e9quipe OpEx (Operational Excellence) en tant que moteur et ma\u00eetre pour toutes les am\u00e9liorations (35 nouveaux projets) <\/li><\/ul><div class=\"link-container\"><\/div><\/div><\/div><\/div>    <!--  block -->\n    <div class=\"half-content has-padding col-lg-6 col-12 rightBlock order-2 blue-600 white-color has-icon has-headline \"><div class=\"icon-container\"><span class=\"atr-icon\">x<\/span><h2 class=\" zw-cgb headline\">R\u00e9sultats et succ\u00e8s<\/h2><\/div><div class=\"content-container\"><div class=\"inner-content parent-has-padding\"><ul class=\"zw-cgb-ul fulltext \"><li class=\"\">EBITDA (2018) sup\u00e9rieur \u00e0 17&nbsp;%<\/li><li class=\"\">R\u00e9duction des stocks de &gt; 1&nbsp;million d\u2019euros<\/li><li class=\"\">Cr\u00e9ation d\u2019une base pour de nouveaux gains d\u2019efficacit\u00e9 (feuille de route pour le nouveau Directeur des op\u00e9rations)<\/li><li class=\"\">Mise en place d\u2019une organisation ax\u00e9e sur le client et la performance<\/li><\/ul><div class=\"link-container\"><\/div><\/div><\/div><\/div><\/div><\/div>\n\n\n<div class=\"wp-block-group is-layout-flow wp-block-group-is-layout-flow\">\n<div class=\"wp-block-columns is-layout-flex wp-container-core-columns-is-layout-1 wp-block-columns-is-layout-flex\">\n<div class=\"wp-block-column is-layout-flow wp-block-column-is-layout-flow\" style=\"flex-basis:100%\"><\/div>\n<\/div>\n<\/div>\n\n\n\n<div style=\"height:100px\" aria-hidden=\"true\" class=\"wp-block-spacer is-style-zw-default-color-400\"><\/div>\n\n\n<div  class=\"zw-cgb  sidebarblock default-margin \">\r\n      <div class=\"row\">\r\n        \r\n\t\t<div class=\"zw-cgb global-widget center  black-color  no-margin\">\r\n\t\t\t\t\t\t\t<div class=\"bg-img-container\">\r\n\t\t\t\t\t<img decoding=\"async\" loading=\"lazy\" width=\"1920\" height=\"720\" src=\"https:\/\/www.atreus.de\/wp-content\/uploads\/2022\/03\/widget-kombimodell.jpg\" style=\"aspect-ratio:1920\/720 !important\" alt=\"atreus_\" title=\"atreus_\">\t\t\t\t<\/div>\r\n\t\t\t\t\t\t<div class=\"inner-container bg-white\">\r\n\t\t\t\t      <div class=\"headlinetwo-container\">\r\n\t\t<p class=\"zw-cgb headline two\">Le mod\u00e8le combin\u00e9 Atreus<\/p>\r\n\t  <\/div> \t\t\t\t<div class=\"widget-content fulltext\">\r\n\r\n\t\t\t\t\t\t<p><span class=\"TextRun SCXW187864491 BCX8\" lang=\"FR-FR\" xml:lang=\"FR-FR\" data-contrast=\"auto\"><span class=\"NormalTextRun SCXW187864491 BCX8\">Une offre int\u00e9gr\u00e9e de management <\/span><span class=\"NormalTextRun SCXW187864491 BCX8\">de transition<\/span><span class=\"NormalTextRun SCXW187864491 BCX8\"> et de recherche de cadres n<\/span><span class=\"NormalTextRun SCXW187864491 BCX8\">\u2019<\/span><span class=\"NormalTextRun SCXW187864491 BCX8\">offre tout simplement que des avantages !<\/span><\/span><span class=\"EOP SCXW187864491 BCX8\" data-ccp-props=\"{\">\u00a0<\/span><\/p>\n\r\n\r\n\t\t\t\t<\/div>\r\n\t\t\t\t\t\t\t\t\r\n\t\t\t\t<div class=\"zw-cgb zw-cgb-button-container\">\r\n\t\t\t\t\t<a href=\"https:\/\/www.atreus.de\/fr\/competences\/service\/modele-combine-interim-et-executive-search\/\" class=\"zw-cgb btn btn-primary\">EN SAVOIR PLUS<\/a>\r\n\t\t\t\t<\/div>\r\n\t\t\t\t\t\t\t<\/div>\r\n\t\t<\/div>\r\n\t<\/div><\/div>    \n\n\n<div style=\"height:100px\" aria-hidden=\"true\" class=\"wp-block-spacer is-style-zw-default-color-400\"><\/div>\n","protected":false},"author":6,"featured_media":529318,"menu_order":0,"template":"","newsticker-publication":[],"competences":[633],"industry-sectors":[695],"region-publication":[],"typ-publication":[635],"category-publication":[],"class_list":["post-515674","publication","type-publication","status-publish","has-post-thumbnail","hentry","competences-operations-fr","industry-sectors-chimie","typ-publication-etude-de-cas"],"_links":{"self":[{"href":"https:\/\/www.atreus.de\/fr\/wp-json\/wp\/v2\/publication\/515674","targetHints":{"allow":["GET"]}}],"collection":[{"href":"https:\/\/www.atreus.de\/fr\/wp-json\/wp\/v2\/publication"}],"about":[{"href":"https:\/\/www.atreus.de\/fr\/wp-json\/wp\/v2\/types\/publication"}],"author":[{"embeddable":true,"href":"https:\/\/www.atreus.de\/fr\/wp-json\/wp\/v2\/users\/6"}],"version-history":[{"count":0,"href":"https:\/\/www.atreus.de\/fr\/wp-json\/wp\/v2\/publication\/515674\/revisions"}],"wp:featuredmedia":[{"embeddable":true,"href":"https:\/\/www.atreus.de\/fr\/wp-json\/wp\/v2\/media\/529318"}],"wp:attachment":[{"href":"https:\/\/www.atreus.de\/fr\/wp-json\/wp\/v2\/media?parent=515674"}],"wp:term":[{"taxonomy":"newsticker-publication","embeddable":true,"href":"https:\/\/www.atreus.de\/fr\/wp-json\/wp\/v2\/newsticker-publication?post=515674"},{"taxonomy":"competences","embeddable":true,"href":"https:\/\/www.atreus.de\/fr\/wp-json\/wp\/v2\/competences?post=515674"},{"taxonomy":"industry-sectors","embeddable":true,"href":"https:\/\/www.atreus.de\/fr\/wp-json\/wp\/v2\/industry-sectors?post=515674"},{"taxonomy":"region-publication","embeddable":true,"href":"https:\/\/www.atreus.de\/fr\/wp-json\/wp\/v2\/region-publication?post=515674"},{"taxonomy":"typ-publication","embeddable":true,"href":"https:\/\/www.atreus.de\/fr\/wp-json\/wp\/v2\/typ-publication?post=515674"},{"taxonomy":"category-publication","embeddable":true,"href":"https:\/\/www.atreus.de\/fr\/wp-json\/wp\/v2\/category-publication?post=515674"}],"curies":[{"name":"wp","href":"https:\/\/api.w.org\/{rel}","templated":true}]}}

<div  class="zw-cgb header-standard-block is-first-block desktop-has-image mobile-has-image default-margin white-color content-left content-down zw-atr-portrait-pos-default zw-atr-landscape-pos-default height-default "><div class="row"><div class="zw-cgb-content col-12 mx-auto"><div  class="header-standard-inner-container"><div class="bg-image"><span class="copyright-image d-none d-lg-block">© littlewolf1989 – stock.adobe.com</span><img decoding="async" class="respnsive-img d-none d-lg-block" loading="lazy" alt="atreus_" src="https://www.atreus.de/wp-content/uploads/2022/03/header-4.jpg" srcset="https://www.atreus.de/wp-content/uploads/2022/03/header-4.jpg 1920w, https://www.atreus.de/wp-content/uploads/2022/03/header-4-768x432.jpg 768w, https://www.atreus.de/wp-content/uploads/2022/03/header-4-1024x576.jpg 1024w, https://www.atreus.de/wp-content/uploads/2022/03/header-4-480x270.jpg 480w, https://www.atreus.de/wp-content/uploads/2022/03/header-4-1440x810.jpg 1440w" sizes="(max-width: 1920px) 100vw, 1920px" style="aspect-ratio:1920/1080 !important" title="atreus_"><span class="copyright-image d-lg-none d-block">© littlewolf1989 – stock.adobe.com</span><img decoding="async" class="responsive-img d-lg-none d-block" loading="lazy" alt="atreus_" src="https://www.atreus.de/wp-content/uploads/2022/03/teaser-img-fuer-2-und-3-spalter-5.jpg" srcset="https://www.atreus.de/wp-content/uploads/2022/03/teaser-img-fuer-2-und-3-spalter-5.jpg 823w, https://www.atreus.de/wp-content/uploads/2022/03/teaser-img-fuer-2-und-3-spalter-5-768x578.jpg 768w, https://www.atreus.de/wp-content/uploads/2022/03/teaser-img-fuer-2-und-3-spalter-5-480x361.jpg 480w" sizes="(max-width: 1024px) 100vw, 1024px" style="aspect-ratio:823/619 !important" title="atreus_"></div><div class="preheadline-container"><div class="zw-breadcrumb-container black-color d-md-down-none"></div><p class=" zw-cgb preheadline zw-prevent-animation">Étude de cas</p><h1 class=" zw-cgb headline zw-prevent-animation">Optimisation de la production dans une entreprise chimique de taille moyenne en Allemagne</h1></div></div></div></div></div><div class="zw-breadcrumb-container black-color d-none d-md-down-block"><nav aria-label="breadcrumbs" class="rank-math-breadcrumb"><p><span class="label">c</span> <a href="https://www.atreus.de/fr">Home</a><span class="separator"> c </span><a href="https://www.atreus.de/fr/publications-et-evenements/mediatheque/">Publications</a><span class="separator"> c </span><span class="last"></span></p></nav></div>

    <div  class="zw-cgb    infoblock default-margin black-color  ">
      <div class=" row">
        <div class="zw-cgb-content has-padding col-12">
          <div class="inner-content parent-has-padding"><p class=" zw-cgb fulltext ">Pour optimiser la production, Atreus a mis en place un tableau de planification numérique, a créé une équipe d’excellence opérationnelle et a obtenu une amélioration de l’EBITDA de plus de 5&nbsp;millions d’euros grâce à plus de 35&nbsp;nouveaux projets.</p><div class="link-container"></div></div>        </div>
      </div>
    </div>



<div style="height:100px" aria-hidden="true" class="wp-block-spacer is-style-zw-default-color-400"></div>


<div  class="zw-cgb row  columnmaster020 default-margin "><div class="columnmaster-inner-content g-0">    <div  class="zw-cgb no-image-layout columnblock black-color has-icon   ">
      <div class="zw-cgb zw-cgb-content">

        <div class="column-content"><div class="inner-content"><div class="icon-container"><span class="atr-icon">q</span><h2 class=" zw-cgb headline h4">Détails de l’entreprise</h2></div><ul class="zw-cgb-ul fulltext "><li class="">Fabricants de pigments, de polymères, de produits agricoles, de précurseurs pharmaceutiques et d’API</li><li class="">GmbH (SÀRL) avec un chiffre d’affaires de 110&nbsp;millions d’euros et 450&nbsp;collaborateurs sur 3&nbsp;sites à Francfort/Main</li><li class="">70&nbsp;% de sous-traitance pour des tiers, 30&nbsp;% de commercialisation de ses propres produits</li></ul></div></div>      </div>
    </div>
    <div  class="zw-cgb no-image-layout columnblock black-color has-icon   ">
      <div class="zw-cgb zw-cgb-content">

        <div class="column-content"><div class="inner-content"><div class="icon-container"><span class="atr-icon">p</span><h2 class=" zw-cgb headline h4">Situation et défi</h2></div><ul class="zw-cgb-ul fulltext "><li class="">Efficacité trop faible dans les opérations&nbsp;; portefeuille de produits mal trié </li><li class="">Stocks trop importants, en particulier pour les produits intermédiaires </li><li class="">Manque d’orientation marché/client</li></ul></div></div>      </div>
    </div>
    <div  class="zw-cgb no-image-layout columnblock black-color has-icon   ">
      <div class="zw-cgb zw-cgb-content">

        <div class="column-content"><div class="inner-content"><div class="icon-container"><span class="atr-icon">m</span><h2 class=" zw-cgb headline h4">Objectif et mission</h2></div><ul class="zw-cgb-ul fulltext "><li class="">Vérification des procédés des dix meilleurs produits</li><li class="">Atteindre un EBITDA supérieur à 15&nbsp;% (contre 8&nbsp;% auparavant)</li><li class="">Mettre en place des processus durables </li></ul></div></div>      </div>
    </div>
</div></div>


<div style="height:100px" aria-hidden="true" class="wp-block-spacer is-style-zw-default-color-400"></div>


<div id="parent74233"class="zw-cgb halb-halb-headline-text-block-135 default-margin "><div class="row">    <!--  block -->
    <div class="half-content has-padding col-lg-6 col-12 leftBlock order-1 primary white-color has-icon has-headline "><div class="icon-container"><span class="atr-icon">n</span><h2 class=" zw-cgb headline">Mesures et approche</h2></div><div class="content-container"><div class="inner-content parent-has-padding"><ul class="zw-cgb-ul fulltext "><li class="">Examen de tous les produits quant à leur potentiel d’amélioration de l’efficacité</li><li class="">Mise en œuvre d’un tableau de planification numérique (OR-Soft)</li><li class="">Mise en place d’une équipe OpEx (Operational Excellence) en tant que moteur et maître pour toutes les améliorations (35 nouveaux projets) </li></ul><div class="link-container"></div></div></div></div>    <!--  block -->
    <div class="half-content has-padding col-lg-6 col-12 rightBlock order-2 blue-600 white-color has-icon has-headline "><div class="icon-container"><span class="atr-icon">x</span><h2 class=" zw-cgb headline">Résultats et succès</h2></div><div class="content-container"><div class="inner-content parent-has-padding"><ul class="zw-cgb-ul fulltext "><li class="">EBITDA (2018) supérieur à 17&nbsp;%</li><li class="">Réduction des stocks de &gt; 1&nbsp;million d’euros</li><li class="">Création d’une base pour de nouveaux gains d’efficacité (feuille de route pour le nouveau Directeur des opérations)</li><li class="">Mise en place d’une organisation axée sur le client et la performance</li></ul><div class="link-container"></div></div></div></div></div></div>


<div class="wp-block-group is-layout-flow wp-block-group-is-layout-flow">
<div class="wp-block-columns is-layout-flex wp-container-core-columns-is-layout-1 wp-block-columns-is-layout-flex">
<div class="wp-block-column is-layout-flow wp-block-column-is-layout-flow" style="flex-basis:100%"></div>
</div>
</div>



<div style="height:100px" aria-hidden="true" class="wp-block-spacer is-style-zw-default-color-400"></div>


<div  class="zw-cgb  sidebarblock default-margin ">
      <div class="row">
        
		<div class="zw-cgb global-widget center  black-color  no-margin">
							<div class="bg-img-container">
					<img decoding="async" loading="lazy" width="1920" height="720" src="https://www.atreus.de/wp-content/uploads/2022/03/widget-kombimodell.jpg" style="aspect-ratio:1920/720 !important" alt="atreus_" title="atreus_">				</div>
						<div class="inner-container bg-white">
				      <div class="headlinetwo-container">
		<p class="zw-cgb headline two">Le modèle combiné Atreus</p>
	  </div> 				<div class="widget-content fulltext">

						<p><span class="TextRun SCXW187864491 BCX8" lang="FR-FR" xml:lang="FR-FR" data-contrast="auto"><span class="NormalTextRun SCXW187864491 BCX8">Une offre intégrée de management </span><span class="NormalTextRun SCXW187864491 BCX8">de transition</span><span class="NormalTextRun SCXW187864491 BCX8"> et de recherche de cadres n</span><span class="NormalTextRun SCXW187864491 BCX8">’</span><span class="NormalTextRun SCXW187864491 BCX8">offre tout simplement que des avantages !</span></span><span class="EOP SCXW187864491 BCX8" data-ccp-props="{"> </span></p>


				</div>
								
				<div class="zw-cgb zw-cgb-button-container">
					<a href="https://www.atreus.de/fr/competences/service/modele-combine-interim-et-executive-search/" class="zw-cgb btn btn-primary">EN SAVOIR PLUS</a>
				</div>
							</div>
		</div>
	</div></div>    


<div style="height:100px" aria-hidden="true" class="wp-block-spacer is-style-zw-default-color-400"></div>
