{"id":515696,"date":"2022-03-17T09:11:05","date_gmt":"2022-03-17T08:11:05","guid":{"rendered":"https:\/\/www.atreus.de\/?post_type=publication&#038;p=515696"},"modified":"2024-10-28T09:09:12","modified_gmt":"2024-10-28T08:09:12","slug":"restructuration-dun-fabricant-de-produits-pharmaceutiques-en-italie","status":"publish","type":"publication","link":"https:\/\/www.atreus.de\/fr\/publication\/etude-de-cas\/restructuration-dun-fabricant-de-produits-pharmaceutiques-en-italie\/","title":{"rendered":"Restructuration d\u2019un fabricant de produits pharmaceutiques en Italie"},"content":{"rendered":"<div  class=\"zw-cgb header-standard-block is-first-block desktop-has-image mobile-has-image default-margin white-color content-left content-down zw-atr-portrait-pos-default zw-atr-landscape-pos-default height-default \"><div class=\"row\"><div class=\"zw-cgb-content col-12 mx-auto\"><div  class=\"header-standard-inner-container\"><div class=\"bg-image\"><span class=\"copyright-image d-none d-lg-block\">\u00a9 Ivan Traimak  \u2013 stock.adobe.com<\/span><img decoding=\"async\" class=\"respnsive-img d-none d-lg-block\" loading=\"lazy\" alt=\"atreus_\" src=\"https:\/\/www.atreus.de\/wp-content\/uploads\/2022\/03\/header-6.jpg\" srcset=\"https:\/\/www.atreus.de\/wp-content\/uploads\/2022\/03\/header-6.jpg 1920w, https:\/\/www.atreus.de\/wp-content\/uploads\/2022\/03\/header-6-768x432.jpg 768w, https:\/\/www.atreus.de\/wp-content\/uploads\/2022\/03\/header-6-1024x576.jpg 1024w, https:\/\/www.atreus.de\/wp-content\/uploads\/2022\/03\/header-6-480x270.jpg 480w, https:\/\/www.atreus.de\/wp-content\/uploads\/2022\/03\/header-6-1440x810.jpg 1440w\" sizes=\"(max-width: 1920px) 100vw, 1920px\" style=\"aspect-ratio:1920\/1080 !important\" title=\"atreus_\"><span class=\"copyright-image d-lg-none d-block\">\u00a9 Ivan Traimak  \u2013 stock.adobe.com<\/span><img decoding=\"async\" class=\"responsive-img d-lg-none d-block\" loading=\"lazy\" alt=\"atreus_\" src=\"https:\/\/www.atreus.de\/wp-content\/uploads\/2022\/03\/TEASER3-10.jpg\" srcset=\"https:\/\/www.atreus.de\/wp-content\/uploads\/2022\/03\/TEASER3-10.jpg 823w, https:\/\/www.atreus.de\/wp-content\/uploads\/2022\/03\/TEASER3-10-768x578.jpg 768w, https:\/\/www.atreus.de\/wp-content\/uploads\/2022\/03\/TEASER3-10-480x361.jpg 480w\" sizes=\"(max-width: 1024px) 100vw, 1024px\" style=\"aspect-ratio:823\/619 !important\" title=\"atreus_\"><\/div><div class=\"preheadline-container\"><div class=\"zw-breadcrumb-container black-color d-md-down-none\"><\/div><p class=\" zw-cgb preheadline zw-prevent-animation\">\u00c9tude de cas<\/p><h1 class=\" zw-cgb headline zw-prevent-animation\">Restructuration d\u2019un fabricant de produits pharmaceutiques en Italie<\/h1><\/div><\/div><\/div><\/div><\/div><div class=\"zw-breadcrumb-container black-color d-none d-md-down-block\"><nav aria-label=\"breadcrumbs\" class=\"rank-math-breadcrumb\"><p><span class=\"label\">c<\/span> <a href=\"https:\/\/www.atreus.de\/fr\">Home<\/a><span class=\"separator\"> c <\/span><a href=\"https:\/\/www.atreus.de\/fr\/publications-et-evenements\/mediatheque\/\">Publications<\/a><span class=\"separator\"> c <\/span><span class=\"last\"><\/span><\/p><\/nav><\/div>\n\n    <div  class=\"zw-cgb    infoblock default-margin black-color  \">\n      <div class=\" row\">\n        <div class=\"zw-cgb-content has-padding col-12\">\n          <div class=\"inner-content parent-has-padding\"><p class=\" zw-cgb fulltext \">Le manager d\u2019Atreus a obtenu une r\u00e9duction de la dette de 50&nbsp;%, a pu augmenter le chiffre d\u2019affaires de 25 millions d\u2019euros en ren\u00e9gociant avec le client et a \u00e9t\u00e9 embauch\u00e9 en CDI au bout de six mois.<\/p><div class=\"link-container\"><\/div><\/div>        <\/div>\n      <\/div>\n    <\/div>\n\n\n\n<div style=\"height:100px\" aria-hidden=\"true\" class=\"wp-block-spacer is-style-zw-default-color-400\"><\/div>\n\n\n<div  class=\"zw-cgb row  columnmaster020 default-margin \"><div class=\"columnmaster-inner-content g-0\">    <div  class=\"zw-cgb no-image-layout columnblock black-color has-icon   \">\n      <div class=\"zw-cgb zw-cgb-content\">\n\n        <div class=\"column-content\"><div class=\"inner-content\"><div class=\"icon-container\"><span class=\"atr-icon\">q<\/span><h2 class=\" zw-cgb headline h4\">D\u00e9tails de l\u2019entreprise<\/h2><\/div><ul class=\"zw-cgb-ul fulltext \"><li class=\"\">Fabricant sous contrat pharmaceutique en Italie<\/li><li class=\"\">550 employ\u00e9s doivent r\u00e9aliser un chiffre d\u2019affaires de 85 millions d\u2019euros<\/li><\/ul><\/div><\/div>      <\/div>\n    <\/div>\n    <div  class=\"zw-cgb no-image-layout columnblock black-color has-icon   \">\n      <div class=\"zw-cgb zw-cgb-content\">\n\n        <div class=\"column-content\"><div class=\"inner-content\"><div class=\"icon-container\"><span class=\"atr-icon\">p<\/span><h2 class=\" zw-cgb headline h4\">Situation et d\u00e9fi<\/h2><\/div><ul class=\"zw-cgb-ul fulltext \"><li class=\"\">Baisse du chiffre d\u2019affaires \u00e0 55 millions d\u2019euros, restructuration n\u00e9cessaire<\/li><li class=\"\">Pas de plan de restructuration substantiel<\/li><li class=\"\">N\u00e9gociations pr\u00e9alables avec les syndicats italiens sans accord<\/li><li class=\"\">Des actionnaires de capital-investissement m\u00e9contents<\/li><li class=\"\">Une \u00e9quipe peu motiv\u00e9e, mauvaise gestion sur place<\/li><\/ul><\/div><\/div>      <\/div>\n    <\/div>\n    <div  class=\"zw-cgb no-image-layout columnblock black-color has-icon   \">\n      <div class=\"zw-cgb zw-cgb-content\">\n\n        <div class=\"column-content\"><div class=\"inner-content\"><div class=\"icon-container\"><span class=\"atr-icon\">m<\/span><h2 class=\" zw-cgb headline h4\">Objectif et mission<\/h2><\/div><p class=\" zw-cgb fulltext \"><\/p><ul class=\"zw-cgb-ul fulltext \"><li class=\"\">Management du site<\/li><li class=\"\">Retour \u00e0 la rentabilit\u00e9<\/li><li class=\"\">Augmentation de la transparence pour les investisseurs<\/li><\/ul><\/div><\/div>      <\/div>\n    <\/div>\n<\/div><\/div>\n\n\n<div style=\"height:100px\" aria-hidden=\"true\" class=\"wp-block-spacer is-style-zw-default-color-400\"><\/div>\n\n\n<div id=\"parent70761\"class=\"zw-cgb halb-halb-headline-text-block-135 default-margin \"><div class=\"row\">    <!--  block -->\n    <div class=\"half-content has-padding col-lg-6 col-12 leftBlock order-1 blue-600 white-color has-icon has-headline \"><div class=\"icon-container\"><span class=\"atr-icon\">n<\/span><h2 class=\" zw-cgb headline\">Mesures et approche<\/h2><\/div><div class=\"content-container\"><div class=\"inner-content parent-has-padding\"><ul class=\"zw-cgb-ul fulltext \"><li class=\"\">Mise en place d\u2019une proc\u00e9dure de licenciement pour 190 salari\u00e9s sous le couvert d\u2019une proc\u00e9dure de redressement<\/li><li class=\"\">N\u00e9gociations avec 5 syndicats et le minist\u00e8re du Travail<\/li><li class=\"\">N\u00e9gociations avec les principaux fournisseurs et clients <\/li><\/ul><div class=\"link-container\"><\/div><\/div><\/div><\/div>    <!--  block -->\n    <div class=\"half-content has-padding col-lg-6 col-12 rightBlock order-2 blue-900 white-color has-icon has-headline \"><div class=\"icon-container\"><span class=\"atr-icon\">x<\/span><h2 class=\" zw-cgb headline\">R\u00e9sultats et succ\u00e8s<\/h2><\/div><div class=\"content-container\"><div class=\"inner-content parent-has-padding\"><ul class=\"zw-cgb-ul fulltext \"><li class=\"\">R\u00e9duction de 13&nbsp;% des frais de personnel<\/li><li class=\"\">Feu vert pour le licenciement de 150 employ\u00e9s et projet d\u2019externalisation pour 35 autres<\/li><li class=\"\">30 millions d\u2019euros de r\u00e9duction de la dette avec les fournisseurs (soit 50 pour cent)<\/li><li class=\"\">25 millions d\u2019euros d\u2019augmentation du chiffre d\u2019affaires gr\u00e2ce \u00e0 l\u2019augmentation des prix et des volumes<\/li><\/ul><div class=\"link-container\"><\/div><\/div><\/div><\/div><\/div><\/div>\n\n\n<div style=\"height:100px\" aria-hidden=\"true\" class=\"wp-block-spacer is-style-zw-default-color-400\"><\/div>\n\n\n<div  class=\"zw-cgb  sidebarblock default-margin \">\r\n      <div class=\"row\">\r\n        \r\n\t\t<div class=\"zw-cgb global-widget center  black-color  no-margin\">\r\n\t\t\t\t\t\t\t<div class=\"bg-img-container\">\r\n\t\t\t\t\t<img decoding=\"async\" loading=\"lazy\" width=\"1920\" height=\"720\" src=\"https:\/\/www.atreus.de\/wp-content\/uploads\/2022\/03\/widget-kombimodell.jpg\" style=\"aspect-ratio:1920\/720 !important\" alt=\"atreus_\" title=\"atreus_\">\t\t\t\t<\/div>\r\n\t\t\t\t\t\t<div class=\"inner-container bg-white\">\r\n\t\t\t\t      <div class=\"headlinetwo-container\">\r\n\t\t<p class=\"zw-cgb headline two\">Le mod\u00e8le combin\u00e9 Atreus<\/p>\r\n\t  <\/div> \t\t\t\t<div class=\"widget-content fulltext\">\r\n\r\n\t\t\t\t\t\t<p><span class=\"TextRun SCXW187864491 BCX8\" lang=\"FR-FR\" xml:lang=\"FR-FR\" data-contrast=\"auto\"><span class=\"NormalTextRun SCXW187864491 BCX8\">Une offre int\u00e9gr\u00e9e de management <\/span><span class=\"NormalTextRun SCXW187864491 BCX8\">de transition<\/span><span class=\"NormalTextRun SCXW187864491 BCX8\"> et de recherche de cadres n<\/span><span class=\"NormalTextRun SCXW187864491 BCX8\">\u2019<\/span><span class=\"NormalTextRun SCXW187864491 BCX8\">offre tout simplement que des avantages !<\/span><\/span><span class=\"EOP SCXW187864491 BCX8\" data-ccp-props=\"{\">\u00a0<\/span><\/p>\n\r\n\r\n\t\t\t\t<\/div>\r\n\t\t\t\t\t\t\t\t\r\n\t\t\t\t<div class=\"zw-cgb zw-cgb-button-container\">\r\n\t\t\t\t\t<a href=\"https:\/\/www.atreus.de\/fr\/competences\/service\/modele-combine-interim-et-executive-search\/\" class=\"zw-cgb btn btn-primary\">EN SAVOIR PLUS<\/a>\r\n\t\t\t\t<\/div>\r\n\t\t\t\t\t\t\t<\/div>\r\n\t\t<\/div>\r\n\t<\/div><\/div>    \n\n\n<div style=\"height:100px\" aria-hidden=\"true\" class=\"wp-block-spacer is-style-zw-default-color-400\"><\/div>\n","protected":false},"author":6,"featured_media":1930,"menu_order":0,"template":"","newsticker-publication":[],"competences":[673],"industry-sectors":[698],"region-publication":[],"typ-publication":[635],"category-publication":[],"class_list":["post-515696","publication","type-publication","status-publish","has-post-thumbnail","hentry","competences-restructuration","industry-sectors-pharmacie","typ-publication-etude-de-cas"],"_links":{"self":[{"href":"https:\/\/www.atreus.de\/fr\/wp-json\/wp\/v2\/publication\/515696","targetHints":{"allow":["GET"]}}],"collection":[{"href":"https:\/\/www.atreus.de\/fr\/wp-json\/wp\/v2\/publication"}],"about":[{"href":"https:\/\/www.atreus.de\/fr\/wp-json\/wp\/v2\/types\/publication"}],"author":[{"embeddable":true,"href":"https:\/\/www.atreus.de\/fr\/wp-json\/wp\/v2\/users\/6"}],"version-history":[{"count":0,"href":"https:\/\/www.atreus.de\/fr\/wp-json\/wp\/v2\/publication\/515696\/revisions"}],"wp:featuredmedia":[{"embeddable":true,"href":"https:\/\/www.atreus.de\/fr\/wp-json\/wp\/v2\/media\/1930"}],"wp:attachment":[{"href":"https:\/\/www.atreus.de\/fr\/wp-json\/wp\/v2\/media?parent=515696"}],"wp:term":[{"taxonomy":"newsticker-publication","embeddable":true,"href":"https:\/\/www.atreus.de\/fr\/wp-json\/wp\/v2\/newsticker-publication?post=515696"},{"taxonomy":"competences","embeddable":true,"href":"https:\/\/www.atreus.de\/fr\/wp-json\/wp\/v2\/competences?post=515696"},{"taxonomy":"industry-sectors","embeddable":true,"href":"https:\/\/www.atreus.de\/fr\/wp-json\/wp\/v2\/industry-sectors?post=515696"},{"taxonomy":"region-publication","embeddable":true,"href":"https:\/\/www.atreus.de\/fr\/wp-json\/wp\/v2\/region-publication?post=515696"},{"taxonomy":"typ-publication","embeddable":true,"href":"https:\/\/www.atreus.de\/fr\/wp-json\/wp\/v2\/typ-publication?post=515696"},{"taxonomy":"category-publication","embeddable":true,"href":"https:\/\/www.atreus.de\/fr\/wp-json\/wp\/v2\/category-publication?post=515696"}],"curies":[{"name":"wp","href":"https:\/\/api.w.org\/{rel}","templated":true}]}}

<div  class="zw-cgb header-standard-block is-first-block desktop-has-image mobile-has-image default-margin white-color content-left content-down zw-atr-portrait-pos-default zw-atr-landscape-pos-default height-default "><div class="row"><div class="zw-cgb-content col-12 mx-auto"><div  class="header-standard-inner-container"><div class="bg-image"><span class="copyright-image d-none d-lg-block">© Ivan Traimak  – stock.adobe.com</span><img decoding="async" class="respnsive-img d-none d-lg-block" loading="lazy" alt="atreus_" src="https://www.atreus.de/wp-content/uploads/2022/03/header-6.jpg" srcset="https://www.atreus.de/wp-content/uploads/2022/03/header-6.jpg 1920w, https://www.atreus.de/wp-content/uploads/2022/03/header-6-768x432.jpg 768w, https://www.atreus.de/wp-content/uploads/2022/03/header-6-1024x576.jpg 1024w, https://www.atreus.de/wp-content/uploads/2022/03/header-6-480x270.jpg 480w, https://www.atreus.de/wp-content/uploads/2022/03/header-6-1440x810.jpg 1440w" sizes="(max-width: 1920px) 100vw, 1920px" style="aspect-ratio:1920/1080 !important" title="atreus_"><span class="copyright-image d-lg-none d-block">© Ivan Traimak  – stock.adobe.com</span><img decoding="async" class="responsive-img d-lg-none d-block" loading="lazy" alt="atreus_" src="https://www.atreus.de/wp-content/uploads/2022/03/TEASER3-10.jpg" srcset="https://www.atreus.de/wp-content/uploads/2022/03/TEASER3-10.jpg 823w, https://www.atreus.de/wp-content/uploads/2022/03/TEASER3-10-768x578.jpg 768w, https://www.atreus.de/wp-content/uploads/2022/03/TEASER3-10-480x361.jpg 480w" sizes="(max-width: 1024px) 100vw, 1024px" style="aspect-ratio:823/619 !important" title="atreus_"></div><div class="preheadline-container"><div class="zw-breadcrumb-container black-color d-md-down-none"></div><p class=" zw-cgb preheadline zw-prevent-animation">Étude de cas</p><h1 class=" zw-cgb headline zw-prevent-animation">Restructuration d’un fabricant de produits pharmaceutiques en Italie</h1></div></div></div></div></div><div class="zw-breadcrumb-container black-color d-none d-md-down-block"><nav aria-label="breadcrumbs" class="rank-math-breadcrumb"><p><span class="label">c</span> <a href="https://www.atreus.de/fr">Home</a><span class="separator"> c </span><a href="https://www.atreus.de/fr/publications-et-evenements/mediatheque/">Publications</a><span class="separator"> c </span><span class="last"></span></p></nav></div>

    <div  class="zw-cgb    infoblock default-margin black-color  ">
      <div class=" row">
        <div class="zw-cgb-content has-padding col-12">
          <div class="inner-content parent-has-padding"><p class=" zw-cgb fulltext ">Le manager d’Atreus a obtenu une réduction de la dette de 50&nbsp;%, a pu augmenter le chiffre d’affaires de 25 millions d’euros en renégociant avec le client et a été embauché en CDI au bout de six mois.</p><div class="link-container"></div></div>        </div>
      </div>
    </div>



<div style="height:100px" aria-hidden="true" class="wp-block-spacer is-style-zw-default-color-400"></div>


<div  class="zw-cgb row  columnmaster020 default-margin "><div class="columnmaster-inner-content g-0">    <div  class="zw-cgb no-image-layout columnblock black-color has-icon   ">
      <div class="zw-cgb zw-cgb-content">

        <div class="column-content"><div class="inner-content"><div class="icon-container"><span class="atr-icon">q</span><h2 class=" zw-cgb headline h4">Détails de l’entreprise</h2></div><ul class="zw-cgb-ul fulltext "><li class="">Fabricant sous contrat pharmaceutique en Italie</li><li class="">550 employés doivent réaliser un chiffre d’affaires de 85 millions d’euros</li></ul></div></div>      </div>
    </div>
    <div  class="zw-cgb no-image-layout columnblock black-color has-icon   ">
      <div class="zw-cgb zw-cgb-content">

        <div class="column-content"><div class="inner-content"><div class="icon-container"><span class="atr-icon">p</span><h2 class=" zw-cgb headline h4">Situation et défi</h2></div><ul class="zw-cgb-ul fulltext "><li class="">Baisse du chiffre d’affaires à 55 millions d’euros, restructuration nécessaire</li><li class="">Pas de plan de restructuration substantiel</li><li class="">Négociations préalables avec les syndicats italiens sans accord</li><li class="">Des actionnaires de capital-investissement mécontents</li><li class="">Une équipe peu motivée, mauvaise gestion sur place</li></ul></div></div>      </div>
    </div>
    <div  class="zw-cgb no-image-layout columnblock black-color has-icon   ">
      <div class="zw-cgb zw-cgb-content">

        <div class="column-content"><div class="inner-content"><div class="icon-container"><span class="atr-icon">m</span><h2 class=" zw-cgb headline h4">Objectif et mission</h2></div><p class=" zw-cgb fulltext "></p><ul class="zw-cgb-ul fulltext "><li class="">Management du site</li><li class="">Retour à la rentabilité</li><li class="">Augmentation de la transparence pour les investisseurs</li></ul></div></div>      </div>
    </div>
</div></div>


<div style="height:100px" aria-hidden="true" class="wp-block-spacer is-style-zw-default-color-400"></div>


<div id="parent70761"class="zw-cgb halb-halb-headline-text-block-135 default-margin "><div class="row">    <!--  block -->
    <div class="half-content has-padding col-lg-6 col-12 leftBlock order-1 blue-600 white-color has-icon has-headline "><div class="icon-container"><span class="atr-icon">n</span><h2 class=" zw-cgb headline">Mesures et approche</h2></div><div class="content-container"><div class="inner-content parent-has-padding"><ul class="zw-cgb-ul fulltext "><li class="">Mise en place d’une procédure de licenciement pour 190 salariés sous le couvert d’une procédure de redressement</li><li class="">Négociations avec 5 syndicats et le ministère du Travail</li><li class="">Négociations avec les principaux fournisseurs et clients </li></ul><div class="link-container"></div></div></div></div>    <!--  block -->
    <div class="half-content has-padding col-lg-6 col-12 rightBlock order-2 blue-900 white-color has-icon has-headline "><div class="icon-container"><span class="atr-icon">x</span><h2 class=" zw-cgb headline">Résultats et succès</h2></div><div class="content-container"><div class="inner-content parent-has-padding"><ul class="zw-cgb-ul fulltext "><li class="">Réduction de 13&nbsp;% des frais de personnel</li><li class="">Feu vert pour le licenciement de 150 employés et projet d’externalisation pour 35 autres</li><li class="">30 millions d’euros de réduction de la dette avec les fournisseurs (soit 50 pour cent)</li><li class="">25 millions d’euros d’augmentation du chiffre d’affaires grâce à l’augmentation des prix et des volumes</li></ul><div class="link-container"></div></div></div></div></div></div>


<div style="height:100px" aria-hidden="true" class="wp-block-spacer is-style-zw-default-color-400"></div>


<div  class="zw-cgb  sidebarblock default-margin ">
      <div class="row">
        
		<div class="zw-cgb global-widget center  black-color  no-margin">
							<div class="bg-img-container">
					<img decoding="async" loading="lazy" width="1920" height="720" src="https://www.atreus.de/wp-content/uploads/2022/03/widget-kombimodell.jpg" style="aspect-ratio:1920/720 !important" alt="atreus_" title="atreus_">				</div>
						<div class="inner-container bg-white">
				      <div class="headlinetwo-container">
		<p class="zw-cgb headline two">Le modèle combiné Atreus</p>
	  </div> 				<div class="widget-content fulltext">

						<p><span class="TextRun SCXW187864491 BCX8" lang="FR-FR" xml:lang="FR-FR" data-contrast="auto"><span class="NormalTextRun SCXW187864491 BCX8">Une offre intégrée de management </span><span class="NormalTextRun SCXW187864491 BCX8">de transition</span><span class="NormalTextRun SCXW187864491 BCX8"> et de recherche de cadres n</span><span class="NormalTextRun SCXW187864491 BCX8">’</span><span class="NormalTextRun SCXW187864491 BCX8">offre tout simplement que des avantages !</span></span><span class="EOP SCXW187864491 BCX8" data-ccp-props="{"> </span></p>


				</div>
								
				<div class="zw-cgb zw-cgb-button-container">
					<a href="https://www.atreus.de/fr/competences/service/modele-combine-interim-et-executive-search/" class="zw-cgb btn btn-primary">EN SAVOIR PLUS</a>
				</div>
							</div>
		</div>
	</div></div>    


<div style="height:100px" aria-hidden="true" class="wp-block-spacer is-style-zw-default-color-400"></div>
