{"id":515730,"date":"2022-03-28T10:55:52","date_gmt":"2022-03-28T08:55:52","guid":{"rendered":"https:\/\/www.atreus.de\/?post_type=publication&#038;p=515730"},"modified":"2024-10-18T10:15:59","modified_gmt":"2024-10-18T08:15:59","slug":"directeur-du-controle-de-gestion-dune-entreprise-saas-dans-le-secteur-de-la-construction","status":"publish","type":"publication","link":"https:\/\/www.atreus.de\/fr\/publication\/etude-de-cas\/directeur-du-controle-de-gestion-dune-entreprise-saas-dans-le-secteur-de-la-construction\/","title":{"rendered":"Directeur du contr\u00f4le de gestion d\u2019une entreprise SaaS dans le secteur de la construction"},"content":{"rendered":"<div  class=\"zw-cgb header-standard-block is-first-block desktop-has-image mobile-has-image default-margin white-color content-left content-down zw-atr-portrait-pos-default zw-atr-landscape-pos-default height-default \"><div class=\"row\"><div class=\"zw-cgb-content col-12 mx-auto\"><div  class=\"header-standard-inner-container\"><div class=\"bg-image\"><span class=\"copyright-image d-none d-lg-block\">\u00a9Bildwerk \u2013 stock.adobe.com<\/span><img decoding=\"async\" class=\"respnsive-img d-none d-lg-block\" loading=\"lazy\" alt=\"atreus_\" src=\"https:\/\/www.atreus.de\/wp-content\/uploads\/2022\/03\/header-01-9.jpg\" srcset=\"https:\/\/www.atreus.de\/wp-content\/uploads\/2022\/03\/header-01-9.jpg 1920w, https:\/\/www.atreus.de\/wp-content\/uploads\/2022\/03\/header-01-9-768x432.jpg 768w, https:\/\/www.atreus.de\/wp-content\/uploads\/2022\/03\/header-01-9-1024x576.jpg 1024w, https:\/\/www.atreus.de\/wp-content\/uploads\/2022\/03\/header-01-9-480x270.jpg 480w, https:\/\/www.atreus.de\/wp-content\/uploads\/2022\/03\/header-01-9-1440x810.jpg 1440w\" sizes=\"(max-width: 1920px) 100vw, 1920px\" style=\"aspect-ratio:1920\/1080 !important\" title=\"atreus_\"><span class=\"copyright-image d-lg-none d-block\">\u00a9Bildwerk \u2013 stock.adobe.com<\/span><img decoding=\"async\" class=\"responsive-img d-lg-none d-block\" loading=\"lazy\" alt=\"atreus_\" src=\"https:\/\/www.atreus.de\/wp-content\/uploads\/2022\/03\/teaser-img-fuer-2-und-3-spalter-01-9.jpg\" srcset=\"https:\/\/www.atreus.de\/wp-content\/uploads\/2022\/03\/teaser-img-fuer-2-und-3-spalter-01-9.jpg 823w, https:\/\/www.atreus.de\/wp-content\/uploads\/2022\/03\/teaser-img-fuer-2-und-3-spalter-01-9-768x578.jpg 768w, https:\/\/www.atreus.de\/wp-content\/uploads\/2022\/03\/teaser-img-fuer-2-und-3-spalter-01-9-480x361.jpg 480w\" sizes=\"(max-width: 1024px) 100vw, 1024px\" style=\"aspect-ratio:823\/619 !important\" title=\"atreus_\"><\/div><div class=\"preheadline-container\"><div class=\"zw-breadcrumb-container black-color d-md-down-none\"><\/div><p class=\" zw-cgb preheadline zw-prevent-animation\">\u00c9tude de cas<\/p><h1 class=\" zw-cgb headline zw-prevent-animation\">Directeur du contr\u00f4le de gestion d\u2019une entreprise SaaS dans le secteur de la construction<\/h1><\/div><\/div><\/div><\/div><\/div><div class=\"zw-breadcrumb-container black-color d-none d-md-down-block\"><nav aria-label=\"breadcrumbs\" class=\"rank-math-breadcrumb\"><p><span class=\"label\">c<\/span> <a href=\"https:\/\/www.atreus.de\/fr\">Home<\/a><span class=\"separator\"> c <\/span><a href=\"https:\/\/www.atreus.de\/fr\/publications-et-evenements\/mediatheque\/\">Publications<\/a><span class=\"separator\"> c <\/span><span class=\"last\"><\/span><\/p><\/nav><\/div>\n\n    <div  class=\"zw-cgb    infoblock default-margin black-color  \">\n      <div class=\" row\">\n        <div class=\"zw-cgb-content has-padding col-12\">\n          <div class=\"inner-content parent-has-padding\"><h2 class=\" zw-cgb headline\">R\u00e9aliser des projets de construction \u00e0 Munich gr\u00e2ce \u00e0 des solutions num\u00e9riques<\/h2><div class=\"link-container\"><\/div><\/div>        <\/div>\n      <\/div>\n    <\/div>\n\n\n<div  class=\"zw-cgb row  columnmaster020 default-margin \"><div class=\"columnmaster-inner-content g-0\">    <div  class=\"zw-cgb no-image-layout columnblock black-color has-icon   \">\n      <div class=\"zw-cgb zw-cgb-content\">\n\n        <div class=\"column-content\"><div class=\"inner-content\"><div class=\"icon-container\"><span class=\"atr-icon\">q<\/span><h2 class=\" zw-cgb headline h4\">D\u00e9tails de l\u2019entreprise<\/h2><\/div><ul class=\"zw-cgb-ul fulltext \"><li class=\"\">Leader des logiciels de planification num\u00e9rique pour le secteur de la construction avec une forte histoire de croissance \u200b<\/li><li class=\"\">Acteur international avec plus de 500 employ\u00e9s, chiffre d\u2019affaires &gt;100 millions d\u2019euros\u200b<\/li><\/ul><\/div><\/div>      <\/div>\n    <\/div>\n    <div  class=\"zw-cgb no-image-layout columnblock black-color has-icon   \">\n      <div class=\"zw-cgb zw-cgb-content\">\n\n        <div class=\"column-content\"><div class=\"inner-content\"><div class=\"icon-container\"><span class=\"atr-icon\">p<\/span><h2 class=\" zw-cgb headline h4\">Situation et d\u00e9fi<\/h2><\/div><ul class=\"zw-cgb-ul fulltext \"><li class=\"\">Forte croissance port\u00e9e entre autres par F&amp;A\u200b<\/li><li class=\"\">Pertes de friction et ambigu\u00eft\u00e9s dues au PMI<\/li><\/ul><\/div><\/div>      <\/div>\n    <\/div>\n    <div  class=\"zw-cgb no-image-layout columnblock black-color has-icon   \">\n      <div class=\"zw-cgb zw-cgb-content\">\n\n        <div class=\"column-content\"><div class=\"inner-content\"><div class=\"icon-container\"><span class=\"atr-icon\">m<\/span><h2 class=\" zw-cgb headline h4\">Objectif et mission<\/h2><\/div><ul class=\"zw-cgb-ul fulltext \"><li class=\"\">V\u00e9rifier et red\u00e9finir les KPI\u200b<\/li><li class=\"\">Former le d\u00e9partement et l\u2019orienter vers de nouvelles priorit\u00e9s\u200b<\/li><li class=\"\">Soutien lors de la r\u00e9organisation des centres de co\u00fbts, du budget\/planification \u00e0 moyen terme et des th\u00e8mes sp\u00e9ciaux\u200b<\/li><\/ul><\/div><\/div>      <\/div>\n    <\/div>\n<\/div><\/div>\n\n<div id=\"parent87108\"class=\"zw-cgb halb-halb-headline-text-block-135 default-margin \"><div class=\"row\">    <!--  block -->\n    <div class=\"half-content has-padding col-lg-6 col-12 leftBlock order-1 primary white-color has-icon has-headline \"><div class=\"icon-container\"><span class=\"atr-icon\">n<\/span><h2 class=\" zw-cgb headline\">Mesures et approche<\/h2><\/div><div class=\"content-container\"><div class=\"inner-content parent-has-padding\"><ul class=\"zw-cgb-ul fulltext \"><li class=\"\">\u00c9tablissement d\u2019un \u00e9tat d\u2019esprit communicatif pour am\u00e9liorer le flux d\u2019informations\u200b<\/li><li class=\"\">Introduction du partenariat commercial dans le contr\u00f4le de gestion et d\u2019un responsable des donn\u00e9es\u200b<\/li><li class=\"\">Meilleures pratiques dans divers processus de travail pour surmonter les probl\u00e8mes du PMI\u200b<\/li><\/ul><div class=\"link-container\"><\/div><\/div><\/div><\/div>    <!--  block -->\n    <div class=\"half-content has-padding col-lg-6 col-12 rightBlock order-2 blue-600 white-color has-icon has-headline \"><div class=\"icon-container\"><span class=\"atr-icon\">x<\/span><h2 class=\" zw-cgb headline\">R\u00e9sultats et succ\u00e8s<\/h2><\/div><div class=\"content-container\"><div class=\"inner-content parent-has-padding\"><ul class=\"zw-cgb-ul fulltext \"><li class=\"\">Les indicateurs cl\u00e9s de performance (KPI) ont \u00e9t\u00e9 reformul\u00e9s et transmis aux d\u00e9partements pour qu\u2019ils les mettent en \u0153uvre\u200b<\/li><li class=\"\">Introduction du partenariat commercial dans le contr\u00f4le de gestion et d\u00e9finition du nouveau r\u00f4le de sp\u00e9cialiste des donn\u00e9es\u200b<\/li><li class=\"\">Le niveau C a \u00e9t\u00e9 davantage impliqu\u00e9 dans la th\u00e9matique des indicateurs\u200b<\/li><li class=\"\">La communication entre les d\u00e9partements a \u00e9t\u00e9 nettement am\u00e9lior\u00e9e\u200b<\/li><\/ul><div class=\"link-container\"><\/div><\/div><\/div><\/div><\/div><\/div>\n\n\n<div style=\"height:100px\" aria-hidden=\"true\" class=\"wp-block-spacer\"><\/div>\n","protected":false},"author":2,"featured_media":8471,"menu_order":0,"template":"","newsticker-publication":[573],"competences":[633],"industry-sectors":[703],"region-publication":[],"typ-publication":[635],"category-publication":[],"class_list":["post-515730","publication","type-publication","status-publish","has-post-thumbnail","hentry","competences-operations-fr","industry-sectors-construction-fr","typ-publication-etude-de-cas"],"_links":{"self":[{"href":"https:\/\/www.atreus.de\/fr\/wp-json\/wp\/v2\/publication\/515730","targetHints":{"allow":["GET"]}}],"collection":[{"href":"https:\/\/www.atreus.de\/fr\/wp-json\/wp\/v2\/publication"}],"about":[{"href":"https:\/\/www.atreus.de\/fr\/wp-json\/wp\/v2\/types\/publication"}],"author":[{"embeddable":true,"href":"https:\/\/www.atreus.de\/fr\/wp-json\/wp\/v2\/users\/2"}],"version-history":[{"count":0,"href":"https:\/\/www.atreus.de\/fr\/wp-json\/wp\/v2\/publication\/515730\/revisions"}],"wp:featuredmedia":[{"embeddable":true,"href":"https:\/\/www.atreus.de\/fr\/wp-json\/wp\/v2\/media\/8471"}],"wp:attachment":[{"href":"https:\/\/www.atreus.de\/fr\/wp-json\/wp\/v2\/media?parent=515730"}],"wp:term":[{"taxonomy":"newsticker-publication","embeddable":true,"href":"https:\/\/www.atreus.de\/fr\/wp-json\/wp\/v2\/newsticker-publication?post=515730"},{"taxonomy":"competences","embeddable":true,"href":"https:\/\/www.atreus.de\/fr\/wp-json\/wp\/v2\/competences?post=515730"},{"taxonomy":"industry-sectors","embeddable":true,"href":"https:\/\/www.atreus.de\/fr\/wp-json\/wp\/v2\/industry-sectors?post=515730"},{"taxonomy":"region-publication","embeddable":true,"href":"https:\/\/www.atreus.de\/fr\/wp-json\/wp\/v2\/region-publication?post=515730"},{"taxonomy":"typ-publication","embeddable":true,"href":"https:\/\/www.atreus.de\/fr\/wp-json\/wp\/v2\/typ-publication?post=515730"},{"taxonomy":"category-publication","embeddable":true,"href":"https:\/\/www.atreus.de\/fr\/wp-json\/wp\/v2\/category-publication?post=515730"}],"curies":[{"name":"wp","href":"https:\/\/api.w.org\/{rel}","templated":true}]}}

Directeur du contrôle de gestion d’une entreprise SaaS dans le secteur de la construction

<div  class="zw-cgb header-standard-block is-first-block desktop-has-image mobile-has-image default-margin white-color content-left content-down zw-atr-portrait-pos-default zw-atr-landscape-pos-default height-default "><div class="row"><div class="zw-cgb-content col-12 mx-auto"><div  class="header-standard-inner-container"><div class="bg-image"><span class="copyright-image d-none d-lg-block">©Bildwerk – stock.adobe.com</span><img decoding="async" class="respnsive-img d-none d-lg-block" loading="lazy" alt="atreus_" src="https://www.atreus.de/wp-content/uploads/2022/03/header-01-9.jpg" srcset="https://www.atreus.de/wp-content/uploads/2022/03/header-01-9.jpg 1920w, https://www.atreus.de/wp-content/uploads/2022/03/header-01-9-768x432.jpg 768w, https://www.atreus.de/wp-content/uploads/2022/03/header-01-9-1024x576.jpg 1024w, https://www.atreus.de/wp-content/uploads/2022/03/header-01-9-480x270.jpg 480w, https://www.atreus.de/wp-content/uploads/2022/03/header-01-9-1440x810.jpg 1440w" sizes="(max-width: 1920px) 100vw, 1920px" style="aspect-ratio:1920/1080 !important" title="atreus_"><span class="copyright-image d-lg-none d-block">©Bildwerk – stock.adobe.com</span><img decoding="async" class="responsive-img d-lg-none d-block" loading="lazy" alt="atreus_" src="https://www.atreus.de/wp-content/uploads/2022/03/teaser-img-fuer-2-und-3-spalter-01-9.jpg" srcset="https://www.atreus.de/wp-content/uploads/2022/03/teaser-img-fuer-2-und-3-spalter-01-9.jpg 823w, https://www.atreus.de/wp-content/uploads/2022/03/teaser-img-fuer-2-und-3-spalter-01-9-768x578.jpg 768w, https://www.atreus.de/wp-content/uploads/2022/03/teaser-img-fuer-2-und-3-spalter-01-9-480x361.jpg 480w" sizes="(max-width: 1024px) 100vw, 1024px" style="aspect-ratio:823/619 !important" title="atreus_"></div><div class="preheadline-container"><div class="zw-breadcrumb-container black-color d-md-down-none"></div><p class=" zw-cgb preheadline zw-prevent-animation">Étude de cas</p><h1 class=" zw-cgb headline zw-prevent-animation">Directeur du contrôle de gestion d’une entreprise SaaS dans le secteur de la construction</h1></div></div></div></div></div><div class="zw-breadcrumb-container black-color d-none d-md-down-block"><nav aria-label="breadcrumbs" class="rank-math-breadcrumb"><p><span class="label">c</span> <a href="https://www.atreus.de/fr">Home</a><span class="separator"> c </span><a href="https://www.atreus.de/fr/publications-et-evenements/mediatheque/">Publications</a><span class="separator"> c </span><span class="last"></span></p></nav></div>

    <div  class="zw-cgb    infoblock default-margin black-color  ">
      <div class=" row">
        <div class="zw-cgb-content has-padding col-12">
          <div class="inner-content parent-has-padding"><h2 class=" zw-cgb headline">Réaliser des projets de construction à Munich grâce à des solutions numériques</h2><div class="link-container"></div></div>        </div>
      </div>
    </div>


<div  class="zw-cgb row  columnmaster020 default-margin "><div class="columnmaster-inner-content g-0">    <div  class="zw-cgb no-image-layout columnblock black-color has-icon   ">
      <div class="zw-cgb zw-cgb-content">

        <div class="column-content"><div class="inner-content"><div class="icon-container"><span class="atr-icon">q</span><h2 class=" zw-cgb headline h4">Détails de l’entreprise</h2></div><ul class="zw-cgb-ul fulltext "><li class="">Leader des logiciels de planification numérique pour le secteur de la construction avec une forte histoire de croissance ​</li><li class="">Acteur international avec plus de 500 employés, chiffre d’affaires &gt;100 millions d’euros​</li></ul></div></div>      </div>
    </div>
    <div  class="zw-cgb no-image-layout columnblock black-color has-icon   ">
      <div class="zw-cgb zw-cgb-content">

        <div class="column-content"><div class="inner-content"><div class="icon-container"><span class="atr-icon">p</span><h2 class=" zw-cgb headline h4">Situation et défi</h2></div><ul class="zw-cgb-ul fulltext "><li class="">Forte croissance portée entre autres par F&amp;A​</li><li class="">Pertes de friction et ambiguïtés dues au PMI</li></ul></div></div>      </div>
    </div>
    <div  class="zw-cgb no-image-layout columnblock black-color has-icon   ">
      <div class="zw-cgb zw-cgb-content">

        <div class="column-content"><div class="inner-content"><div class="icon-container"><span class="atr-icon">m</span><h2 class=" zw-cgb headline h4">Objectif et mission</h2></div><ul class="zw-cgb-ul fulltext "><li class="">Vérifier et redéfinir les KPI​</li><li class="">Former le département et l’orienter vers de nouvelles priorités​</li><li class="">Soutien lors de la réorganisation des centres de coûts, du budget/planification à moyen terme et des thèmes spéciaux​</li></ul></div></div>      </div>
    </div>
</div></div>

<div id="parent87108"class="zw-cgb halb-halb-headline-text-block-135 default-margin "><div class="row">    <!--  block -->
    <div class="half-content has-padding col-lg-6 col-12 leftBlock order-1 primary white-color has-icon has-headline "><div class="icon-container"><span class="atr-icon">n</span><h2 class=" zw-cgb headline">Mesures et approche</h2></div><div class="content-container"><div class="inner-content parent-has-padding"><ul class="zw-cgb-ul fulltext "><li class="">Établissement d’un état d’esprit communicatif pour améliorer le flux d’informations​</li><li class="">Introduction du partenariat commercial dans le contrôle de gestion et d’un responsable des données​</li><li class="">Meilleures pratiques dans divers processus de travail pour surmonter les problèmes du PMI​</li></ul><div class="link-container"></div></div></div></div>    <!--  block -->
    <div class="half-content has-padding col-lg-6 col-12 rightBlock order-2 blue-600 white-color has-icon has-headline "><div class="icon-container"><span class="atr-icon">x</span><h2 class=" zw-cgb headline">Résultats et succès</h2></div><div class="content-container"><div class="inner-content parent-has-padding"><ul class="zw-cgb-ul fulltext "><li class="">Les indicateurs clés de performance (KPI) ont été reformulés et transmis aux départements pour qu’ils les mettent en œuvre​</li><li class="">Introduction du partenariat commercial dans le contrôle de gestion et définition du nouveau rôle de spécialiste des données​</li><li class="">Le niveau C a été davantage impliqué dans la thématique des indicateurs​</li><li class="">La communication entre les départements a été nettement améliorée​</li></ul><div class="link-container"></div></div></div></div></div></div>


<div style="height:100px" aria-hidden="true" class="wp-block-spacer"></div>
