{"id":500691,"date":"2022-03-23T13:01:56","date_gmt":"2022-03-23T12:01:56","guid":{"rendered":"https:\/\/www.atreus.de\/?post_type=team&#038;p=500691"},"modified":"2026-03-12T14:46:19","modified_gmt":"2026-03-12T13:46:19","slug":"rainer-nagel","status":"publish","type":"team","link":"https:\/\/www.atreus.de\/fr\/equipe\/rainer-nagel\/","title":{"rendered":"Rainer Nagel"},"content":{"rendered":"\n    <div  class=\"zw-cgb is-first-block textblock black-color zw-content-pos-center  default-margin \">\n      <div class=\"row\">\n        <div class=\"zw-cgb-content col-12 g-0\">\n          <p class=\" zw-cgb fulltext \"><strong>Rainer Nagel est Directeur g\u00e9n\u00e9ral, cofondateur d\u2019Atreus et l\u2019un des pr\u00e9curseurs du management de transition en Allemagne.<\/strong><\/p><p class=\" zw-cgb fulltext \">Il se concentre sur des projets et des programmes dans les domaines de la transformation de l\u2019informatique, de l\u2019augmentation de la valeur et de la r\u00e9duction des co\u00fbts, des t\u00e2ches et des restructurations internationales et de l\u2019occupation int\u00e9rimaire de postes de cadres sup\u00e9rieurs. Il s\u2019occupe principalement des secteurs de la technologie de l\u2019information, des t\u00e9l\u00e9communications, de la construction de machines et d\u2019installations, des services et de l\u2019industrie des biens de consommation. Rainer Nagel jouit de plus de 25 ans d\u2019exp\u00e9rience dans la gestion g\u00e9n\u00e9rale, la vente et le management de la transition. Avant de fonder Atreus, il a occup\u00e9 plusieurs postes de direction et de conseil d\u2019administration dans des entreprises de conseil et de haute technologie de premier plan, dont Siemens AG.<\/p>        <\/div>\n      <\/div>\n    <\/div>\n\n\n\n\n<div style=\"height:64px\" aria-hidden=\"true\" class=\"wp-block-spacer is-style-zw-default-color-400\"><\/div>\n\n\n<div  class=\"zw-cgb row  columnmaster020 default-margin \"><div class=\"columnmaster-inner-content g-0\">    <div  class=\"zw-cgb no-image-layout columnblock black-color no-icon   \">\n      <div class=\"zw-cgb zw-cgb-content\">\n\n        <div class=\"column-content\"><div class=\"inner-content\"><h1 class=\" zw-cgb headline h4\">Principaux secteurs<\/h1><ul class=\"zw-cgb-ul fulltext \"><li class=\"\">Services<\/li><li class=\"\">Biens de consommation et commerce <\/li><li class=\"\">Capital-investissement<\/li><li class=\"\">Industrie de l\u2019acier, du m\u00e9tal et du plastique<\/li><\/ul><\/div><\/div>      <\/div>\n    <\/div>\n    <div  class=\"zw-cgb no-image-layout columnblock black-color no-icon   \">\n      <div class=\"zw-cgb zw-cgb-content\">\n\n        <div class=\"column-content\"><div class=\"inner-content\"><h2 class=\" zw-cgb headline h4\">Domaines d&#8217;expertise<\/h2><ul class=\"zw-cgb-ul fulltext \"><li class=\"\">Restructuration et redressement<\/li><li class=\"\">R\u00e9habilitation proche de l\u2019insolvabilit\u00e9<\/li><li class=\"\">Politiques de tarification<\/li><li class=\"\">Gestion des fonds de roulement<\/li><li class=\"\">Programmes d\u2019am\u00e9lioration des performances<\/li><li class=\"\">Programm Management Office<\/li><li class=\"\">Digitalisation des ventes et du marketing ainsi que des mod\u00e8les et des processus op\u00e9rationnels<\/li><li class=\"\">Missions internationales<\/li><li class=\"\">Sourcing informatique<\/li><li class=\"\">Carve-in et carve-out informatiques<\/li><li class=\"\">Projets SAP, ERP et de crise<\/li><li class=\"\">D\u00e9ploiement de l\u2019infrastructure informatique<\/li><li class=\"\">Gestion des donn\u00e9es de base<\/li><\/ul><\/div><\/div>      <\/div>\n    <\/div>\n    <div  class=\"zw-cgb no-image-layout columnblock black-color no-icon   \">\n      <div class=\"zw-cgb zw-cgb-content\">\n\n        <div class=\"column-content\"><div class=\"inner-content\"><h2 class=\" zw-cgb headline h4\">\u00c9volution professionelle<\/h2><ul class=\"zw-cgb-ul fulltext \"><li class=\"\">Managing partner chez Boyden Interim Management<\/li><li class=\"\">Membre de la direction de Brainforce (Deutschland) GmbH<\/li><li class=\"\">Membre du conseil d\u2019administration et directeur g\u00e9n\u00e9ral de BRAIN International AG<\/li><li class=\"\">Membre du conseil d\u2019administration des secteurs Cordless et Mobile Phones de Siemens AG<\/li><li class=\"\">Membre de la direction Siemens IT Services Allemagne<\/li><\/ul><\/div><\/div>      <\/div>\n    <\/div>\n<\/div><\/div>\n\n\n\n","protected":false},"author":6,"featured_media":0,"menu_order":0,"template":"","competences":[],"industry-sectors":[],"typ-team":[648,665,671,645],"class_list":["post-500691","team","type-team","status-publish","hentry","typ-team-associe-directeur-et-pdg","typ-team-conseil-executif","typ-team-conseiller-en-restructuration","typ-team-directeur"],"allData":{"rank_math_internal_links_processed":["1"],"_zw_post_wordcount":["297"],"_zw_reading_time_seconds":["59"],"_wpml_media_duplicate":["1"],"_wpml_media_featured":["1"],"_zw_prename":["Rainer "],"_zw_email":["Rainer.Nagel@atreus.de"],"_zw_phone":["+49 89 452249-400"],"_zw_linkedin":["https:\/\/www.linkedin.com\/in\/rainernagel?miniProfileUrn=urn%3Ali%3Afs_miniProfile%3AACoAAALv0pYB44XCPQ-eUsLk7jyev2tzPsAevKY&lipi=urn%3Ali%3Apage%3Ad_flagship3_search_srp_all%3BBog9bHlZTVa7e%2FYt7S3kyQ%3D%3D"],"_top_nav_excluded":[""],"_cms_nav_minihome":[""],"_last_translation_edit_mode":["native-editor"],"_edit_lock":["1773323184:3"],"rank_math_seo_score":["58"],"_wp_old_date":["2024-01-08"],"_edit_last":["3"],"_zw_max_input_files":["0"],"_wpml_media_has_media":["1"],"rank_math_facebook_image":["https:\/\/www.atreus.de\/wp-content\/uploads\/2023\/08\/nag-ra-2.png"],"rank_math_facebook_image_id":["409054"],"_zw_portraitImg":["409054"],"_wpml_word_count":["330"],"_zw_lastname":[" Nagel"],"rank_math_title":["Rainer Nagel \u2014 Directeur g\u00e9n\u00e9ral d\u2019Atreus GmbH"],"rank_math_focus_keyword":["Rainer Nagel"],"_zw_description":["Directeur g\u00e9n\u00e9ral "]},"_links":{"self":[{"href":"https:\/\/www.atreus.de\/fr\/wp-json\/wp\/v2\/team\/500691","targetHints":{"allow":["GET"]}}],"collection":[{"href":"https:\/\/www.atreus.de\/fr\/wp-json\/wp\/v2\/team"}],"about":[{"href":"https:\/\/www.atreus.de\/fr\/wp-json\/wp\/v2\/types\/team"}],"author":[{"embeddable":true,"href":"https:\/\/www.atreus.de\/fr\/wp-json\/wp\/v2\/users\/6"}],"version-history":[{"count":0,"href":"https:\/\/www.atreus.de\/fr\/wp-json\/wp\/v2\/team\/500691\/revisions"}],"wp:attachment":[{"href":"https:\/\/www.atreus.de\/fr\/wp-json\/wp\/v2\/media?parent=500691"}],"wp:term":[{"taxonomy":"competences","embeddable":true,"href":"https:\/\/www.atreus.de\/fr\/wp-json\/wp\/v2\/competences?post=500691"},{"taxonomy":"industry-sectors","embeddable":true,"href":"https:\/\/www.atreus.de\/fr\/wp-json\/wp\/v2\/industry-sectors?post=500691"},{"taxonomy":"typ-team","embeddable":true,"href":"https:\/\/www.atreus.de\/fr\/wp-json\/wp\/v2\/typ-team?post=500691"}],"curies":[{"name":"wp","href":"https:\/\/api.w.org\/{rel}","templated":true}]}}

<div  class="zw-cgb is-first-block textblock black-color zw-content-pos-center  default-margin ">
      <div class="row">
        <div class="zw-cgb-content col-12 g-0">
          <p class=" zw-cgb fulltext "><strong>Rainer Nagel est Directeur général, cofondateur d’Atreus et l’un des précurseurs du management de transition en Allemagne.</strong></p><p class=" zw-cgb fulltext ">Il se concentre sur des projets et des programmes dans les domaines de la transformation de l’informatique, de l’augmentation de la valeur et de la réduction des coûts, des tâches et des restructurations internationales et de l’occupation intérimaire de postes de cadres supérieurs. Il s’occupe principalement des secteurs de la technologie de l’information, des télécommunications, de la construction de machines et d’installations, des services et de l’industrie des biens de consommation. Rainer Nagel jouit de plus de 25 ans d’expérience dans la gestion générale, la vente et le management de la transition. Avant de fonder Atreus, il a occupé plusieurs postes de direction et de conseil d’administration dans des entreprises de conseil et de haute technologie de premier plan, dont Siemens AG.</p>        </div>
      </div>
    </div>




<div style="height:64px" aria-hidden="true" class="wp-block-spacer is-style-zw-default-color-400"></div>


<div  class="zw-cgb row  columnmaster020 default-margin "><div class="columnmaster-inner-content g-0">    <div  class="zw-cgb no-image-layout columnblock black-color no-icon   ">
      <div class="zw-cgb zw-cgb-content">

        <div class="column-content"><div class="inner-content"><h1 class=" zw-cgb headline h4">Principaux secteurs</h1><ul class="zw-cgb-ul fulltext "><li class="">Services</li><li class="">Biens de consommation et commerce </li><li class="">Capital-investissement</li><li class="">Industrie de l’acier, du métal et du plastique</li></ul></div></div>      </div>
    </div>
    <div  class="zw-cgb no-image-layout columnblock black-color no-icon   ">
      <div class="zw-cgb zw-cgb-content">

        <div class="column-content"><div class="inner-content"><h2 class=" zw-cgb headline h4">Domaines d&#8217;expertise</h2><ul class="zw-cgb-ul fulltext "><li class="">Restructuration et redressement</li><li class="">Réhabilitation proche de l’insolvabilité</li><li class="">Politiques de tarification</li><li class="">Gestion des fonds de roulement</li><li class="">Programmes d’amélioration des performances</li><li class="">Programm Management Office</li><li class="">Digitalisation des ventes et du marketing ainsi que des modèles et des processus opérationnels</li><li class="">Missions internationales</li><li class="">Sourcing informatique</li><li class="">Carve-in et carve-out informatiques</li><li class="">Projets SAP, ERP et de crise</li><li class="">Déploiement de l’infrastructure informatique</li><li class="">Gestion des données de base</li></ul></div></div>      </div>
    </div>
    <div  class="zw-cgb no-image-layout columnblock black-color no-icon   ">
      <div class="zw-cgb zw-cgb-content">

        <div class="column-content"><div class="inner-content"><h2 class=" zw-cgb headline h4">Évolution professionelle</h2><ul class="zw-cgb-ul fulltext "><li class="">Managing partner chez Boyden Interim Management</li><li class="">Membre de la direction de Brainforce (Deutschland) GmbH</li><li class="">Membre du conseil d’administration et directeur général de BRAIN International AG</li><li class="">Membre du conseil d’administration des secteurs Cordless et Mobile Phones de Siemens AG</li><li class="">Membre de la direction Siemens IT Services Allemagne</li></ul></div></div>      </div>
    </div>
</div></div>

Rainer Nagel — Directeur général d’Atreus GmbH

Directeur général
