{"id":500692,"date":"2022-03-23T14:25:24","date_gmt":"2022-03-23T13:25:24","guid":{"rendered":"https:\/\/www.atreus.de\/?post_type=team&#038;p=500692"},"modified":"2026-01-05T08:59:27","modified_gmt":"2026-01-05T07:59:27","slug":"dirk-boventer","status":"publish","type":"team","link":"https:\/\/www.atreus.de\/fr\/equipe\/dirk-boventer\/","title":{"rendered":"Dirk Boventer"},"content":{"rendered":"\n    <div  class=\"zw-cgb is-first-block textblock black-color zw-content-pos-center  default-margin \">\n      <div class=\"row\">\n        <div class=\"zw-cgb-content col-12 g-0\">\n          <p class=\" zw-cgb fulltext \"><strong>Dirk Boventer est Atreus partenaire. Il se concentre sur des projets et des programmes dans les domaines de la vente et du marketing, de la croissance de la top line, de la r\u00e9orientation organisationnelle, de la num\u00e9risation, des t\u00e2ches internationales ainsi que de l\u2019occupation int\u00e9rimaire de postes de top management. Il est \u00e9galement sp\u00e9cialis\u00e9 dans les projets et programmes de transformation informatique. <\/strong><\/p><p class=\" zw-cgb fulltext \">Ses domaines de pr\u00e9dilection sont la gestion de marque centr\u00e9e sur le consommateur, les programmes de fid\u00e9lisation de la client\u00e8le, les solutions commerciales et omni-canal int\u00e9gr\u00e9es, la transformation des portefeuilles de produits et des mod\u00e8les de service, la strat\u00e9gie tarifaire ainsi que la num\u00e9risation des mod\u00e8les commerciaux. Dirk Boventer jouit de plus de 20 ans d\u2019exp\u00e9rience dans la gestion g\u00e9n\u00e9rale et les ventes et le marketing. Avant de travailler pour Atreus, il a occup\u00e9 plusieurs postes de direction dans des groupes de grande consommation renomm\u00e9s et a \u00e9t\u00e9 responsable, entre autres, de projets de transformation dans des soci\u00e9t\u00e9s nationales en Europe et en Asie.<\/p>        <\/div>\n      <\/div>\n    <\/div>\n\n\n\n\n<div style=\"height:64px\" aria-hidden=\"true\" class=\"wp-block-spacer is-style-zw-default-color-400\"><\/div>\n\n\n<div  class=\"zw-cgb row  columnmaster020 default-margin \"><div class=\"columnmaster-inner-content g-0\">    <div  class=\"zw-cgb no-image-layout columnblock black-color no-icon   \">\n      <div class=\"zw-cgb zw-cgb-content\">\n\n        <div class=\"column-content\"><div class=\"inner-content\"><h1 class=\" zw-cgb headline h4\">Principaux secteurs<\/h1><ul class=\"zw-cgb-ul fulltext \"><li class=\"\">Services<\/li><li class=\"\">Biens de consommation et commerce<\/li><\/ul><\/div><\/div>      <\/div>\n    <\/div>\n    <div  class=\"zw-cgb no-image-layout columnblock black-color no-icon   \">\n      <div class=\"zw-cgb zw-cgb-content\">\n\n        <div class=\"column-content\"><div class=\"inner-content\"><h2 class=\" zw-cgb headline h4\">Domaines d&#8217;expertise<\/h2><ul class=\"zw-cgb-ul fulltext \"><li class=\"\">Restructuration et redressement<\/li><li class=\"\">Politiques de tarification<\/li><li class=\"\">Programmes d\u2019am\u00e9lioration des performances<\/li><li class=\"\">Programm Management Office<\/li><li class=\"\">Missions internationales<\/li><li class=\"\">Digitalisation des ventes et du marketing et des mod\u00e8les commerciaux<\/li><li class=\"\">L\u2019excellence du service<\/li><\/ul><\/div><\/div>      <\/div>\n    <\/div>\n    <div  class=\"zw-cgb no-image-layout columnblock black-color no-icon   \">\n      <div class=\"zw-cgb zw-cgb-content\">\n\n        <div class=\"column-content\"><div class=\"inner-content\"><h2 class=\" zw-cgb headline h4\">\u00c9volution professionelle<\/h2><ul class=\"zw-cgb-ul fulltext \"><li class=\"\">Directeur marketing r\u00e9gional DACH\/Europe centrale pour les solutions de distribution et de marketing des entreprises commerciales chez The Continuity Company (TCC)<\/li><li class=\"\">Directeur mondial du marketing &amp; Trade Strategy chez Japan Tobacco International (JTI)<\/li><li class=\"\">Membre de la direction en Roumanie, en Suisse et en Allemagne pour les organisations nationales chez JTI<\/li><li class=\"\">Responsable des relations avec les consommateurs au sein du Groupe Carlsberg \/ Feldschl\u00f6sschen Boissons SA<\/li><li class=\"\">Superviseur de la marque chez Philip Morris<\/li><\/ul><\/div><\/div>      <\/div>\n    <\/div>\n<\/div><\/div>\n\n\n<div style=\"height:100px\" aria-hidden=\"true\" class=\"wp-block-spacer\"><\/div>\n\n\n\n\n","protected":false},"author":6,"featured_media":0,"menu_order":0,"template":"","competences":[679,685,681,677,680,673,691],"industry-sectors":[634,699,701],"typ-team":[671,645,651],"class_list":["post-500692","team","type-team","status-publish","hentry","competences-finance-fr","competences-innovation-fr","competences-marketing-et-ventes","competences-missions-internationales","competences-numerisation","competences-restructuration","competences-start-ups-et-grown-ups","industry-sectors-biens-de-consommation","industry-sectors-commerce","industry-sectors-services-fr","typ-team-conseiller-en-restructuration","typ-team-directeur","typ-team-partenaire-et-directeur-responsable-de-solution-group-biens-de-consommation-et-commerce-de-detail"],"allData":{"rank_math_internal_links_processed":["1"],"_zw_post_wordcount":["300"],"_zw_reading_time_seconds":["60"],"_wpml_media_duplicate":["1"],"_wpml_media_featured":["1"],"_zw_lastname":["Boventer"],"_zw_prename":["Dirk "],"_zw_email":["Dirk.Boventer@atreus.de"],"_zw_phone":["+49 89 452249-290"],"_zw_linkedin":["https:\/\/www.linkedin.com\/in\/dirk-boventer\/"],"_top_nav_excluded":[""],"_cms_nav_minihome":[""],"_last_translation_edit_mode":["native-editor"],"_wpml_word_count":["{\"total\":312,\"to_translate\":{\"en\":312,\"de\":312}}"],"_edit_lock":["1767599975:3"],"rank_math_seo_score":["59"],"rank_math_description":["Dirk Boventer dirige le Solution Group Biens de consommation et Commerce chez Atreus."],"_edit_last":["3"],"_zw_max_input_files":["0"],"_wpml_media_has_media":["1"],"rank_math_facebook_image":["https:\/\/www.atreus.de\/wp-content\/uploads\/2023\/07\/bov-di-v2.png"],"rank_math_facebook_image_id":["399703"],"_zw_portraitImg":["399703"],"rank_math_title":["Dirk Boventer \u2014 Partenaire et directeur Atreus GmbH"],"rank_math_focus_keyword":["Dirk Boventer"],"_zw_description":["Partenaire"]},"_links":{"self":[{"href":"https:\/\/www.atreus.de\/fr\/wp-json\/wp\/v2\/team\/500692","targetHints":{"allow":["GET"]}}],"collection":[{"href":"https:\/\/www.atreus.de\/fr\/wp-json\/wp\/v2\/team"}],"about":[{"href":"https:\/\/www.atreus.de\/fr\/wp-json\/wp\/v2\/types\/team"}],"author":[{"embeddable":true,"href":"https:\/\/www.atreus.de\/fr\/wp-json\/wp\/v2\/users\/6"}],"version-history":[{"count":0,"href":"https:\/\/www.atreus.de\/fr\/wp-json\/wp\/v2\/team\/500692\/revisions"}],"wp:attachment":[{"href":"https:\/\/www.atreus.de\/fr\/wp-json\/wp\/v2\/media?parent=500692"}],"wp:term":[{"taxonomy":"competences","embeddable":true,"href":"https:\/\/www.atreus.de\/fr\/wp-json\/wp\/v2\/competences?post=500692"},{"taxonomy":"industry-sectors","embeddable":true,"href":"https:\/\/www.atreus.de\/fr\/wp-json\/wp\/v2\/industry-sectors?post=500692"},{"taxonomy":"typ-team","embeddable":true,"href":"https:\/\/www.atreus.de\/fr\/wp-json\/wp\/v2\/typ-team?post=500692"}],"curies":[{"name":"wp","href":"https:\/\/api.w.org\/{rel}","templated":true}]}}

<div  class="zw-cgb is-first-block textblock black-color zw-content-pos-center  default-margin ">
      <div class="row">
        <div class="zw-cgb-content col-12 g-0">
          <p class=" zw-cgb fulltext "><strong>Dirk Boventer est Atreus partenaire. Il se concentre sur des projets et des programmes dans les domaines de la vente et du marketing, de la croissance de la top line, de la réorientation organisationnelle, de la numérisation, des tâches internationales ainsi que de l’occupation intérimaire de postes de top management. Il est également spécialisé dans les projets et programmes de transformation informatique. </strong></p><p class=" zw-cgb fulltext ">Ses domaines de prédilection sont la gestion de marque centrée sur le consommateur, les programmes de fidélisation de la clientèle, les solutions commerciales et omni-canal intégrées, la transformation des portefeuilles de produits et des modèles de service, la stratégie tarifaire ainsi que la numérisation des modèles commerciaux. Dirk Boventer jouit de plus de 20 ans d’expérience dans la gestion générale et les ventes et le marketing. Avant de travailler pour Atreus, il a occupé plusieurs postes de direction dans des groupes de grande consommation renommés et a été responsable, entre autres, de projets de transformation dans des sociétés nationales en Europe et en Asie.</p>        </div>
      </div>
    </div>




<div style="height:64px" aria-hidden="true" class="wp-block-spacer is-style-zw-default-color-400"></div>


<div  class="zw-cgb row  columnmaster020 default-margin "><div class="columnmaster-inner-content g-0">    <div  class="zw-cgb no-image-layout columnblock black-color no-icon   ">
      <div class="zw-cgb zw-cgb-content">

        <div class="column-content"><div class="inner-content"><h1 class=" zw-cgb headline h4">Principaux secteurs</h1><ul class="zw-cgb-ul fulltext "><li class="">Services</li><li class="">Biens de consommation et commerce</li></ul></div></div>      </div>
    </div>
    <div  class="zw-cgb no-image-layout columnblock black-color no-icon   ">
      <div class="zw-cgb zw-cgb-content">

        <div class="column-content"><div class="inner-content"><h2 class=" zw-cgb headline h4">Domaines d&#8217;expertise</h2><ul class="zw-cgb-ul fulltext "><li class="">Restructuration et redressement</li><li class="">Politiques de tarification</li><li class="">Programmes d’amélioration des performances</li><li class="">Programm Management Office</li><li class="">Missions internationales</li><li class="">Digitalisation des ventes et du marketing et des modèles commerciaux</li><li class="">L’excellence du service</li></ul></div></div>      </div>
    </div>
    <div  class="zw-cgb no-image-layout columnblock black-color no-icon   ">
      <div class="zw-cgb zw-cgb-content">

        <div class="column-content"><div class="inner-content"><h2 class=" zw-cgb headline h4">Évolution professionelle</h2><ul class="zw-cgb-ul fulltext "><li class="">Directeur marketing régional DACH/Europe centrale pour les solutions de distribution et de marketing des entreprises commerciales chez The Continuity Company (TCC)</li><li class="">Directeur mondial du marketing &amp; Trade Strategy chez Japan Tobacco International (JTI)</li><li class="">Membre de la direction en Roumanie, en Suisse et en Allemagne pour les organisations nationales chez JTI</li><li class="">Responsable des relations avec les consommateurs au sein du Groupe Carlsberg / Feldschlösschen Boissons SA</li><li class="">Superviseur de la marque chez Philip Morris</li></ul></div></div>      </div>
    </div>
</div></div>


<div style="height:100px" aria-hidden="true" class="wp-block-spacer"></div>
