{"id":500693,"date":"2022-03-23T15:17:17","date_gmt":"2022-03-23T14:17:17","guid":{"rendered":"https:\/\/www.atreus.de\/?post_type=team&#038;p=500693"},"modified":"2026-01-05T09:54:11","modified_gmt":"2026-01-05T08:54:11","slug":"martin-schulz","status":"publish","type":"team","link":"https:\/\/www.atreus.de\/fr\/equipe\/martin-schulz\/","title":{"rendered":"Martin Schulz"},"content":{"rendered":"\n    <div  class=\"zw-cgb is-first-block textblock black-color zw-content-pos-center  default-margin \">\n      <div class=\"row\">\n        <div class=\"zw-cgb-content col-12 g-0\">\n          <p class=\" zw-cgb fulltext \"><strong>Martin Schulz est Atreus p<strong>artenaire<\/strong> et dirige le Solution Group energie et environnement. <\/strong><\/p><p class=\" zw-cgb fulltext \">Il se concentre sur les processus de transformation et de changement orient\u00e9s vers l&#8217;efficacit\u00e9 dans les entreprises, sur la collaboration bas\u00e9e sur la confiance et sur l&#8217;occupation de postes de top management transitoires orient\u00e9s sur la personnalit\u00e9. Il s&#8217;occupe principalement des secteurs de l&#8217;\u00e9nergie et de l&#8217;environnement, de la construction de machines et d&#8217;installations, de l&#8217;\u00e9lectrotechnique et de l&#8217;industrie chimique.<\/p><p class=\" zw-cgb fulltext \">M. Schulz s\u2019appuie sur plus de 25&nbsp;ans de responsabilit\u00e9 de direction internationale, de gestion g\u00e9n\u00e9rale et d\u2019exp\u00e9rience entrepreneuriale, ainsi que sur une expertise en mati\u00e8re de vente, de marketing, de conseil et de coaching.<\/p><p class=\" zw-cgb fulltext \">Avant de rejoindre Atreus, il a occup\u00e9 plusieurs postes de senior management dans des entreprises de haute technologie de premier plan, notamment en tant que directeur g\u00e9n\u00e9ral d\u2019Air Liquide Germany et directeur g\u00e9n\u00e9ral de Carbagas AG.<\/p>        <\/div>\n      <\/div>\n    <\/div>\n\n\n\n\n<div style=\"height:64px\" aria-hidden=\"true\" class=\"wp-block-spacer is-style-zw-default-color-400\"><\/div>\n\n\n<div  class=\"zw-cgb row  columnmaster020 default-margin \"><div class=\"columnmaster-inner-content g-0\">    <div  class=\"zw-cgb no-image-layout columnblock black-color no-icon   \">\n      <div class=\"zw-cgb zw-cgb-content\">\n\n        <div class=\"column-content\"><div class=\"inner-content\"><h1 class=\" zw-cgb headline h4\">Principaux secteurs<\/h1><ul class=\"zw-cgb-ul fulltext \"><li class=\"\">\u00c9nergie<\/li><li class=\"\">Construction de machines et d\u2019installations<\/li><li class=\"\">T\u00e9l\u00e9communications, IT, m\u00e9dias<\/li><\/ul><\/div><\/div>      <\/div>\n    <\/div>\n    <div  class=\"zw-cgb no-image-layout columnblock black-color no-icon   \">\n      <div class=\"zw-cgb zw-cgb-content\">\n\n        <div class=\"column-content\"><div class=\"inner-content\"><h2 class=\" zw-cgb headline h4\">Domaines d&#8217;expertise<\/h2><ul class=\"zw-cgb-ul fulltext \"><li class=\"\">Gestion du capital humain<\/li><li class=\"\">Gestion du changement<\/li><li class=\"\">Transformation num\u00e9rique (mod\u00e8les d\u2019entreprise, processus op\u00e9rationnels, ventes et marketing)<\/li><li class=\"\">Restructuration et redressement<\/li><li class=\"\">T\u00e2ches internationales<\/li><li class=\"\">Programmes d\u2019am\u00e9lioration des performances<\/li><li class=\"\">Politiques de tarification<\/li><li class=\"\">Programm Management Office<\/li><li class=\"\">Mandats de conseil consultatif<\/li><\/ul><\/div><\/div>      <\/div>\n    <\/div>\n    <div  class=\"zw-cgb no-image-layout columnblock black-color no-icon   \">\n      <div class=\"zw-cgb zw-cgb-content\">\n\n        <div class=\"column-content\"><div class=\"inner-content\"><h2 class=\" zw-cgb headline h4\">\u00c9volution professionelle<\/h2><ul class=\"zw-cgb-ul fulltext \"><li class=\"\">Directeur g\u00e9n\u00e9ral d\u2019Air Liquide Germany GmbH<\/li><li class=\"\">Directeur g\u00e9n\u00e9ral Carbagas AG\/Directeur g\u00e9n\u00e9ral Air Liquide Austria GmbH<\/li><li class=\"\">CSO Solar&amp;Hydro\/Head of Solar PV Siemens Energy<\/li><li class=\"\">Diff\u00e9rentes fonctions de Senior Management chez Siemens AG<\/li><li class=\"\">Diverses fonctions nationales et internationales de vente et de marketing Siemens Communication<\/li><\/ul><\/div><\/div>      <\/div>\n    <\/div>\n<\/div><\/div>\n\n    <div  class=\"zw-cgb  change-padding  infoblock default-margin black-color  \">\n      <div class=\" row\">\n        <div class=\"zw-cgb-content has-padding col-12\">\n          <div class=\"preheadline-container parent-has-padding\"><p class=\" zw-cgb preheadline ' .  . '\">Contributions de et avec Martin Schulz<\/p><\/div><div class=\"inner-content parent-has-padding\"><div class=\"link-container\"><\/div><\/div>        <\/div>\n      <\/div>\n    <\/div>\n\n\n\n    <div  class=\"zw-cgb  latestPosts default-margin \">\n      <div class=\"row zw-cgb-content\">\n        \n      <div  class=\"zw-cgb latestPostsContent px-0 col-12 event content-2-3  show-featured-image \">\n\n\n        <div class=\"image-container single-featured\"><a href = \"https:\/\/www.atreus.de\/fr\/evenement\/table-ronde-le-tournant-energetique-et-ses-consequences\/\"><span class=\"copyright-image\"><\/span><img decoding=\"async\" loading=\"lazy\" alt=\"atreus_\" src=\"https:\/\/www.atreus.de\/wp-content\/uploads\/2023\/08\/teaser-4zu3-20230802-RT-Enrergie-Infr-Grosspr.jpg\" srcset=\"https:\/\/www.atreus.de\/wp-content\/uploads\/2023\/08\/teaser-4zu3-20230802-RT-Enrergie-Infr-Grosspr.jpg 823w, https:\/\/www.atreus.de\/wp-content\/uploads\/2023\/08\/teaser-4zu3-20230802-RT-Enrergie-Infr-Grosspr-768x578.jpg 768w, https:\/\/www.atreus.de\/wp-content\/uploads\/2023\/08\/teaser-4zu3-20230802-RT-Enrergie-Infr-Grosspr-480x361.jpg 480w\" sizes=\"(max-width: 1024px) 100vw, 1024px\" style=\"aspect-ratio:823\/619 !important\" title=\"atreus_\"><\/a><\/div><div class=\"image-container double-featured\"><a href = \"https:\/\/www.atreus.de\/fr\/evenement\/table-ronde-le-tournant-energetique-et-ses-consequences\/\"><span class=\"copyright-image\"><\/span><img decoding=\"async\" loading=\"lazy\" alt=\"atreus_\" src=\"https:\/\/www.atreus.de\/wp-content\/uploads\/2023\/08\/teaser-landscape-20230802-RT-Enrergie-Infr-Grosspr.jpg\" srcset=\"https:\/\/www.atreus.de\/wp-content\/uploads\/2023\/08\/teaser-landscape-20230802-RT-Enrergie-Infr-Grosspr.jpg 1098w, https:\/\/www.atreus.de\/wp-content\/uploads\/2023\/08\/teaser-landscape-20230802-RT-Enrergie-Infr-Grosspr-768x288.jpg 768w, https:\/\/www.atreus.de\/wp-content\/uploads\/2023\/08\/teaser-landscape-20230802-RT-Enrergie-Infr-Grosspr-1024x384.jpg 1024w, https:\/\/www.atreus.de\/wp-content\/uploads\/2023\/08\/teaser-landscape-20230802-RT-Enrergie-Infr-Grosspr-480x180.jpg 480w\" sizes=\"(max-width: 1024px) 100vw, 1024px\" style=\"aspect-ratio:1098\/412 !important\" title=\"atreus_\"><\/a><\/div>        <div class=\"content-container has-excerpt posttype-event blue-400 white-color\">\n          <div class=\"preheadline-container parent-has-padding\"><p class=\"zw-cgb preheadline\">Table ronde | 26.09.2023<\/p><\/div><a href = \"https:\/\/www.atreus.de\/fr\/evenement\/table-ronde-le-tournant-energetique-et-ses-consequences\/\"><h2 class=\" zw-cgb headline\">Table ronde&nbsp;: le tournant \u00e9nerg\u00e9tique et ses cons\u00e9quences<\/h2><\/a><p class=\" zw-cgb fulltext\">L\u2019impact de la transition \u00e9nerg\u00e9tique sur les d\u00e9cisions d\u2019implantation des entreprises en Allemagne est tr\u00e8s important. Le terme de d\u00e9sindustrialisation est d\u2019actualit\u00e9, un d\u00e9bat controvers\u00e9 s\u2019\u00e9l\u00e8ve autour du prix de l\u2019\u00e9lectricit\u00e9 industrielle. Comment assurer la comp\u00e9titivit\u00e9 de l\u2019Allemagne\u00a0?<\/p><div class=\"zw-cgb zw-cgb-button-container \"><a href=\"https:\/\/www.atreus.de\/fr\/evenement\/table-ronde-le-tournant-energetique-et-ses-consequences\/\" class=\"zw-cgb btn btn-primary \">Lire la suite<\/a><\/div>        <\/div>\n            <\/div>\n      <div class=\"zw-spacer px-0\"><\/div>\n  \n      <div  class=\"zw-cgb latestPostsContent px-0 col-12 publication content-1-3  show-featured-image \">\n\n\n        <div class=\"image-container single-featured\"><a href = \"https:\/\/www.atreus.de\/fr\/publication\/etude\/tournant-energetique-et-ses-consequences\/\"><span class=\"copyright-image\"><\/span><img decoding=\"async\" loading=\"lazy\" alt=\"atreus_\" src=\"https:\/\/www.atreus.de\/wp-content\/uploads\/2023\/08\/teaser-4zu3-20230802-RT-Enrergie-Infr-Grosspr.jpg\" srcset=\"https:\/\/www.atreus.de\/wp-content\/uploads\/2023\/08\/teaser-4zu3-20230802-RT-Enrergie-Infr-Grosspr.jpg 823w, https:\/\/www.atreus.de\/wp-content\/uploads\/2023\/08\/teaser-4zu3-20230802-RT-Enrergie-Infr-Grosspr-768x578.jpg 768w, https:\/\/www.atreus.de\/wp-content\/uploads\/2023\/08\/teaser-4zu3-20230802-RT-Enrergie-Infr-Grosspr-480x361.jpg 480w\" sizes=\"(max-width: 1024px) 100vw, 1024px\" style=\"aspect-ratio:823\/619 !important\" title=\"atreus_\"><\/a><\/div><div class=\"image-container double-featured\"><a href = \"https:\/\/www.atreus.de\/fr\/publication\/etude\/tournant-energetique-et-ses-consequences\/\"><span class=\"copyright-image\"><\/span><img decoding=\"async\" loading=\"lazy\" alt=\"atreus_\" src=\"https:\/\/www.atreus.de\/wp-content\/uploads\/2023\/08\/teaser-landscape-20230802-RT-Enrergie-Infr-Grosspr.jpg\" srcset=\"https:\/\/www.atreus.de\/wp-content\/uploads\/2023\/08\/teaser-landscape-20230802-RT-Enrergie-Infr-Grosspr.jpg 1098w, https:\/\/www.atreus.de\/wp-content\/uploads\/2023\/08\/teaser-landscape-20230802-RT-Enrergie-Infr-Grosspr-768x288.jpg 768w, https:\/\/www.atreus.de\/wp-content\/uploads\/2023\/08\/teaser-landscape-20230802-RT-Enrergie-Infr-Grosspr-1024x384.jpg 1024w, https:\/\/www.atreus.de\/wp-content\/uploads\/2023\/08\/teaser-landscape-20230802-RT-Enrergie-Infr-Grosspr-480x180.jpg 480w\" sizes=\"(max-width: 1024px) 100vw, 1024px\" style=\"aspect-ratio:1098\/412 !important\" title=\"atreus_\"><\/a><\/div>        <div class=\"content-container has-excerpt posttype-publication blue-600 white-color\">\n          <div class=\"preheadline-container parent-has-padding\"><p class=\"zw-cgb preheadline\">\u00c9tude<\/p><\/div><a href = \"https:\/\/www.atreus.de\/fr\/publication\/etude\/tournant-energetique-et-ses-consequences\/\"><h2 class=\" zw-cgb headline\">Tournant \u00e9nerg\u00e9tique et ses cons\u00e9quences<\/h2><\/a><p class=\" zw-cgb fulltext\">L\u2019\u00e9tude met en \u00e9vidence une inqui\u00e9tude croissante des chefs d\u2019entreprise allemands quant \u00e0 l\u2019impact de la transition \u00e9nerg\u00e9tique. Les r\u00e9sultats de l\u2019enqu\u00eate montrent que de nombreux cadres sup\u00e9rieurs reconnaissent de plus en plus de d\u00e9savantages concurrentiels pour le site \u00e9conomique allemand.<\/p><div class=\"zw-cgb zw-cgb-button-container \"><a href=\"https:\/\/www.atreus.de\/fr\/publication\/etude\/tournant-energetique-et-ses-consequences\/\" class=\"zw-cgb btn btn-primary \">Lire la suite<\/a><\/div>        <\/div>\n            <\/div>\n      <div class=\"zw-spacer px-0\"><\/div>\n        <\/div>\n    <\/div>\n\n","protected":false},"author":6,"featured_media":0,"menu_order":0,"template":"","competences":[677,673],"industry-sectors":[700],"typ-team":[671,645,656,653],"class_list":["post-500693","team","type-team","status-publish","hentry","competences-missions-internationales","competences-restructuration","industry-sectors-energie-et-environnement","typ-team-conseiller-en-restructuration","typ-team-directeur","typ-team-directeur-de-solution-group-energie-et-environnement","typ-team-partenaire-et-directeur"],"allData":{"rank_math_internal_links_processed":["1"],"_zw_post_wordcount":["269"],"_zw_reading_time_seconds":["54"],"_wpml_media_duplicate":["1"],"_wpml_media_featured":["1"],"_zw_lastname":["Schulz"],"_zw_prename":["Martin "],"_zw_email":["Martin.Schulz@atreus.de"],"_zw_phone":["+49 89 452249-115"],"_zw_linkedin":["https:\/\/www.linkedin.com\/in\/martinschulz2\/"],"_top_nav_excluded":[""],"_cms_nav_minihome":[""],"_last_translation_edit_mode":["native-editor"],"rank_math_facebook_image":["https:\/\/www.atreus.de\/wp-content\/uploads\/2023\/07\/sch-ma-v6.png"],"rank_math_facebook_image_id":["399785"],"_zw_portraitImg":["399785"],"_zw_max_input_files":["0"],"_edit_lock":["1767603260:3"],"rank_math_seo_score":["58"],"_edit_last":["3"],"_wpml_media_has_media":["1"],"_wpml_word_count":["{\"total\":273,\"to_translate\":{\"en\":273,\"de\":273}}"],"rank_math_title":["Martin Schulz \u2014 Partenaire et directeur Atreus GmbH"],"rank_math_focus_keyword":["Martin Schulz"],"_zw_description":["Partenaire et responsable du Solution Group \u00e9nergie et environnement\r\n"]},"_links":{"self":[{"href":"https:\/\/www.atreus.de\/fr\/wp-json\/wp\/v2\/team\/500693","targetHints":{"allow":["GET"]}}],"collection":[{"href":"https:\/\/www.atreus.de\/fr\/wp-json\/wp\/v2\/team"}],"about":[{"href":"https:\/\/www.atreus.de\/fr\/wp-json\/wp\/v2\/types\/team"}],"author":[{"embeddable":true,"href":"https:\/\/www.atreus.de\/fr\/wp-json\/wp\/v2\/users\/6"}],"version-history":[{"count":0,"href":"https:\/\/www.atreus.de\/fr\/wp-json\/wp\/v2\/team\/500693\/revisions"}],"wp:attachment":[{"href":"https:\/\/www.atreus.de\/fr\/wp-json\/wp\/v2\/media?parent=500693"}],"wp:term":[{"taxonomy":"competences","embeddable":true,"href":"https:\/\/www.atreus.de\/fr\/wp-json\/wp\/v2\/competences?post=500693"},{"taxonomy":"industry-sectors","embeddable":true,"href":"https:\/\/www.atreus.de\/fr\/wp-json\/wp\/v2\/industry-sectors?post=500693"},{"taxonomy":"typ-team","embeddable":true,"href":"https:\/\/www.atreus.de\/fr\/wp-json\/wp\/v2\/typ-team?post=500693"}],"curies":[{"name":"wp","href":"https:\/\/api.w.org\/{rel}","templated":true}]}}

<div  class="zw-cgb is-first-block textblock black-color zw-content-pos-center  default-margin ">
      <div class="row">
        <div class="zw-cgb-content col-12 g-0">
          <p class=" zw-cgb fulltext "><strong>Martin Schulz est Atreus p<strong>artenaire</strong> et dirige le Solution Group energie et environnement. </strong></p><p class=" zw-cgb fulltext ">Il se concentre sur les processus de transformation et de changement orientés vers l&#8217;efficacité dans les entreprises, sur la collaboration basée sur la confiance et sur l&#8217;occupation de postes de top management transitoires orientés sur la personnalité. Il s&#8217;occupe principalement des secteurs de l&#8217;énergie et de l&#8217;environnement, de la construction de machines et d&#8217;installations, de l&#8217;électrotechnique et de l&#8217;industrie chimique.</p><p class=" zw-cgb fulltext ">M. Schulz s’appuie sur plus de 25&nbsp;ans de responsabilité de direction internationale, de gestion générale et d’expérience entrepreneuriale, ainsi que sur une expertise en matière de vente, de marketing, de conseil et de coaching.</p><p class=" zw-cgb fulltext ">Avant de rejoindre Atreus, il a occupé plusieurs postes de senior management dans des entreprises de haute technologie de premier plan, notamment en tant que directeur général d’Air Liquide Germany et directeur général de Carbagas AG.</p>        </div>
      </div>
    </div>




<div style="height:64px" aria-hidden="true" class="wp-block-spacer is-style-zw-default-color-400"></div>


<div  class="zw-cgb row  columnmaster020 default-margin "><div class="columnmaster-inner-content g-0">    <div  class="zw-cgb no-image-layout columnblock black-color no-icon   ">
      <div class="zw-cgb zw-cgb-content">

        <div class="column-content"><div class="inner-content"><h1 class=" zw-cgb headline h4">Principaux secteurs</h1><ul class="zw-cgb-ul fulltext "><li class="">Énergie</li><li class="">Construction de machines et d’installations</li><li class="">Télécommunications, IT, médias</li></ul></div></div>      </div>
    </div>
    <div  class="zw-cgb no-image-layout columnblock black-color no-icon   ">
      <div class="zw-cgb zw-cgb-content">

        <div class="column-content"><div class="inner-content"><h2 class=" zw-cgb headline h4">Domaines d&#8217;expertise</h2><ul class="zw-cgb-ul fulltext "><li class="">Gestion du capital humain</li><li class="">Gestion du changement</li><li class="">Transformation numérique (modèles d’entreprise, processus opérationnels, ventes et marketing)</li><li class="">Restructuration et redressement</li><li class="">Tâches internationales</li><li class="">Programmes d’amélioration des performances</li><li class="">Politiques de tarification</li><li class="">Programm Management Office</li><li class="">Mandats de conseil consultatif</li></ul></div></div>      </div>
    </div>
    <div  class="zw-cgb no-image-layout columnblock black-color no-icon   ">
      <div class="zw-cgb zw-cgb-content">

        <div class="column-content"><div class="inner-content"><h2 class=" zw-cgb headline h4">Évolution professionelle</h2><ul class="zw-cgb-ul fulltext "><li class="">Directeur général d’Air Liquide Germany GmbH</li><li class="">Directeur général Carbagas AG/Directeur général Air Liquide Austria GmbH</li><li class="">CSO Solar&amp;Hydro/Head of Solar PV Siemens Energy</li><li class="">Différentes fonctions de Senior Management chez Siemens AG</li><li class="">Diverses fonctions nationales et internationales de vente et de marketing Siemens Communication</li></ul></div></div>      </div>
    </div>
</div></div>

    <div  class="zw-cgb  change-padding  infoblock default-margin black-color  ">
      <div class=" row">
        <div class="zw-cgb-content has-padding col-12">
          <div class="preheadline-container parent-has-padding"><p class=" zw-cgb preheadline ' .  . '">Contributions de et avec Martin Schulz</p></div><div class="inner-content parent-has-padding"><div class="link-container"></div></div>        </div>
      </div>
    </div>



    <div  class="zw-cgb  latestPosts default-margin ">
      <div class="row zw-cgb-content">
        
      <div  class="zw-cgb latestPostsContent px-0 col-12 event content-2-3  show-featured-image ">


        <div class="image-container single-featured"><a href = "https://www.atreus.de/fr/evenement/table-ronde-le-tournant-energetique-et-ses-consequences/"><span class="copyright-image"></span><img decoding="async" loading="lazy" alt="atreus_" src="https://www.atreus.de/wp-content/uploads/2023/08/teaser-4zu3-20230802-RT-Enrergie-Infr-Grosspr.jpg" srcset="https://www.atreus.de/wp-content/uploads/2023/08/teaser-4zu3-20230802-RT-Enrergie-Infr-Grosspr.jpg 823w, https://www.atreus.de/wp-content/uploads/2023/08/teaser-4zu3-20230802-RT-Enrergie-Infr-Grosspr-768x578.jpg 768w, https://www.atreus.de/wp-content/uploads/2023/08/teaser-4zu3-20230802-RT-Enrergie-Infr-Grosspr-480x361.jpg 480w" sizes="(max-width: 1024px) 100vw, 1024px" style="aspect-ratio:823/619 !important" title="atreus_"></a></div><div class="image-container double-featured"><a href = "https://www.atreus.de/fr/evenement/table-ronde-le-tournant-energetique-et-ses-consequences/"><span class="copyright-image"></span><img decoding="async" loading="lazy" alt="atreus_" src="https://www.atreus.de/wp-content/uploads/2023/08/teaser-landscape-20230802-RT-Enrergie-Infr-Grosspr.jpg" srcset="https://www.atreus.de/wp-content/uploads/2023/08/teaser-landscape-20230802-RT-Enrergie-Infr-Grosspr.jpg 1098w, https://www.atreus.de/wp-content/uploads/2023/08/teaser-landscape-20230802-RT-Enrergie-Infr-Grosspr-768x288.jpg 768w, https://www.atreus.de/wp-content/uploads/2023/08/teaser-landscape-20230802-RT-Enrergie-Infr-Grosspr-1024x384.jpg 1024w, https://www.atreus.de/wp-content/uploads/2023/08/teaser-landscape-20230802-RT-Enrergie-Infr-Grosspr-480x180.jpg 480w" sizes="(max-width: 1024px) 100vw, 1024px" style="aspect-ratio:1098/412 !important" title="atreus_"></a></div>        <div class="content-container has-excerpt posttype-event blue-400 white-color">
          <div class="preheadline-container parent-has-padding"><p class="zw-cgb preheadline">Table ronde | 26.09.2023</p></div><a href = "https://www.atreus.de/fr/evenement/table-ronde-le-tournant-energetique-et-ses-consequences/"><h2 class=" zw-cgb headline">Table ronde&nbsp;: le tournant énergétique et ses conséquences</h2></a><p class=" zw-cgb fulltext">L’impact de la transition énergétique sur les décisions d’implantation des entreprises en Allemagne est très important. Le terme de désindustrialisation est d’actualité, un débat controversé s’élève autour du prix de l’électricité industrielle. Comment assurer la compétitivité de l’Allemagne ?</p><div class="zw-cgb zw-cgb-button-container "><a href="https://www.atreus.de/fr/evenement/table-ronde-le-tournant-energetique-et-ses-consequences/" class="zw-cgb btn btn-primary ">Lire la suite</a></div>        </div>
            </div>
      <div class="zw-spacer px-0"></div>
  
      <div  class="zw-cgb latestPostsContent px-0 col-12 publication content-1-3  show-featured-image ">


        <div class="image-container single-featured"><a href = "https://www.atreus.de/fr/publication/etude/tournant-energetique-et-ses-consequences/"><span class="copyright-image"></span><img decoding="async" loading="lazy" alt="atreus_" src="https://www.atreus.de/wp-content/uploads/2023/08/teaser-4zu3-20230802-RT-Enrergie-Infr-Grosspr.jpg" srcset="https://www.atreus.de/wp-content/uploads/2023/08/teaser-4zu3-20230802-RT-Enrergie-Infr-Grosspr.jpg 823w, https://www.atreus.de/wp-content/uploads/2023/08/teaser-4zu3-20230802-RT-Enrergie-Infr-Grosspr-768x578.jpg 768w, https://www.atreus.de/wp-content/uploads/2023/08/teaser-4zu3-20230802-RT-Enrergie-Infr-Grosspr-480x361.jpg 480w" sizes="(max-width: 1024px) 100vw, 1024px" style="aspect-ratio:823/619 !important" title="atreus_"></a></div><div class="image-container double-featured"><a href = "https://www.atreus.de/fr/publication/etude/tournant-energetique-et-ses-consequences/"><span class="copyright-image"></span><img decoding="async" loading="lazy" alt="atreus_" src="https://www.atreus.de/wp-content/uploads/2023/08/teaser-landscape-20230802-RT-Enrergie-Infr-Grosspr.jpg" srcset="https://www.atreus.de/wp-content/uploads/2023/08/teaser-landscape-20230802-RT-Enrergie-Infr-Grosspr.jpg 1098w, https://www.atreus.de/wp-content/uploads/2023/08/teaser-landscape-20230802-RT-Enrergie-Infr-Grosspr-768x288.jpg 768w, https://www.atreus.de/wp-content/uploads/2023/08/teaser-landscape-20230802-RT-Enrergie-Infr-Grosspr-1024x384.jpg 1024w, https://www.atreus.de/wp-content/uploads/2023/08/teaser-landscape-20230802-RT-Enrergie-Infr-Grosspr-480x180.jpg 480w" sizes="(max-width: 1024px) 100vw, 1024px" style="aspect-ratio:1098/412 !important" title="atreus_"></a></div>        <div class="content-container has-excerpt posttype-publication blue-600 white-color">
          <div class="preheadline-container parent-has-padding"><p class="zw-cgb preheadline">Étude</p></div><a href = "https://www.atreus.de/fr/publication/etude/tournant-energetique-et-ses-consequences/"><h2 class=" zw-cgb headline">Tournant énergétique et ses conséquences</h2></a><p class=" zw-cgb fulltext">L’étude met en évidence une inquiétude croissante des chefs d’entreprise allemands quant à l’impact de la transition énergétique. Les résultats de l’enquête montrent que de nombreux cadres supérieurs reconnaissent de plus en plus de désavantages concurrentiels pour le site économique allemand.</p><div class="zw-cgb zw-cgb-button-container "><a href="https://www.atreus.de/fr/publication/etude/tournant-energetique-et-ses-consequences/" class="zw-cgb btn btn-primary ">Lire la suite</a></div>        </div>
            </div>
      <div class="zw-spacer px-0"></div>
        </div>
    </div>

Partenaire et responsable du Solution Group énergie et environnement
