{"id":500694,"date":"2022-03-23T14:49:52","date_gmt":"2022-03-23T13:49:52","guid":{"rendered":"https:\/\/www.atreus.de\/?post_type=team&#038;p=500694"},"modified":"2026-01-05T09:38:01","modified_gmt":"2026-01-05T08:38:01","slug":"dr-simon-mehler","status":"publish","type":"team","link":"https:\/\/www.atreus.de\/fr\/equipe\/dr-simon-mehler\/","title":{"rendered":"Dr. Simon Mehler"},"content":{"rendered":"\n    <div  class=\"zw-cgb is-first-block textblock black-color zw-content-pos-center  default-margin \">\n      <div class=\"row\">\n        <div class=\"zw-cgb-content col-12 g-0\">\n          <p class=\" zw-cgb fulltext \"><strong>Dr. Simon Mehler se concentre sur des projets et des programmes dans les domaines du redressement et de la restructuration, en particulier la production, la cha\u00eene d\u2019approvisionnement, la recherche et le \u00e9veloppement et les achats, ainsi que sur l\u2019occupation par int\u00e9rim de postes de top management.<\/strong><\/p><p class=\" zw-cgb fulltext \">Ses secteurs de pr\u00e9dilection sont l\u2019industrie automobile, la construction de machines et d\u2019installations et l\u2019industrie \u00e9lectrique. Dr. Mehler jouit de plus de 15\u00a0ans d\u2019exp\u00e9rience dans le conseil en strat\u00e9gie de haut niveau ainsi que dans des postes de direction dans des entreprises industrielles. Avant d\u2019\u00eatre partenaire d\u2019Atreus, il a notamment \u00e9t\u00e9 responsable de Global Manufacturing Excellence chez Siemens AG et Senior Manager chez Strategy&amp;. Il a \u00e9galement \u00e9t\u00e9 responsable de la gestion de la cha\u00eene d\u2019approvisionnement et de la gestion de la qualit\u00e9.<\/p>        <\/div>\n      <\/div>\n    <\/div>\n\n\n\n\n<div style=\"height:64px\" aria-hidden=\"true\" class=\"wp-block-spacer is-style-zw-default-color-400\"><\/div>\n\n\n<div  class=\"zw-cgb row  columnmaster020 default-margin \"><div class=\"columnmaster-inner-content g-0\">    <div  class=\"zw-cgb no-image-layout columnblock black-color no-icon   \">\n      <div class=\"zw-cgb zw-cgb-content\">\n\n        <div class=\"column-content\"><div class=\"inner-content\"><h1 class=\" zw-cgb headline h4\">Principaux secteurs<\/h1><ul class=\"zw-cgb-ul fulltext \"><li class=\"\">Construction de machines et d\u2019installations<\/li><li class=\"\">Capital-investissement<\/li><li class=\"\">Industrie de l\u2019acier, du m\u00e9tal et du plastique<\/li><\/ul><\/div><\/div>      <\/div>\n    <\/div>\n    <div  class=\"zw-cgb no-image-layout columnblock black-color no-icon   \">\n      <div class=\"zw-cgb zw-cgb-content\">\n\n        <div class=\"column-content\"><div class=\"inner-content\"><h2 class=\" zw-cgb headline h4\">Domaines d&#8217;expertise<\/h2><ul class=\"zw-cgb-ul fulltext \"><li class=\"\">Digitalisation des processus d\u2019entreprise<\/li><li class=\"\">Missions internationales<\/li><li class=\"\">Restructuration et redressement<\/li><li class=\"\">Programm Management Office<\/li><li class=\"\">D\u00e9marrage, optimisation et transfert de la production<\/li><li class=\"\">L\u2019excellence du service<\/li><li class=\"\">Programmes d\u2019am\u00e9lioration des performances<\/li><li class=\"\">Gestion des fonds de roulement<\/li><\/ul><\/div><\/div>      <\/div>\n    <\/div>\n    <div  class=\"zw-cgb no-image-layout columnblock black-color no-icon   \">\n      <div class=\"zw-cgb zw-cgb-content\">\n\n        <div class=\"column-content\"><div class=\"inner-content\"><h2 class=\" zw-cgb headline h4\">\u00c9volution professionelle<\/h2><ul class=\"zw-cgb-ul fulltext \"><li class=\"\">Chef de projet chez TCW GmbH &amp; Co. KG<\/li><li class=\"\">Directeur Global Manufacturing Excellence chez Siemens AG<\/li><li class=\"\">Senior Manager chez Strategy&amp;<\/li><\/ul><\/div><\/div>      <\/div>\n    <\/div>\n<\/div><\/div>\n\n    <div  class=\"zw-cgb  change-padding  infoblock default-margin black-color  \">\n      <div class=\" row\">\n        <div class=\"zw-cgb-content has-padding col-12\">\n          <div class=\"preheadline-container parent-has-padding\"><p class=\" zw-cgb preheadline ' .  . '\">Publications de et avec Dr. Simon Mehler<\/p><\/div><div class=\"inner-content parent-has-padding\"><div class=\"link-container\"><\/div><\/div>        <\/div>\n      <\/div>\n    <\/div>\n\n\n\n    <div  class=\"zw-cgb  latestPosts default-margin \">\n      <div class=\"row zw-cgb-content\">\n        \n      <div  class=\"zw-cgb latestPostsContent px-0 col-12 event content-2-3  show-featured-image \">\n\n\n        <div class=\"image-container single-featured\"><a href = \"https:\/\/www.atreus.de\/fr\/evenement\/verte-et-resiliente-la-chaine-dapprovisionnement-chez-beiersdorf-et-ritter-sport\/\"><span class=\"copyright-image\">Green factory: \u00a9 Beiersdorf\/Woman with cocoa \u00a9 Ritter Sport<\/span><img decoding=\"async\" loading=\"lazy\" alt=\"atreus_\" src=\"https:\/\/www.atreus.de\/wp-content\/uploads\/2022\/12\/teaser-img-fuer-2-und-3-spalter-20230202-Alounge-KH-green-supply-chain.jpg\" srcset=\"https:\/\/www.atreus.de\/wp-content\/uploads\/2022\/12\/teaser-img-fuer-2-und-3-spalter-20230202-Alounge-KH-green-supply-chain.jpg 823w, https:\/\/www.atreus.de\/wp-content\/uploads\/2022\/12\/teaser-img-fuer-2-und-3-spalter-20230202-Alounge-KH-green-supply-chain-768x578.jpg 768w, https:\/\/www.atreus.de\/wp-content\/uploads\/2022\/12\/teaser-img-fuer-2-und-3-spalter-20230202-Alounge-KH-green-supply-chain-480x361.jpg 480w\" sizes=\"(max-width: 1024px) 100vw, 1024px\" style=\"aspect-ratio:823\/619 !important\" title=\"atreus_\"><\/a><\/div><div class=\"image-container double-featured\"><a href = \"https:\/\/www.atreus.de\/fr\/evenement\/verte-et-resiliente-la-chaine-dapprovisionnement-chez-beiersdorf-et-ritter-sport\/\"><span class=\"copyright-image\">Green factory: \u00a9 Beiersdorf\/Woman with cocoa \u00a9 Ritter Sport<\/span><img decoding=\"async\" loading=\"lazy\" alt=\"atreus_\" src=\"https:\/\/www.atreus.de\/wp-content\/uploads\/2022\/12\/teaser-img-60zu30-20230202-Alounge-KH-green-supply-chain.jpg\" srcset=\"https:\/\/www.atreus.de\/wp-content\/uploads\/2022\/12\/teaser-img-60zu30-20230202-Alounge-KH-green-supply-chain.jpg 1098w, https:\/\/www.atreus.de\/wp-content\/uploads\/2022\/12\/teaser-img-60zu30-20230202-Alounge-KH-green-supply-chain-768x288.jpg 768w, https:\/\/www.atreus.de\/wp-content\/uploads\/2022\/12\/teaser-img-60zu30-20230202-Alounge-KH-green-supply-chain-1024x384.jpg 1024w, https:\/\/www.atreus.de\/wp-content\/uploads\/2022\/12\/teaser-img-60zu30-20230202-Alounge-KH-green-supply-chain-480x180.jpg 480w\" sizes=\"(max-width: 1024px) 100vw, 1024px\" style=\"aspect-ratio:1098\/412 !important\" title=\"atreus_\"><\/a><\/div>        <div class=\"content-container has-excerpt posttype-event blue-400 white-color\">\n          <div class=\"preheadline-container parent-has-padding\"><p class=\"zw-cgb preheadline\">A-lounge | 02.02.2023<\/p><\/div><a href = \"https:\/\/www.atreus.de\/fr\/evenement\/verte-et-resiliente-la-chaine-dapprovisionnement-chez-beiersdorf-et-ritter-sport\/\"><h2 class=\" zw-cgb headline\">Verte et r\u00e9siliente&nbsp;? La cha\u00eene d\u2019approvisionnement chez Beiersdorf et Ritter Sport<\/h2><\/a><p class=\" zw-cgb fulltext\">Mettre en \u0153uvre des strat\u00e9gies innovantes de r\u00e9duction des \u00e9missions de CO2 \u00e0 toutes les \u00e9tapes de la cha\u00eene logistique est l\u2019un des grands d\u00e9fis \u00e0 relever pour faire face \u00e0 l\u2019avanc\u00e9e du r\u00e9chauffement climatique. Quelles sont les initiatives et mesures pionni\u00e8res en mati\u00e8re &#8230;<\/p><div class=\"zw-cgb zw-cgb-button-container \"><a href=\"https:\/\/www.atreus.de\/fr\/evenement\/verte-et-resiliente-la-chaine-dapprovisionnement-chez-beiersdorf-et-ritter-sport\/\" class=\"zw-cgb btn btn-primary \">Lire la suite<\/a><\/div>        <\/div>\n            <\/div>\n      <div class=\"zw-spacer px-0\"><\/div>\n        <\/div>\n    <\/div>\n\n","protected":false},"author":6,"featured_media":0,"menu_order":0,"template":"","competences":[679,684,633,673,688],"industry-sectors":[704,703,694],"typ-team":[671,645,653],"class_list":["post-500694","team","type-team","status-publish","hentry","competences-finance-fr","competences-integration-post-fusion","competences-operations-fr","competences-restructuration","competences-service-fr","industry-sectors-autres-industries-manufacturieres","industry-sectors-construction-fr","industry-sectors-construction-de-machines-et-dinstallations","typ-team-conseiller-en-restructuration","typ-team-directeur","typ-team-partenaire-et-directeur"],"allData":{"rank_math_internal_links_processed":["1"],"_zw_post_wordcount":["219"],"_zw_reading_time_seconds":["44"],"_wpml_media_duplicate":["1"],"_wpml_media_featured":["1"],"_zw_lastname":["Mehler"],"_zw_prename":["Dr. Simon"],"_zw_email":["Simon.Mehler@atreus.de"],"_zw_phone":["+49 89 452249-245"],"_zw_linkedin":["https:\/\/www.linkedin.com\/in\/simonmehler\/"],"_top_nav_excluded":[""],"_cms_nav_minihome":[""],"_last_translation_edit_mode":["native-editor"],"rank_math_facebook_image":["https:\/\/www.atreus.de\/wp-content\/uploads\/2023\/07\/meh-si-dr-v3-1.png"],"rank_math_facebook_image_id":["399758"],"_zw_portraitImg":["399758"],"_zw_max_input_files":["0"],"_edit_lock":["1767602285:3"],"rank_math_seo_score":["58"],"_edit_last":["3"],"_wpml_word_count":["{\"total\":234,\"to_translate\":{\"en\":234,\"de\":234}}"],"rank_math_title":["Dr. Simon Mehler \u2014 Partenaire & Directeur chez Atreus GmbH"],"rank_math_description":["Dr. Simon Mehler est partenaire et directeur chez Atreus. Il se concentre sur les projets et les programmes dans les domaines du redressement et de la restructuration."],"rank_math_focus_keyword":["Dr. Simon Mehler"],"_zw_description":["Partenaire\r\n"]},"_links":{"self":[{"href":"https:\/\/www.atreus.de\/fr\/wp-json\/wp\/v2\/team\/500694","targetHints":{"allow":["GET"]}}],"collection":[{"href":"https:\/\/www.atreus.de\/fr\/wp-json\/wp\/v2\/team"}],"about":[{"href":"https:\/\/www.atreus.de\/fr\/wp-json\/wp\/v2\/types\/team"}],"author":[{"embeddable":true,"href":"https:\/\/www.atreus.de\/fr\/wp-json\/wp\/v2\/users\/6"}],"version-history":[{"count":0,"href":"https:\/\/www.atreus.de\/fr\/wp-json\/wp\/v2\/team\/500694\/revisions"}],"wp:attachment":[{"href":"https:\/\/www.atreus.de\/fr\/wp-json\/wp\/v2\/media?parent=500694"}],"wp:term":[{"taxonomy":"competences","embeddable":true,"href":"https:\/\/www.atreus.de\/fr\/wp-json\/wp\/v2\/competences?post=500694"},{"taxonomy":"industry-sectors","embeddable":true,"href":"https:\/\/www.atreus.de\/fr\/wp-json\/wp\/v2\/industry-sectors?post=500694"},{"taxonomy":"typ-team","embeddable":true,"href":"https:\/\/www.atreus.de\/fr\/wp-json\/wp\/v2\/typ-team?post=500694"}],"curies":[{"name":"wp","href":"https:\/\/api.w.org\/{rel}","templated":true}]}}

<div  class="zw-cgb is-first-block textblock black-color zw-content-pos-center  default-margin ">
      <div class="row">
        <div class="zw-cgb-content col-12 g-0">
          <p class=" zw-cgb fulltext "><strong>Dr. Simon Mehler se concentre sur des projets et des programmes dans les domaines du redressement et de la restructuration, en particulier la production, la chaîne d’approvisionnement, la recherche et le éveloppement et les achats, ainsi que sur l’occupation par intérim de postes de top management.</strong></p><p class=" zw-cgb fulltext ">Ses secteurs de prédilection sont l’industrie automobile, la construction de machines et d’installations et l’industrie électrique. Dr. Mehler jouit de plus de 15 ans d’expérience dans le conseil en stratégie de haut niveau ainsi que dans des postes de direction dans des entreprises industrielles. Avant d’être partenaire d’Atreus, il a notamment été responsable de Global Manufacturing Excellence chez Siemens AG et Senior Manager chez Strategy&amp;. Il a également été responsable de la gestion de la chaîne d’approvisionnement et de la gestion de la qualité.</p>        </div>
      </div>
    </div>




<div style="height:64px" aria-hidden="true" class="wp-block-spacer is-style-zw-default-color-400"></div>


<div  class="zw-cgb row  columnmaster020 default-margin "><div class="columnmaster-inner-content g-0">    <div  class="zw-cgb no-image-layout columnblock black-color no-icon   ">
      <div class="zw-cgb zw-cgb-content">

        <div class="column-content"><div class="inner-content"><h1 class=" zw-cgb headline h4">Principaux secteurs</h1><ul class="zw-cgb-ul fulltext "><li class="">Construction de machines et d’installations</li><li class="">Capital-investissement</li><li class="">Industrie de l’acier, du métal et du plastique</li></ul></div></div>      </div>
    </div>
    <div  class="zw-cgb no-image-layout columnblock black-color no-icon   ">
      <div class="zw-cgb zw-cgb-content">

        <div class="column-content"><div class="inner-content"><h2 class=" zw-cgb headline h4">Domaines d&#8217;expertise</h2><ul class="zw-cgb-ul fulltext "><li class="">Digitalisation des processus d’entreprise</li><li class="">Missions internationales</li><li class="">Restructuration et redressement</li><li class="">Programm Management Office</li><li class="">Démarrage, optimisation et transfert de la production</li><li class="">L’excellence du service</li><li class="">Programmes d’amélioration des performances</li><li class="">Gestion des fonds de roulement</li></ul></div></div>      </div>
    </div>
    <div  class="zw-cgb no-image-layout columnblock black-color no-icon   ">
      <div class="zw-cgb zw-cgb-content">

        <div class="column-content"><div class="inner-content"><h2 class=" zw-cgb headline h4">Évolution professionelle</h2><ul class="zw-cgb-ul fulltext "><li class="">Chef de projet chez TCW GmbH &amp; Co. KG</li><li class="">Directeur Global Manufacturing Excellence chez Siemens AG</li><li class="">Senior Manager chez Strategy&amp;</li></ul></div></div>      </div>
    </div>
</div></div>

    <div  class="zw-cgb  change-padding  infoblock default-margin black-color  ">
      <div class=" row">
        <div class="zw-cgb-content has-padding col-12">
          <div class="preheadline-container parent-has-padding"><p class=" zw-cgb preheadline ' .  . '">Publications de et avec Dr. Simon Mehler</p></div><div class="inner-content parent-has-padding"><div class="link-container"></div></div>        </div>
      </div>
    </div>



    <div  class="zw-cgb  latestPosts default-margin ">
      <div class="row zw-cgb-content">
        
      <div  class="zw-cgb latestPostsContent px-0 col-12 event content-2-3  show-featured-image ">


        <div class="image-container single-featured"><a href = "https://www.atreus.de/fr/evenement/verte-et-resiliente-la-chaine-dapprovisionnement-chez-beiersdorf-et-ritter-sport/"><span class="copyright-image">Green factory: © Beiersdorf/Woman with cocoa © Ritter Sport</span><img decoding="async" loading="lazy" alt="atreus_" src="https://www.atreus.de/wp-content/uploads/2022/12/teaser-img-fuer-2-und-3-spalter-20230202-Alounge-KH-green-supply-chain.jpg" srcset="https://www.atreus.de/wp-content/uploads/2022/12/teaser-img-fuer-2-und-3-spalter-20230202-Alounge-KH-green-supply-chain.jpg 823w, https://www.atreus.de/wp-content/uploads/2022/12/teaser-img-fuer-2-und-3-spalter-20230202-Alounge-KH-green-supply-chain-768x578.jpg 768w, https://www.atreus.de/wp-content/uploads/2022/12/teaser-img-fuer-2-und-3-spalter-20230202-Alounge-KH-green-supply-chain-480x361.jpg 480w" sizes="(max-width: 1024px) 100vw, 1024px" style="aspect-ratio:823/619 !important" title="atreus_"></a></div><div class="image-container double-featured"><a href = "https://www.atreus.de/fr/evenement/verte-et-resiliente-la-chaine-dapprovisionnement-chez-beiersdorf-et-ritter-sport/"><span class="copyright-image">Green factory: © Beiersdorf/Woman with cocoa © Ritter Sport</span><img decoding="async" loading="lazy" alt="atreus_" src="https://www.atreus.de/wp-content/uploads/2022/12/teaser-img-60zu30-20230202-Alounge-KH-green-supply-chain.jpg" srcset="https://www.atreus.de/wp-content/uploads/2022/12/teaser-img-60zu30-20230202-Alounge-KH-green-supply-chain.jpg 1098w, https://www.atreus.de/wp-content/uploads/2022/12/teaser-img-60zu30-20230202-Alounge-KH-green-supply-chain-768x288.jpg 768w, https://www.atreus.de/wp-content/uploads/2022/12/teaser-img-60zu30-20230202-Alounge-KH-green-supply-chain-1024x384.jpg 1024w, https://www.atreus.de/wp-content/uploads/2022/12/teaser-img-60zu30-20230202-Alounge-KH-green-supply-chain-480x180.jpg 480w" sizes="(max-width: 1024px) 100vw, 1024px" style="aspect-ratio:1098/412 !important" title="atreus_"></a></div>        <div class="content-container has-excerpt posttype-event blue-400 white-color">
          <div class="preheadline-container parent-has-padding"><p class="zw-cgb preheadline">A-lounge | 02.02.2023</p></div><a href = "https://www.atreus.de/fr/evenement/verte-et-resiliente-la-chaine-dapprovisionnement-chez-beiersdorf-et-ritter-sport/"><h2 class=" zw-cgb headline">Verte et résiliente&nbsp;? La chaîne d’approvisionnement chez Beiersdorf et Ritter Sport</h2></a><p class=" zw-cgb fulltext">Mettre en œuvre des stratégies innovantes de réduction des émissions de CO2 à toutes les étapes de la chaîne logistique est l’un des grands défis à relever pour faire face à l’avancée du réchauffement climatique. Quelles sont les initiatives et mesures pionnières en matière &#8230;</p><div class="zw-cgb zw-cgb-button-container "><a href="https://www.atreus.de/fr/evenement/verte-et-resiliente-la-chaine-dapprovisionnement-chez-beiersdorf-et-ritter-sport/" class="zw-cgb btn btn-primary ">Lire la suite</a></div>        </div>
            </div>
      <div class="zw-spacer px-0"></div>
        </div>
    </div>
