{"id":500701,"date":"2022-03-23T14:29:18","date_gmt":"2022-03-23T13:29:18","guid":{"rendered":"https:\/\/www.atreus.de\/?post_type=team&#038;p=500701"},"modified":"2024-08-08T15:21:40","modified_gmt":"2024-08-08T13:21:40","slug":"jessica-breuer","status":"publish","type":"team","link":"https:\/\/www.atreus.de\/fr\/equipe\/jessica-breuer\/","title":{"rendered":"Jessica Breuer"},"content":{"rendered":"\n    <div  class=\"zw-cgb is-first-block textblock black-color zw-content-pos-center  default-margin \">\n      <div class=\"row\">\n        <div class=\"zw-cgb-content col-12 g-0\">\n          <p class=\" zw-cgb fulltext \"><strong>Jessica Breuer jouit de plus de 15&nbsp;ans d\u2019exp\u00e9rience \u00e0 des postes sp\u00e9cialis\u00e9s et de direction dans l\u2019industrie automobile, dans l\u2019industrie et le commerce ainsi que dans des entreprises de production. Elle a \u00e9galement travaill\u00e9 pendant des ann\u00e9es \u00e0 son compte dans le domaine du marketing et de l\u2019\u00e9v\u00e9nementiel.<\/strong><\/p><p class=\" zw-cgb fulltext \">Ses sp\u00e9cialit\u00e9s sont la gestion int\u00e9rimaire des positions de direction et de direction, notamment les projets de niveau C et les fonctions de ligne en mati\u00e8re de contr\u00f4le et de finances, de gestion, de gestion, de cha\u00eene d\u2019approvisionnement, de production et de ressources humaines.<br>Elle se concentre sur des projets et des programmes dans les domaines de la r\u00e9organisation, de l\u2019optimisation des processus, de la r\u00e9flexion globale et de la r\u00e9orientation organisationnelle ainsi que de la gestion du changement et de la performance.<\/p>        <\/div>\n      <\/div>\n    <\/div>\n\n\n\n\n<div style=\"height:64px\" aria-hidden=\"true\" class=\"wp-block-spacer is-style-zw-default-color-400\"><\/div>\n\n\n<div  class=\"zw-cgb row  columnmaster020 default-margin \"><div class=\"columnmaster-inner-content g-0\">    <div  class=\"zw-cgb no-image-layout columnblock black-color no-icon   \">\n      <div class=\"zw-cgb zw-cgb-content\">\n\n        <div class=\"column-content\"><div class=\"inner-content\"><h1 class=\" zw-cgb headline h4\">Principaux secteurs<\/h1><ul class=\"zw-cgb-ul fulltext \"><li class=\"\">Automobile<\/li><li class=\"\">Construction et sous-traitance du b\u00e2timent<\/li><li class=\"\">\u00c9nergie<\/li><li class=\"\">Construction de machines et d\u2019installations<\/li><li class=\"\">Industrie de production<\/li><\/ul><\/div><\/div>      <\/div>\n    <\/div>\n    <div  class=\"zw-cgb no-image-layout columnblock black-color no-icon   \">\n      <div class=\"zw-cgb zw-cgb-content\">\n\n        <div class=\"column-content\"><div class=\"inner-content\"><h2 class=\" zw-cgb headline h4\">Domaines d&#8217;expertise<\/h2><ul class=\"zw-cgb-ul fulltext \"><li class=\"\">Occupation int\u00e9rimaire de fonctions de gestion de ligne et de projet<\/li><li class=\"\">Gestion du changement<\/li><li class=\"\">Augmentation de l\u2019efficacit\u00e9, optimisation des r\u00e9sultats et des co\u00fbts<\/li><li class=\"\">D\u00e9veloppement commercial et digitalisation des processus op\u00e9rationnels<\/li><li class=\"\">Service de gestion des programmes<\/li><li class=\"\">Gestion de projet<\/li><li class=\"\">D\u00e9marrage, optimisation et transfert de la production<\/li><\/ul><\/div><\/div>      <\/div>\n    <\/div>\n    <div  class=\"zw-cgb no-image-layout columnblock black-color no-icon   \">\n      <div class=\"zw-cgb zw-cgb-content\">\n\n        <div class=\"column-content\"><div class=\"inner-content\"><h2 class=\" zw-cgb headline h4\">\u00c9volution professionelle<\/h2><ul class=\"zw-cgb-ul fulltext \"><li class=\"\">Postes de direction dans l\u2019industrie automobile, le commerce et d\u2019autres industries de production<\/li><li class=\"\">Plusieurs ann\u00e9es d\u2019exp\u00e9rience en tant que manager de transition dans le domaine de l\u2019\u00e9v\u00e9nementiel et du marketing pour des entreprises de renom<\/li><\/ul><\/div><\/div>      <\/div>\n    <\/div>\n<\/div><\/div>\n\n    <div  class=\"zw-cgb  change-padding  infoblock default-margin black-color  \">\n      <div class=\" row\">\n        <div class=\"zw-cgb-content has-padding col-12\">\n          <div class=\"preheadline-container parent-has-padding\"><p class=\" zw-cgb preheadline ' .  . '\">Publications de et avec Jessica Breuer<\/p><\/div><div class=\"inner-content parent-has-padding\"><div class=\"link-container\"><\/div><\/div>        <\/div>\n      <\/div>\n    <\/div>\n\n\n\n    <div  class=\"zw-cgb  latestPosts default-margin \">\n      <div class=\"row zw-cgb-content\">\n        \n      <div  class=\"zw-cgb latestPostsContent px-0 col-12 event content-2-3  show-featured-image \">\n\n\n        <div class=\"image-container single-featured\"><a href = \"https:\/\/www.atreus.de\/fr\/evenement\/salon-de-linnovation-sur-linformatique-quantique\/\"><span class=\"copyright-image\">\u00a9 John D. &#8211; stock.adobe.com \/ sakkmesterke  &#8211; stock.adobe.com<\/span><img decoding=\"async\" loading=\"lazy\" alt=\"atreus_\" src=\"https:\/\/www.atreus.de\/wp-content\/uploads\/2023\/05\/teaser-4zu3-20230712-innovationslaunsch-fraunhofer-alumni-1.jpg\" srcset=\"https:\/\/www.atreus.de\/wp-content\/uploads\/2023\/05\/teaser-4zu3-20230712-innovationslaunsch-fraunhofer-alumni-1.jpg 823w, https:\/\/www.atreus.de\/wp-content\/uploads\/2023\/05\/teaser-4zu3-20230712-innovationslaunsch-fraunhofer-alumni-1-768x578.jpg 768w, https:\/\/www.atreus.de\/wp-content\/uploads\/2023\/05\/teaser-4zu3-20230712-innovationslaunsch-fraunhofer-alumni-1-480x361.jpg 480w\" sizes=\"(max-width: 1024px) 100vw, 1024px\" style=\"aspect-ratio:823\/619 !important\" title=\"atreus_\"><\/a><\/div><div class=\"image-container double-featured\"><a href = \"https:\/\/www.atreus.de\/fr\/evenement\/salon-de-linnovation-sur-linformatique-quantique\/\"><span class=\"copyright-image\">\u00a9 John D. &#8211; stock.adobe.com \/ sakkmesterke  &#8211; stock.adobe.com<\/span><img decoding=\"async\" loading=\"lazy\" alt=\"atreus_\" src=\"https:\/\/www.atreus.de\/wp-content\/uploads\/2023\/05\/teaser-landscape-20230712-innovationslaunsch-fraunhofer-alumni-1.jpg\" srcset=\"https:\/\/www.atreus.de\/wp-content\/uploads\/2023\/05\/teaser-landscape-20230712-innovationslaunsch-fraunhofer-alumni-1.jpg 1098w, https:\/\/www.atreus.de\/wp-content\/uploads\/2023\/05\/teaser-landscape-20230712-innovationslaunsch-fraunhofer-alumni-1-768x288.jpg 768w, https:\/\/www.atreus.de\/wp-content\/uploads\/2023\/05\/teaser-landscape-20230712-innovationslaunsch-fraunhofer-alumni-1-1024x384.jpg 1024w, https:\/\/www.atreus.de\/wp-content\/uploads\/2023\/05\/teaser-landscape-20230712-innovationslaunsch-fraunhofer-alumni-1-480x180.jpg 480w\" sizes=\"(max-width: 1024px) 100vw, 1024px\" style=\"aspect-ratio:1098\/412 !important\" title=\"atreus_\"><\/a><\/div>        <div class=\"content-container has-excerpt posttype-event blue-400 white-color\">\n          <div class=\"preheadline-container parent-has-padding\"><p class=\"zw-cgb preheadline\">A-lounge | 12.07.2023<\/p><\/div><a href = \"https:\/\/www.atreus.de\/fr\/evenement\/salon-de-linnovation-sur-linformatique-quantique\/\"><h2 class=\" zw-cgb headline\">Salon de l\u2019innovation sur l\u2019informatique quantique<\/h2><\/a><p class=\" zw-cgb fulltext\">\u200bActuellement, la technologie quantique fait l\u2019objet d\u2019un battage m\u00e9diatique en tant que solution \u00e0 presque tout. Mais o\u00f9 en sommes-nous vraiment\u00a0? Combien de temps faudra-t-il pour que les ordinateurs quantiques soient suffisamment puissants pour relever des d\u00e9fis scientifiques, \u00e9conomiques, \u00e9cologiques et sociaux complexes\u00a0? Existe-t-il &#8230;<\/p><div class=\"zw-cgb zw-cgb-button-container \"><a href=\"https:\/\/www.atreus.de\/fr\/evenement\/salon-de-linnovation-sur-linformatique-quantique\/\" class=\"zw-cgb btn btn-primary \">Lire la suite<\/a><\/div>        <\/div>\n            <\/div>\n      <div class=\"zw-spacer px-0\"><\/div>\n        <\/div>\n    <\/div>\n\n","protected":false},"author":6,"featured_media":0,"menu_order":0,"template":"","competences":[684,681,633,688],"industry-sectors":[704,703,694],"typ-team":[645],"class_list":["post-500701","team","type-team","status-publish","hentry","competences-integration-post-fusion","competences-marketing-et-ventes","competences-operations-fr","competences-service-fr","industry-sectors-autres-industries-manufacturieres","industry-sectors-construction-fr","industry-sectors-construction-de-machines-et-dinstallations","typ-team-directeur"],"allData":{"rank_math_internal_links_processed":["1"],"_zw_post_wordcount":["261"],"_zw_reading_time_seconds":["52"],"_wpml_media_duplicate":["1"],"_wpml_media_featured":["1"],"_zw_lastname":["Breuer"],"_zw_prename":["Jessica "],"_zw_email":["Jessica.Breuer@atreus.de"],"_zw_phone":["+49 89 452249-241"],"_zw_linkedin":["https:\/\/de.linkedin.com\/in\/jessica-breuer"],"_top_nav_excluded":[""],"_cms_nav_minihome":[""],"_last_translation_edit_mode":["native-editor"],"_zw_max_input_files":["0"],"_edit_lock":["1723123419:3"],"rank_math_seo_score":["58"],"rank_math_description":["Jessica Breuer jouit de plus de 15 ans d'exp\u00e9rience \u00e0 des postes sp\u00e9cialis\u00e9s et de direction dans l'industrie automobile et dans l'industrie."],"_edit_last":["3"],"_wpml_word_count":["{\"total\":276,\"to_translate\":{\"en\":276,\"de\":276}}"],"rank_math_title":["Jessica Breuer \u2014 Directrice Atreus GmbH"],"rank_math_focus_keyword":["Jessica Breuer"],"_zw_description":["Directrice"],"rank_math_facebook_enable_image_overlay":["off"],"rank_math_facebook_image":["https:\/\/www.atreus.de\/wp-content\/uploads\/2025\/05\/bre-jes-1.png"],"rank_math_facebook_image_id":["796650"],"_zw_portraitImg":["796650"]},"_links":{"self":[{"href":"https:\/\/www.atreus.de\/fr\/wp-json\/wp\/v2\/team\/500701","targetHints":{"allow":["GET"]}}],"collection":[{"href":"https:\/\/www.atreus.de\/fr\/wp-json\/wp\/v2\/team"}],"about":[{"href":"https:\/\/www.atreus.de\/fr\/wp-json\/wp\/v2\/types\/team"}],"author":[{"embeddable":true,"href":"https:\/\/www.atreus.de\/fr\/wp-json\/wp\/v2\/users\/6"}],"version-history":[{"count":0,"href":"https:\/\/www.atreus.de\/fr\/wp-json\/wp\/v2\/team\/500701\/revisions"}],"wp:attachment":[{"href":"https:\/\/www.atreus.de\/fr\/wp-json\/wp\/v2\/media?parent=500701"}],"wp:term":[{"taxonomy":"competences","embeddable":true,"href":"https:\/\/www.atreus.de\/fr\/wp-json\/wp\/v2\/competences?post=500701"},{"taxonomy":"industry-sectors","embeddable":true,"href":"https:\/\/www.atreus.de\/fr\/wp-json\/wp\/v2\/industry-sectors?post=500701"},{"taxonomy":"typ-team","embeddable":true,"href":"https:\/\/www.atreus.de\/fr\/wp-json\/wp\/v2\/typ-team?post=500701"}],"curies":[{"name":"wp","href":"https:\/\/api.w.org\/{rel}","templated":true}]}}

<div  class="zw-cgb is-first-block textblock black-color zw-content-pos-center  default-margin ">
      <div class="row">
        <div class="zw-cgb-content col-12 g-0">
          <p class=" zw-cgb fulltext "><strong>Jessica Breuer jouit de plus de 15&nbsp;ans d’expérience à des postes spécialisés et de direction dans l’industrie automobile, dans l’industrie et le commerce ainsi que dans des entreprises de production. Elle a également travaillé pendant des années à son compte dans le domaine du marketing et de l’événementiel.</strong></p><p class=" zw-cgb fulltext ">Ses spécialités sont la gestion intérimaire des positions de direction et de direction, notamment les projets de niveau C et les fonctions de ligne en matière de contrôle et de finances, de gestion, de gestion, de chaîne d’approvisionnement, de production et de ressources humaines.<br>Elle se concentre sur des projets et des programmes dans les domaines de la réorganisation, de l’optimisation des processus, de la réflexion globale et de la réorientation organisationnelle ainsi que de la gestion du changement et de la performance.</p>        </div>
      </div>
    </div>




<div style="height:64px" aria-hidden="true" class="wp-block-spacer is-style-zw-default-color-400"></div>


<div  class="zw-cgb row  columnmaster020 default-margin "><div class="columnmaster-inner-content g-0">    <div  class="zw-cgb no-image-layout columnblock black-color no-icon   ">
      <div class="zw-cgb zw-cgb-content">

        <div class="column-content"><div class="inner-content"><h1 class=" zw-cgb headline h4">Principaux secteurs</h1><ul class="zw-cgb-ul fulltext "><li class="">Automobile</li><li class="">Construction et sous-traitance du bâtiment</li><li class="">Énergie</li><li class="">Construction de machines et d’installations</li><li class="">Industrie de production</li></ul></div></div>      </div>
    </div>
    <div  class="zw-cgb no-image-layout columnblock black-color no-icon   ">
      <div class="zw-cgb zw-cgb-content">

        <div class="column-content"><div class="inner-content"><h2 class=" zw-cgb headline h4">Domaines d&#8217;expertise</h2><ul class="zw-cgb-ul fulltext "><li class="">Occupation intérimaire de fonctions de gestion de ligne et de projet</li><li class="">Gestion du changement</li><li class="">Augmentation de l’efficacité, optimisation des résultats et des coûts</li><li class="">Développement commercial et digitalisation des processus opérationnels</li><li class="">Service de gestion des programmes</li><li class="">Gestion de projet</li><li class="">Démarrage, optimisation et transfert de la production</li></ul></div></div>      </div>
    </div>
    <div  class="zw-cgb no-image-layout columnblock black-color no-icon   ">
      <div class="zw-cgb zw-cgb-content">

        <div class="column-content"><div class="inner-content"><h2 class=" zw-cgb headline h4">Évolution professionelle</h2><ul class="zw-cgb-ul fulltext "><li class="">Postes de direction dans l’industrie automobile, le commerce et d’autres industries de production</li><li class="">Plusieurs années d’expérience en tant que manager de transition dans le domaine de l’événementiel et du marketing pour des entreprises de renom</li></ul></div></div>      </div>
    </div>
</div></div>

    <div  class="zw-cgb  change-padding  infoblock default-margin black-color  ">
      <div class=" row">
        <div class="zw-cgb-content has-padding col-12">
          <div class="preheadline-container parent-has-padding"><p class=" zw-cgb preheadline ' .  . '">Publications de et avec Jessica Breuer</p></div><div class="inner-content parent-has-padding"><div class="link-container"></div></div>        </div>
      </div>
    </div>



    <div  class="zw-cgb  latestPosts default-margin ">
      <div class="row zw-cgb-content">
        
      <div  class="zw-cgb latestPostsContent px-0 col-12 event content-2-3  show-featured-image ">


        <div class="image-container single-featured"><a href = "https://www.atreus.de/fr/evenement/salon-de-linnovation-sur-linformatique-quantique/"><span class="copyright-image">© John D. &#8211; stock.adobe.com / sakkmesterke  &#8211; stock.adobe.com</span><img decoding="async" loading="lazy" alt="atreus_" src="https://www.atreus.de/wp-content/uploads/2023/05/teaser-4zu3-20230712-innovationslaunsch-fraunhofer-alumni-1.jpg" srcset="https://www.atreus.de/wp-content/uploads/2023/05/teaser-4zu3-20230712-innovationslaunsch-fraunhofer-alumni-1.jpg 823w, https://www.atreus.de/wp-content/uploads/2023/05/teaser-4zu3-20230712-innovationslaunsch-fraunhofer-alumni-1-768x578.jpg 768w, https://www.atreus.de/wp-content/uploads/2023/05/teaser-4zu3-20230712-innovationslaunsch-fraunhofer-alumni-1-480x361.jpg 480w" sizes="(max-width: 1024px) 100vw, 1024px" style="aspect-ratio:823/619 !important" title="atreus_"></a></div><div class="image-container double-featured"><a href = "https://www.atreus.de/fr/evenement/salon-de-linnovation-sur-linformatique-quantique/"><span class="copyright-image">© John D. &#8211; stock.adobe.com / sakkmesterke  &#8211; stock.adobe.com</span><img decoding="async" loading="lazy" alt="atreus_" src="https://www.atreus.de/wp-content/uploads/2023/05/teaser-landscape-20230712-innovationslaunsch-fraunhofer-alumni-1.jpg" srcset="https://www.atreus.de/wp-content/uploads/2023/05/teaser-landscape-20230712-innovationslaunsch-fraunhofer-alumni-1.jpg 1098w, https://www.atreus.de/wp-content/uploads/2023/05/teaser-landscape-20230712-innovationslaunsch-fraunhofer-alumni-1-768x288.jpg 768w, https://www.atreus.de/wp-content/uploads/2023/05/teaser-landscape-20230712-innovationslaunsch-fraunhofer-alumni-1-1024x384.jpg 1024w, https://www.atreus.de/wp-content/uploads/2023/05/teaser-landscape-20230712-innovationslaunsch-fraunhofer-alumni-1-480x180.jpg 480w" sizes="(max-width: 1024px) 100vw, 1024px" style="aspect-ratio:1098/412 !important" title="atreus_"></a></div>        <div class="content-container has-excerpt posttype-event blue-400 white-color">
          <div class="preheadline-container parent-has-padding"><p class="zw-cgb preheadline">A-lounge | 12.07.2023</p></div><a href = "https://www.atreus.de/fr/evenement/salon-de-linnovation-sur-linformatique-quantique/"><h2 class=" zw-cgb headline">Salon de l’innovation sur l’informatique quantique</h2></a><p class=" zw-cgb fulltext">​Actuellement, la technologie quantique fait l’objet d’un battage médiatique en tant que solution à presque tout. Mais où en sommes-nous vraiment ? Combien de temps faudra-t-il pour que les ordinateurs quantiques soient suffisamment puissants pour relever des défis scientifiques, économiques, écologiques et sociaux complexes ? Existe-t-il &#8230;</p><div class="zw-cgb zw-cgb-button-container "><a href="https://www.atreus.de/fr/evenement/salon-de-linnovation-sur-linformatique-quantique/" class="zw-cgb btn btn-primary ">Lire la suite</a></div>        </div>
            </div>
      <div class="zw-spacer px-0"></div>
        </div>
    </div>

Jessica Breuer jouit de plus de 15 ans d'expérience à des postes spécialisés et de direction dans l'industrie automobile et dans l'industrie.
