{"id":500703,"date":"2022-03-23T14:52:59","date_gmt":"2022-03-23T13:52:59","guid":{"rendered":"https:\/\/www.atreus.de\/?post_type=team&#038;p=500703"},"modified":"2026-01-05T09:14:02","modified_gmt":"2026-01-05T08:14:02","slug":"robert-minge","status":"publish","type":"team","link":"https:\/\/www.atreus.de\/fr\/equipe\/robert-minge\/","title":{"rendered":"Robert Minge"},"content":{"rendered":"\n    <div  class=\"zw-cgb is-first-block textblock black-color zw-content-pos-center  default-margin \">\n      <div class=\"row\">\n        <div class=\"zw-cgb-content col-12 g-0\">\n          <p class=\" zw-cgb fulltext \"><strong><strong>Robert fait partie du Solution Group Automotive and Mobility et s&#8217;occupe en outre de mandats dans le segment Industrial\/Technology.<\/strong> <strong>Il dirige des missions de management de transition dans le monde entier sous forme de fonctions de direction au niveau C ou de direction de projet.<\/strong> <strong>Dans les quelque 60 mandats qu&#8217;il a dirig\u00e9s depuis 2021, il s&#8217;agissait principalement de la mise en \u0153uvre de t\u00e2ches de gestion exigeantes qui se situaient le long de la cha\u00eene de cr\u00e9ation de valeur (turn-around \/ restructuring \/ performance &amp; go to market).<\/strong><\/strong><\/p><p class=\" zw-cgb fulltext \"><strong>Il s&#8217;engage en outre dans des projets de transformation transversaux dans le domaine ESG\/durabilit\u00e9 au sein de l&#8217;organisation d&#8217;entreprise de nos clients.<\/strong><\/p><p class=\" zw-cgb fulltext \">Robert a un parcours acad\u00e9mique et professionnel international dans des entreprises technologiques de premier plan et dispose d&#8217;une vingtaine d&#8217;ann\u00e9es d&#8217;exp\u00e9rience dans des PME et des groupes internationaux. Pendant pr\u00e8s de neuf ans, il a occup\u00e9 diff\u00e9rents postes de direction au sein du groupe Webasto (Corporate Sales, Business Development, Key Account Management). Auparavant, il a d\u00e9velopp\u00e9 pendant environ six ans un client cl\u00e9 de MD Elektronik GmbH.<\/p><p class=\" zw-cgb fulltext \">En outre, Robert apporte une exp\u00e9rience pratique en tant que m\u00e9diateur \u00e9conomique. Il fait \u00e9galement partie de la sc\u00e8ne professionnelle des start-ups \u00e0 Berlin et est membre du r\u00e9seau du M\u00fcnchener Kreis, une organisation pour la transformation num\u00e9rique.<\/p>        <\/div>\n      <\/div>\n    <\/div>\n\n\n\n\n<div style=\"height:64px\" aria-hidden=\"true\" class=\"wp-block-spacer is-style-zw-default-color-400\"><\/div>\n\n\n<div  class=\"zw-cgb row  columnmaster020 default-margin \"><div class=\"columnmaster-inner-content g-0\">    <div  class=\"zw-cgb no-image-layout columnblock black-color no-icon   \">\n      <div class=\"zw-cgb zw-cgb-content\">\n\n        <div class=\"column-content\"><div class=\"inner-content\"><h1 class=\" zw-cgb headline h4\">Principaux secteurs<\/h1><ul class=\"zw-cgb-ul fulltext \"><li class=\"\">PME, entreprises familiales, entreprises cot\u00e9es en bourse, private equity<\/li><li class=\"\">Mobilit\u00e9, industrie automobile<\/li><li class=\"\">Stockage de l&#8217;\u00e9lectricit\u00e9 (cellule et modules de batterie, pack d&#8217;accumulateurs)<\/li><li class=\"\">Construction de machines et d&#8217;installations, industriel\/technologie<\/li><li class=\"\">Secteurs apparent\u00e9s \u00e0 la fabrication industrielle (par ex. chimie, traitement des m\u00e9taux, \u00e9lectronique, fabrication et traitement des plastiques, fabrication d&#8217;outils)<\/li><\/ul><\/div><\/div>      <\/div>\n    <\/div>\n    <div  class=\"zw-cgb no-image-layout columnblock black-color no-icon   \">\n      <div class=\"zw-cgb zw-cgb-content\">\n\n        <div class=\"column-content\"><div class=\"inner-content\"><h2 class=\" zw-cgb headline h4\">Domaines d&#8217;expertise<\/h2><ul class=\"zw-cgb-ul fulltext \"><li class=\"\">Croissance rentable (organique, inorganique)<\/li><li class=\"\">Carve-in et -out, due diligence, fusions et acquisitions<\/li><li class=\"\">Programmes d&#8217;efficacit\u00e9 dans le domaine direct et indirect de l&#8217;entreprise<\/li><li class=\"\">Num\u00e9risation, durabilit\u00e9\/ESG<\/li><li class=\"\">Restructuration, r\u00e9organisation (organisation en ligne et en projet)<\/li><li class=\"\">Principes de gestion modernes<\/li><li class=\"\">Disruption, nouvelles technologies<\/li><\/ul><\/div><\/div>      <\/div>\n    <\/div>\n    <div  class=\"zw-cgb no-image-layout columnblock black-color no-icon   \">\n      <div class=\"zw-cgb zw-cgb-content\">\n\n        <div class=\"column-content\"><div class=\"inner-content\"><h2 class=\" zw-cgb headline h4\">\u00c9volution professionelle<\/h2><ul class=\"zw-cgb-ul fulltext \"><li class=\"\">Postes de direction dans l&#8217;industrie de la sous-traitance automobile de fournisseurs de syst\u00e8mes leaders au niveau mondial ainsi que de partenaires strat\u00e9giques<\/li><li class=\"\">MD Elektronik GmbH&nbsp;: responsable des ventes d&#8217;un client cl\u00e9 et fournisseur de rang 1 op\u00e9rant au niveau international<\/li><li class=\"\">Groupe Webasto&nbsp;: diverses fonctions de directeur international (au sein des ventes, du marketing et du d\u00e9veloppement commercial)<\/li><\/ul><\/div><\/div>      <\/div>\n    <\/div>\n<\/div><\/div>\n\n    <div  class=\"zw-cgb  change-padding  infoblock default-margin black-color  \">\n      <div class=\" row\">\n        <div class=\"zw-cgb-content has-padding col-12\">\n          <div class=\"preheadline-container parent-has-padding\"><p class=\" zw-cgb preheadline ' .  . '\">Publications de et avec Robert Minge<\/p><\/div><div class=\"inner-content parent-has-padding\"><div class=\"link-container\"><\/div><\/div>        <\/div>\n      <\/div>\n    <\/div>\n\n\n\n    <div  class=\"zw-cgb  latestPosts default-margin \">\n      <div class=\"row zw-cgb-content\">\n        \n      <div  class=\"zw-cgb latestPostsContent px-0 col-12 post content-2-3  show-featured-image \">\n\n\n        <div class=\"image-container single-featured\"><a href = \"https:\/\/www.atreus.de\/fr\/atreus-dans-les-medias\/aucune-entreprise-ne-peut-ignorer-le-theme-de-la-durabilite\/\"><span class=\"copyright-image\"><\/span><img decoding=\"async\" loading=\"lazy\" alt=\"atreus_\" src=\"https:\/\/www.atreus.de\/wp-content\/uploads\/2023\/03\/TEASER1.jpg\" srcset=\"https:\/\/www.atreus.de\/wp-content\/uploads\/2023\/03\/TEASER1.jpg 1098w, https:\/\/www.atreus.de\/wp-content\/uploads\/2023\/03\/TEASER1-768x288.jpg 768w, https:\/\/www.atreus.de\/wp-content\/uploads\/2023\/03\/TEASER1-1024x384.jpg 1024w, https:\/\/www.atreus.de\/wp-content\/uploads\/2023\/03\/TEASER1-480x180.jpg 480w\" sizes=\"(max-width: 1024px) 100vw, 1024px\" style=\"aspect-ratio:1098\/412 !important\" title=\"atreus_\"><\/a><\/div><div class=\"image-container double-featured\"><a href = \"https:\/\/www.atreus.de\/fr\/atreus-dans-les-medias\/aucune-entreprise-ne-peut-ignorer-le-theme-de-la-durabilite\/\"><span class=\"copyright-image\"><\/span><img decoding=\"async\" loading=\"lazy\" alt=\"atreus_\" src=\"https:\/\/www.atreus.de\/wp-content\/uploads\/2023\/03\/TEASER1.jpg\" srcset=\"https:\/\/www.atreus.de\/wp-content\/uploads\/2023\/03\/TEASER1.jpg 1098w, https:\/\/www.atreus.de\/wp-content\/uploads\/2023\/03\/TEASER1-768x288.jpg 768w, https:\/\/www.atreus.de\/wp-content\/uploads\/2023\/03\/TEASER1-1024x384.jpg 1024w, https:\/\/www.atreus.de\/wp-content\/uploads\/2023\/03\/TEASER1-480x180.jpg 480w\" sizes=\"(max-width: 1024px) 100vw, 1024px\" style=\"aspect-ratio:1098\/412 !important\" title=\"atreus_\"><\/a><\/div>        <div class=\"content-container has-excerpt posttype-post blue-900 white-color\">\n          <div class=\"preheadline-container parent-has-padding\"><p class=\"zw-cgb preheadline\">Atreus dans les m\u00e9dias<\/p><\/div><a href = \"https:\/\/www.atreus.de\/fr\/atreus-dans-les-medias\/aucune-entreprise-ne-peut-ignorer-le-theme-de-la-durabilite\/\"><h2 class=\" zw-cgb headline\">Aucune entreprise ne peut ignorer la question du d\u00e9veloppement durable<\/h2><\/a><p class=\" zw-cgb fulltext\">Dans le journal B\u00f6rsen-Zeitung, le Managing Partner et directeur g\u00e9n\u00e9ral d\u2019Atreus, Harald Linn\u00e9, et le directeur d\u2019Atreus, Robert Minge, expliquent dans quelle mesure la pertinence croissante de la durabilit\u00e9 devient une partie int\u00e9grante de l\u2019\u00e9valuation des entreprises.<\/p><div class=\"post-meta-info-container\"><div class=\"post-read-time\"><p class=\"zw-cgb fulltext\"><i class=\"far fa-clock\"><\/i>3 temps de lecture min<\/p><\/div><div class=\"post-rating-container d-none\"><!-- FeedbackWP Plugin - Results Widget --><div  class=\"rmp-results-widget js-rmp-results-widget js-rmp-results-widget--524345 \"  data-post-id=\"524345\">  <div class=\"rmp-results-widget__visual-rating\">    <i class=\"js-rmp-results-icon rmp-icon rmp-icon--ratings rmp-icon--star \"><\/i><i class=\"js-rmp-results-icon rmp-icon rmp-icon--ratings rmp-icon--star \"><\/i><i class=\"js-rmp-results-icon rmp-icon rmp-icon--ratings rmp-icon--star \"><\/i><i class=\"js-rmp-results-icon rmp-icon rmp-icon--ratings rmp-icon--star \"><\/i><i class=\"js-rmp-results-icon rmp-icon rmp-icon--ratings rmp-icon--star \"><\/i>  <\/div>  <div class=\"rmp-results-widget__avg-rating\">    <span class=\"js-rmp-avg-rating\">          <\/span>  <\/div>  <div class=\"rmp-results-widget__vote-count\">    (<span class=\"js-rmp-vote-count\"><\/span>)  <\/div><\/div> <\/div><div class=\"post-social-share\"><div class=\"zw-social-share dropdown show\">\r\n        <a class=\"zw-social-share-toggler\" href=\"#\" role=\"button\" id=\"dropdownMenuLink\" data-toggle=\"dropdown\" aria-haspopup=\"true\" aria-expanded=\"false\">\r\n        <i class=\"fas fa-share-alt\"><\/i><span class=\"zw-share-meta\">Partager<\/span>\r\n        <\/a>\r\n        <div class=\"zw-share-dropdown-menu dropdown-menu\" aria-labelledby=\"dropdownMenuLink\"><div class=\"dropdown-inner\"><p class=\"zw-share-heading fulltext\">Partager<\/p><a class=\"zw-social-share-toggler fulltext\" href=\"#\" role=\"button\" id=\"dropdownMenuLink\" data-toggle=\"dropdown\" aria-label=\"Close\">\u2715<\/a><div class=\"social-inner-icons\"><a class=\"dropdown-item \" target=\"_blank\" rel=\"nofollow\" href=\"https:\/\/www.linkedin.com\/cws\/share?url=https%3A%2F%2Fwww.atreus.de%2Ffr%2Fatreus-dans-les-medias%2Faucune-entreprise-ne-peut-ignorer-le-theme-de-la-durabilite%2F&amp;title=Aucune+entreprise+ne+peut+ignorer+la+question+du+d%C3%A9veloppement+durable\"><i class=\"fab fa-linkedin fa-fw\"><\/i><\/a><a class=\"dropdown-item \" target=\"_blank\" rel=\"nofollow\" href=\"https:\/\/www.xing.com\/spi\/shares\/new?url=https%3A%2F%2Fwww.atreus.de%2Ffr%2Fatreus-dans-les-medias%2Faucune-entreprise-ne-peut-ignorer-le-theme-de-la-durabilite%2F\"><i class=\"fab fa-xing fa-fw\"><\/i><\/a><a class=\"dropdown-item \" target=\"_blank\" rel=\"nofollow\" href=\"https:\/\/www.facebook.com\/sharer\/sharer.php?u=https%3A%2F%2Fwww.atreus.de%2Ffr%2Fatreus-dans-les-medias%2Faucune-entreprise-ne-peut-ignorer-le-theme-de-la-durabilite%2F&amp;t=Aucune+entreprise+ne+peut+ignorer+la+question+du+d%C3%A9veloppement+durable\"><i class=\"fab fa-facebook-square fa-fw\"><\/i><\/a><a class=\"dropdown-item \"  target=\"_blank\" rel=\"nofollow\" href=\"https:\/\/twitter.com\/intent\/tweet?url=https%3A%2F%2Fwww.atreus.de%2Ffr%2Fatreus-dans-les-medias%2Faucune-entreprise-ne-peut-ignorer-le-theme-de-la-durabilite%2F&amp;text=Aucune+entreprise+ne+peut+ignorer+la+question+du+d%C3%A9veloppement+durable\"><i class=\"fab fa-twitter fa-fw\"><\/i><\/a>  <\/div><\/div><\/div>\r\n    <\/div><\/div><\/div><div class=\"zw-cgb zw-cgb-button-container \"><a href=\"https:\/\/www.atreus.de\/fr\/atreus-dans-les-medias\/aucune-entreprise-ne-peut-ignorer-le-theme-de-la-durabilite\/\" class=\"zw-cgb btn btn-primary \">Lire la suite<\/a><\/div>        <\/div>\n            <\/div>\n      <div class=\"zw-spacer px-0\"><\/div>\n        <\/div>\n    <\/div>\n\n\n\n\n\n\n\n","protected":false},"author":6,"featured_media":0,"menu_order":0,"template":"","competences":[687,677],"industry-sectors":[693],"typ-team":[645],"class_list":["post-500703","team","type-team","status-publish","hentry","competences-durabilite","competences-missions-internationales","industry-sectors-automobile","typ-team-directeur"],"allData":{"rank_math_internal_links_processed":["1"],"_zw_post_wordcount":["385"],"_zw_reading_time_seconds":["77"],"_wpml_media_duplicate":["1"],"_wpml_media_featured":["1"],"_zw_lastname":["Minge"],"_zw_prename":["Robert "],"_zw_email":["Robert.Minge@atreus.de"],"_zw_phone":["+49 89 452249-385"],"_top_nav_excluded":[""],"_cms_nav_minihome":[""],"_last_translation_edit_mode":["native-editor"],"_wpml_word_count":["{\"total\":308,\"to_translate\":{\"en\":308,\"de\":308}}"],"rank_math_facebook_image":["https:\/\/www.atreus.de\/wp-content\/uploads\/2023\/07\/min-ro-v1.png"],"rank_math_facebook_image_id":["399750"],"_zw_portraitImg":["399750"],"_zw_max_input_files":["0"],"_edit_lock":["1767600852:3"],"rank_math_seo_score":["52"],"rank_math_description":["Les domaines de sp\u00e9cialisation de Robert Minge sont les postes sp\u00e9cialis\u00e9s et de direction ainsi que les t\u00e2ches de projet."],"_edit_last":["3"],"rank_math_title":["Robert Minge \u2014 Directeur Atreus GmbH"],"rank_math_focus_keyword":["Robert Minge"],"_zw_description":["Partenaire\r\n"],"_zw_linkedin":["https:\/\/www.linkedin.com\/in\/robert-minge\/"]},"_links":{"self":[{"href":"https:\/\/www.atreus.de\/fr\/wp-json\/wp\/v2\/team\/500703","targetHints":{"allow":["GET"]}}],"collection":[{"href":"https:\/\/www.atreus.de\/fr\/wp-json\/wp\/v2\/team"}],"about":[{"href":"https:\/\/www.atreus.de\/fr\/wp-json\/wp\/v2\/types\/team"}],"author":[{"embeddable":true,"href":"https:\/\/www.atreus.de\/fr\/wp-json\/wp\/v2\/users\/6"}],"version-history":[{"count":0,"href":"https:\/\/www.atreus.de\/fr\/wp-json\/wp\/v2\/team\/500703\/revisions"}],"wp:attachment":[{"href":"https:\/\/www.atreus.de\/fr\/wp-json\/wp\/v2\/media?parent=500703"}],"wp:term":[{"taxonomy":"competences","embeddable":true,"href":"https:\/\/www.atreus.de\/fr\/wp-json\/wp\/v2\/competences?post=500703"},{"taxonomy":"industry-sectors","embeddable":true,"href":"https:\/\/www.atreus.de\/fr\/wp-json\/wp\/v2\/industry-sectors?post=500703"},{"taxonomy":"typ-team","embeddable":true,"href":"https:\/\/www.atreus.de\/fr\/wp-json\/wp\/v2\/typ-team?post=500703"}],"curies":[{"name":"wp","href":"https:\/\/api.w.org\/{rel}","templated":true}]}}

<div  class="zw-cgb is-first-block textblock black-color zw-content-pos-center  default-margin ">
      <div class="row">
        <div class="zw-cgb-content col-12 g-0">
          <p class=" zw-cgb fulltext "><strong><strong>Robert fait partie du Solution Group Automotive and Mobility et s&#8217;occupe en outre de mandats dans le segment Industrial/Technology.</strong> <strong>Il dirige des missions de management de transition dans le monde entier sous forme de fonctions de direction au niveau C ou de direction de projet.</strong> <strong>Dans les quelque 60 mandats qu&#8217;il a dirigés depuis 2021, il s&#8217;agissait principalement de la mise en œuvre de tâches de gestion exigeantes qui se situaient le long de la chaîne de création de valeur (turn-around / restructuring / performance &amp; go to market).</strong></strong></p><p class=" zw-cgb fulltext "><strong>Il s&#8217;engage en outre dans des projets de transformation transversaux dans le domaine ESG/durabilité au sein de l&#8217;organisation d&#8217;entreprise de nos clients.</strong></p><p class=" zw-cgb fulltext ">Robert a un parcours académique et professionnel international dans des entreprises technologiques de premier plan et dispose d&#8217;une vingtaine d&#8217;années d&#8217;expérience dans des PME et des groupes internationaux. Pendant près de neuf ans, il a occupé différents postes de direction au sein du groupe Webasto (Corporate Sales, Business Development, Key Account Management). Auparavant, il a développé pendant environ six ans un client clé de MD Elektronik GmbH.</p><p class=" zw-cgb fulltext ">En outre, Robert apporte une expérience pratique en tant que médiateur économique. Il fait également partie de la scène professionnelle des start-ups à Berlin et est membre du réseau du Münchener Kreis, une organisation pour la transformation numérique.</p>        </div>
      </div>
    </div>




<div style="height:64px" aria-hidden="true" class="wp-block-spacer is-style-zw-default-color-400"></div>


<div  class="zw-cgb row  columnmaster020 default-margin "><div class="columnmaster-inner-content g-0">    <div  class="zw-cgb no-image-layout columnblock black-color no-icon   ">
      <div class="zw-cgb zw-cgb-content">

        <div class="column-content"><div class="inner-content"><h1 class=" zw-cgb headline h4">Principaux secteurs</h1><ul class="zw-cgb-ul fulltext "><li class="">PME, entreprises familiales, entreprises cotées en bourse, private equity</li><li class="">Mobilité, industrie automobile</li><li class="">Stockage de l&#8217;électricité (cellule et modules de batterie, pack d&#8217;accumulateurs)</li><li class="">Construction de machines et d&#8217;installations, industriel/technologie</li><li class="">Secteurs apparentés à la fabrication industrielle (par ex. chimie, traitement des métaux, électronique, fabrication et traitement des plastiques, fabrication d&#8217;outils)</li></ul></div></div>      </div>
    </div>
    <div  class="zw-cgb no-image-layout columnblock black-color no-icon   ">
      <div class="zw-cgb zw-cgb-content">

        <div class="column-content"><div class="inner-content"><h2 class=" zw-cgb headline h4">Domaines d&#8217;expertise</h2><ul class="zw-cgb-ul fulltext "><li class="">Croissance rentable (organique, inorganique)</li><li class="">Carve-in et -out, due diligence, fusions et acquisitions</li><li class="">Programmes d&#8217;efficacité dans le domaine direct et indirect de l&#8217;entreprise</li><li class="">Numérisation, durabilité/ESG</li><li class="">Restructuration, réorganisation (organisation en ligne et en projet)</li><li class="">Principes de gestion modernes</li><li class="">Disruption, nouvelles technologies</li></ul></div></div>      </div>
    </div>
    <div  class="zw-cgb no-image-layout columnblock black-color no-icon   ">
      <div class="zw-cgb zw-cgb-content">

        <div class="column-content"><div class="inner-content"><h2 class=" zw-cgb headline h4">Évolution professionelle</h2><ul class="zw-cgb-ul fulltext "><li class="">Postes de direction dans l&#8217;industrie de la sous-traitance automobile de fournisseurs de systèmes leaders au niveau mondial ainsi que de partenaires stratégiques</li><li class="">MD Elektronik GmbH&nbsp;: responsable des ventes d&#8217;un client clé et fournisseur de rang 1 opérant au niveau international</li><li class="">Groupe Webasto&nbsp;: diverses fonctions de directeur international (au sein des ventes, du marketing et du développement commercial)</li></ul></div></div>      </div>
    </div>
</div></div>

    <div  class="zw-cgb  change-padding  infoblock default-margin black-color  ">
      <div class=" row">
        <div class="zw-cgb-content has-padding col-12">
          <div class="preheadline-container parent-has-padding"><p class=" zw-cgb preheadline ' .  . '">Publications de et avec Robert Minge</p></div><div class="inner-content parent-has-padding"><div class="link-container"></div></div>        </div>
      </div>
    </div>



    <div  class="zw-cgb  latestPosts default-margin ">
      <div class="row zw-cgb-content">
        
      <div  class="zw-cgb latestPostsContent px-0 col-12 post content-2-3  show-featured-image ">


        <div class="image-container single-featured"><a href = "https://www.atreus.de/fr/atreus-dans-les-medias/aucune-entreprise-ne-peut-ignorer-le-theme-de-la-durabilite/"><span class="copyright-image"></span><img decoding="async" loading="lazy" alt="atreus_" src="https://www.atreus.de/wp-content/uploads/2023/03/TEASER1.jpg" srcset="https://www.atreus.de/wp-content/uploads/2023/03/TEASER1.jpg 1098w, https://www.atreus.de/wp-content/uploads/2023/03/TEASER1-768x288.jpg 768w, https://www.atreus.de/wp-content/uploads/2023/03/TEASER1-1024x384.jpg 1024w, https://www.atreus.de/wp-content/uploads/2023/03/TEASER1-480x180.jpg 480w" sizes="(max-width: 1024px) 100vw, 1024px" style="aspect-ratio:1098/412 !important" title="atreus_"></a></div><div class="image-container double-featured"><a href = "https://www.atreus.de/fr/atreus-dans-les-medias/aucune-entreprise-ne-peut-ignorer-le-theme-de-la-durabilite/"><span class="copyright-image"></span><img decoding="async" loading="lazy" alt="atreus_" src="https://www.atreus.de/wp-content/uploads/2023/03/TEASER1.jpg" srcset="https://www.atreus.de/wp-content/uploads/2023/03/TEASER1.jpg 1098w, https://www.atreus.de/wp-content/uploads/2023/03/TEASER1-768x288.jpg 768w, https://www.atreus.de/wp-content/uploads/2023/03/TEASER1-1024x384.jpg 1024w, https://www.atreus.de/wp-content/uploads/2023/03/TEASER1-480x180.jpg 480w" sizes="(max-width: 1024px) 100vw, 1024px" style="aspect-ratio:1098/412 !important" title="atreus_"></a></div>        <div class="content-container has-excerpt posttype-post blue-900 white-color">
          <div class="preheadline-container parent-has-padding"><p class="zw-cgb preheadline">Atreus dans les médias</p></div><a href = "https://www.atreus.de/fr/atreus-dans-les-medias/aucune-entreprise-ne-peut-ignorer-le-theme-de-la-durabilite/"><h2 class=" zw-cgb headline">Aucune entreprise ne peut ignorer la question du développement durable</h2></a><p class=" zw-cgb fulltext">Dans le journal Börsen-Zeitung, le Managing Partner et directeur général d’Atreus, Harald Linné, et le directeur d’Atreus, Robert Minge, expliquent dans quelle mesure la pertinence croissante de la durabilité devient une partie intégrante de l’évaluation des entreprises.</p><div class="post-meta-info-container"><div class="post-read-time"><p class="zw-cgb fulltext"><i class="far fa-clock"></i>3 temps de lecture min</p></div><div class="post-rating-container d-none"><!-- FeedbackWP Plugin - Results Widget --><div  class="rmp-results-widget js-rmp-results-widget js-rmp-results-widget--524345 "  data-post-id="524345">  <div class="rmp-results-widget__visual-rating">    <i class="js-rmp-results-icon rmp-icon rmp-icon--ratings rmp-icon--star "></i><i class="js-rmp-results-icon rmp-icon rmp-icon--ratings rmp-icon--star "></i><i class="js-rmp-results-icon rmp-icon rmp-icon--ratings rmp-icon--star "></i><i class="js-rmp-results-icon rmp-icon rmp-icon--ratings rmp-icon--star "></i><i class="js-rmp-results-icon rmp-icon rmp-icon--ratings rmp-icon--star "></i>  </div>  <div class="rmp-results-widget__avg-rating">    <span class="js-rmp-avg-rating">          </span>  </div>  <div class="rmp-results-widget__vote-count">    (<span class="js-rmp-vote-count"></span>)  </div></div> </div><div class="post-social-share"><div class="zw-social-share dropdown show">
        <a class="zw-social-share-toggler" href="#" role="button" id="dropdownMenuLink" data-toggle="dropdown" aria-haspopup="true" aria-expanded="false">
        <i class="fas fa-share-alt"></i><span class="zw-share-meta">Partager</span>
        </a>
        <div class="zw-share-dropdown-menu dropdown-menu" aria-labelledby="dropdownMenuLink"><div class="dropdown-inner"><p class="zw-share-heading fulltext">Partager</p><a class="zw-social-share-toggler fulltext" href="#" role="button" id="dropdownMenuLink" data-toggle="dropdown" aria-label="Close">✕</a><div class="social-inner-icons"><a class="dropdown-item " target="_blank" rel="nofollow" href="https://www.linkedin.com/cws/share?url=https%3A%2F%2Fwww.atreus.de%2Ffr%2Fatreus-dans-les-medias%2Faucune-entreprise-ne-peut-ignorer-le-theme-de-la-durabilite%2F&amp;title=Aucune+entreprise+ne+peut+ignorer+la+question+du+d%C3%A9veloppement+durable"><i class="fab fa-linkedin fa-fw"></i></a><a class="dropdown-item " target="_blank" rel="nofollow" href="https://www.xing.com/spi/shares/new?url=https%3A%2F%2Fwww.atreus.de%2Ffr%2Fatreus-dans-les-medias%2Faucune-entreprise-ne-peut-ignorer-le-theme-de-la-durabilite%2F"><i class="fab fa-xing fa-fw"></i></a><a class="dropdown-item " target="_blank" rel="nofollow" href="https://www.facebook.com/sharer/sharer.php?u=https%3A%2F%2Fwww.atreus.de%2Ffr%2Fatreus-dans-les-medias%2Faucune-entreprise-ne-peut-ignorer-le-theme-de-la-durabilite%2F&amp;t=Aucune+entreprise+ne+peut+ignorer+la+question+du+d%C3%A9veloppement+durable"><i class="fab fa-facebook-square fa-fw"></i></a><a class="dropdown-item "  target="_blank" rel="nofollow" href="https://twitter.com/intent/tweet?url=https%3A%2F%2Fwww.atreus.de%2Ffr%2Fatreus-dans-les-medias%2Faucune-entreprise-ne-peut-ignorer-le-theme-de-la-durabilite%2F&amp;text=Aucune+entreprise+ne+peut+ignorer+la+question+du+d%C3%A9veloppement+durable"><i class="fab fa-twitter fa-fw"></i></a>  </div></div></div>
    </div></div></div><div class="zw-cgb zw-cgb-button-container "><a href="https://www.atreus.de/fr/atreus-dans-les-medias/aucune-entreprise-ne-peut-ignorer-le-theme-de-la-durabilite/" class="zw-cgb btn btn-primary ">Lire la suite</a></div>        </div>
            </div>
      <div class="zw-spacer px-0"></div>
        </div>
    </div>

Les domaines de spécialisation de Robert Minge sont les postes spécialisés et de direction ainsi que les tâches de projet.
