{"id":500705,"date":"2022-03-23T15:19:56","date_gmt":"2022-03-23T14:19:56","guid":{"rendered":"https:\/\/www.atreus.de\/?post_type=team&#038;p=500705"},"modified":"2024-08-12T15:56:30","modified_gmt":"2024-08-12T13:56:30","slug":"wolfgang-seng","status":"publish","type":"team","link":"https:\/\/www.atreus.de\/fr\/equipe\/wolfgang-seng\/","title":{"rendered":"Wolfgang Seng"},"content":{"rendered":"\n    <div  class=\"zw-cgb is-first-block textblock black-color zw-content-pos-center  default-margin \">\n      <div class=\"row\">\n        <div class=\"zw-cgb-content col-12 g-0\">\n          <p class=\" zw-cgb fulltext \"><strong>Wolfgang Seng se concentre sur les occupations int\u00e9rimaires de postes de top management ax\u00e9s sur l\u2019informatique et la transformation num\u00e9rique, aussi bien dans des fonctions hi\u00e9rarchiques que dans la gestion de programmes et de projets. Sa sp\u00e9cialisation \u00ab&nbsp;IT en tant que fonction transversale&nbsp;\u00bb lui donne un aper\u00e7u ind\u00e9pendant du secteur dans un march\u00e9 convergent.<\/strong><\/p><p class=\" zw-cgb fulltext \">De plus, il a une tr\u00e8s bonne vue d\u2019ensemble de tous les experts informatiques de la communaut\u00e9 IT d\u2019Atreus et peut s\u2019appuyer sur un r\u00e9seau en partie international de cadres sup\u00e9rieurs.<br>Avant Atreus, Wolfgang Seng \u00e9tait responsable du placement d\u2019experts informatiques ind\u00e9pendants pendant pr\u00e8s de sept ans. Il a dirig\u00e9 une \u00e9quipe sp\u00e9cialis\u00e9e dans les postes de pratique, allant de d\u00e9veloppeur\/administrateur \u00e0 architecte et chef de projet.<\/p>        <\/div>\n      <\/div>\n    <\/div>\n\n\n\n\n<div style=\"height:64px\" aria-hidden=\"true\" class=\"wp-block-spacer is-style-zw-default-color-400\"><\/div>\n\n\n<div  class=\"zw-cgb row  columnmaster020 default-margin \"><div class=\"columnmaster-inner-content g-0\">    <div  class=\"zw-cgb no-image-layout columnblock black-color no-icon   \">\n      <div class=\"zw-cgb zw-cgb-content\">\n\n        <div class=\"column-content\"><div class=\"inner-content\"><h1 class=\" zw-cgb headline h4\">Principaux secteurs<\/h1><ul class=\"zw-cgb-ul fulltext \"><li class=\"\">Banques et assurances<\/li><li class=\"\">Services<\/li><li class=\"\">\u00c9nergie<\/li><li class=\"\">T\u00e9l\u00e9communications, IT, m\u00e9dias<\/li><li class=\"\">Transport, logistique et circulation<\/li><\/ul><\/div><\/div>      <\/div>\n    <\/div>\n    <div  class=\"zw-cgb no-image-layout columnblock black-color no-icon   \">\n      <div class=\"zw-cgb zw-cgb-content\">\n\n        <div class=\"column-content\"><div class=\"inner-content\"><h2 class=\" zw-cgb headline h4\">Domaines d&#8217;expertise<\/h2><ul class=\"zw-cgb-ul fulltext \"><li class=\"\">Carve-in et carve-out<\/li><li class=\"\">Transformation num\u00e9rique<\/li><li class=\"\">Digitalisation des ventes et du marketing<\/li><li class=\"\">Num\u00e9risation des mod\u00e8les d\u2019entreprise et des processus op\u00e9rationnels<\/li><li class=\"\">Missions internationales<\/li><li class=\"\">IT<\/li><li class=\"\">D\u00e9ploiement de l\u2019infrastructure informatique<\/li><li class=\"\">IT-Sourcing et gestion des fournisseurs, IT-Outsourcing<\/li><li class=\"\">Service de gestion de projet<\/li><li class=\"\">Projets SAP, ERP et de crise<\/li><\/ul><\/div><\/div>      <\/div>\n    <\/div>\n    <div  class=\"zw-cgb no-image-layout columnblock black-color no-icon   \">\n      <div class=\"zw-cgb zw-cgb-content\">\n\n        <div class=\"column-content\"><div class=\"inner-content\"><h2 class=\" zw-cgb headline h4\">\u00c9volution professionelle<\/h2><ul class=\"zw-cgb-ul fulltext \"><li class=\"\">Senior Sales Team Manager chez Progressive &#8211; une branche commerciale de SThree GmbH<\/li><li class=\"\">Direction du service de placement de freelances informatiques pour le sud de l\u2019Allemagne<\/li><li class=\"\">Postes de vente et proches de la vente dans de grands groupes allemands<\/li><\/ul><\/div><\/div>      <\/div>\n    <\/div>\n<\/div><\/div>\n\n\n    <div  class=\"zw-cgb  latestPosts default-margin \">\n      <div class=\"row zw-cgb-content\">\n        \n      <div  class=\"zw-cgb latestPostsContent px-0 col-12 event content-2-3  show-featured-image \">\n\n\n        <div class=\"image-container single-featured\"><a href = \"https:\/\/www.atreus.de\/fr\/evenement\/table-ronde-dexperts-cybersecurite-comment-sortir-de-la-zone-de-danger\/\"><span class=\"copyright-image\"><\/span><img decoding=\"async\" loading=\"lazy\" alt=\"atreus_\" src=\"https:\/\/www.atreus.de\/wp-content\/uploads\/2023\/03\/teaser-img-fuer-2-und-3-spalter-20230303-atreus-a-topic-erfolgreiche-cyber-abwehr-teamwork.jpg\" srcset=\"https:\/\/www.atreus.de\/wp-content\/uploads\/2023\/03\/teaser-img-fuer-2-und-3-spalter-20230303-atreus-a-topic-erfolgreiche-cyber-abwehr-teamwork.jpg 823w, https:\/\/www.atreus.de\/wp-content\/uploads\/2023\/03\/teaser-img-fuer-2-und-3-spalter-20230303-atreus-a-topic-erfolgreiche-cyber-abwehr-teamwork-768x578.jpg 768w, https:\/\/www.atreus.de\/wp-content\/uploads\/2023\/03\/teaser-img-fuer-2-und-3-spalter-20230303-atreus-a-topic-erfolgreiche-cyber-abwehr-teamwork-480x361.jpg 480w\" sizes=\"(max-width: 1024px) 100vw, 1024px\" style=\"aspect-ratio:823\/619 !important\" title=\"atreus_\"><\/a><\/div><div class=\"image-container double-featured\"><a href = \"https:\/\/www.atreus.de\/fr\/evenement\/table-ronde-dexperts-cybersecurite-comment-sortir-de-la-zone-de-danger\/\"><span class=\"copyright-image\"><\/span><img decoding=\"async\" loading=\"lazy\" alt=\"atreus_\" src=\"https:\/\/www.atreus.de\/wp-content\/uploads\/2023\/03\/teaser-img-60zu30-20230303-atreus-a-topic-erfolgreiche-cyber-abwehr-teamwork.jpg\" srcset=\"https:\/\/www.atreus.de\/wp-content\/uploads\/2023\/03\/teaser-img-60zu30-20230303-atreus-a-topic-erfolgreiche-cyber-abwehr-teamwork.jpg 1098w, https:\/\/www.atreus.de\/wp-content\/uploads\/2023\/03\/teaser-img-60zu30-20230303-atreus-a-topic-erfolgreiche-cyber-abwehr-teamwork-768x288.jpg 768w, https:\/\/www.atreus.de\/wp-content\/uploads\/2023\/03\/teaser-img-60zu30-20230303-atreus-a-topic-erfolgreiche-cyber-abwehr-teamwork-1024x384.jpg 1024w, https:\/\/www.atreus.de\/wp-content\/uploads\/2023\/03\/teaser-img-60zu30-20230303-atreus-a-topic-erfolgreiche-cyber-abwehr-teamwork-480x180.jpg 480w\" sizes=\"(max-width: 1024px) 100vw, 1024px\" style=\"aspect-ratio:1098\/412 !important\" title=\"atreus_\"><\/a><\/div>        <div class=\"content-container has-excerpt posttype-event blue-400 white-color\">\n          <div class=\"preheadline-container parent-has-padding\"><p class=\"zw-cgb preheadline\">Table ronde | 30.03.2023<\/p><\/div><a href = \"https:\/\/www.atreus.de\/fr\/evenement\/table-ronde-dexperts-cybersecurite-comment-sortir-de-la-zone-de-danger\/\"><h2 class=\" zw-cgb headline\">Table ronde d\u2019experts&nbsp;: Cybers\u00e9curit\u00e9 \u2014 comment sortir de la zone de danger&nbsp;?<\/h2><\/a><p class=\" zw-cgb fulltext\">Malgr\u00e9 les nombreuses mesures, normes et r\u00e9glementations, la question cruciale reste en suspens\u00a0: offrent-elles une protection suffisante contre les risques et les entreprises sont-elles vraiment en mesure de pr\u00e9venir les attaques men\u00e9es \u00e0 bien et de se pr\u00e9parer aux situations d\u2019urgence\u00a0? Nous en discuterons &#8230;<\/p><div class=\"zw-cgb zw-cgb-button-container \"><a href=\"https:\/\/www.atreus.de\/fr\/evenement\/table-ronde-dexperts-cybersecurite-comment-sortir-de-la-zone-de-danger\/\" class=\"zw-cgb btn btn-primary \">Lire la suite<\/a><\/div>        <\/div>\n            <\/div>\n      <div class=\"zw-spacer px-0\"><\/div>\n        <\/div>\n    <\/div>\n\n","protected":false},"author":6,"featured_media":0,"menu_order":0,"template":"","competences":[674,680],"industry-sectors":[705],"typ-team":[645,744],"class_list":["post-500705","team","type-team","status-publish","hentry","competences-it-fr","competences-numerisation","industry-sectors-transport-logistique-et-trafic","typ-team-directeur","typ-team-table-ronde-it"],"allData":{"rank_math_internal_links_processed":["1"],"_zw_post_wordcount":["248"],"_zw_reading_time_seconds":["50"],"_wpml_media_duplicate":["0"],"_wpml_media_featured":["0"],"_zw_lastname":["Seng"],"_zw_prename":["Wolfgang "],"_zw_email":["Wolfgang.Seng@atreus.de"],"_zw_phone":["+49 89 452249-430"],"_zw_linkedin":["https:\/\/www.linkedin.com\/in\/wolfgangseng\/"],"_top_nav_excluded":[""],"_cms_nav_minihome":[""],"_last_translation_edit_mode":["native-editor"],"_wpml_word_count":["{\"total\":241,\"to_translate\":{\"en\":241,\"de\":241}}"],"rank_math_facebook_image":["https:\/\/www.atreus.de\/wp-content\/uploads\/2023\/07\/sen-wo-v3.png"],"rank_math_facebook_image_id":["399789"],"_zw_portraitImg":["399789"],"_edit_lock":["1723471010:3"],"rank_math_seo_score":["60"],"_wp_old_date":["2024-01-08"],"_edit_last":["3"],"_zw_max_input_files":["0"],"rank_math_title":["Wolfgang Seng \u2014 Directeur Atreus GmbH"],"rank_math_description":["Wolfgang Seng se concentre sur les occupations int\u00e9rimaires de postes de top management, en mettant l\u2019accent sur l\u2019informatique et la transformation num\u00e9rique."],"rank_math_focus_keyword":["Wolfgang Seng"],"_zw_description":["Directeur\r\n"]},"_links":{"self":[{"href":"https:\/\/www.atreus.de\/fr\/wp-json\/wp\/v2\/team\/500705","targetHints":{"allow":["GET"]}}],"collection":[{"href":"https:\/\/www.atreus.de\/fr\/wp-json\/wp\/v2\/team"}],"about":[{"href":"https:\/\/www.atreus.de\/fr\/wp-json\/wp\/v2\/types\/team"}],"author":[{"embeddable":true,"href":"https:\/\/www.atreus.de\/fr\/wp-json\/wp\/v2\/users\/6"}],"version-history":[{"count":0,"href":"https:\/\/www.atreus.de\/fr\/wp-json\/wp\/v2\/team\/500705\/revisions"}],"wp:attachment":[{"href":"https:\/\/www.atreus.de\/fr\/wp-json\/wp\/v2\/media?parent=500705"}],"wp:term":[{"taxonomy":"competences","embeddable":true,"href":"https:\/\/www.atreus.de\/fr\/wp-json\/wp\/v2\/competences?post=500705"},{"taxonomy":"industry-sectors","embeddable":true,"href":"https:\/\/www.atreus.de\/fr\/wp-json\/wp\/v2\/industry-sectors?post=500705"},{"taxonomy":"typ-team","embeddable":true,"href":"https:\/\/www.atreus.de\/fr\/wp-json\/wp\/v2\/typ-team?post=500705"}],"curies":[{"name":"wp","href":"https:\/\/api.w.org\/{rel}","templated":true}]}}

<div  class="zw-cgb is-first-block textblock black-color zw-content-pos-center  default-margin ">
      <div class="row">
        <div class="zw-cgb-content col-12 g-0">
          <p class=" zw-cgb fulltext "><strong>Wolfgang Seng se concentre sur les occupations intérimaires de postes de top management axés sur l’informatique et la transformation numérique, aussi bien dans des fonctions hiérarchiques que dans la gestion de programmes et de projets. Sa spécialisation «&nbsp;IT en tant que fonction transversale&nbsp;» lui donne un aperçu indépendant du secteur dans un marché convergent.</strong></p><p class=" zw-cgb fulltext ">De plus, il a une très bonne vue d’ensemble de tous les experts informatiques de la communauté IT d’Atreus et peut s’appuyer sur un réseau en partie international de cadres supérieurs.<br>Avant Atreus, Wolfgang Seng était responsable du placement d’experts informatiques indépendants pendant près de sept ans. Il a dirigé une équipe spécialisée dans les postes de pratique, allant de développeur/administrateur à architecte et chef de projet.</p>        </div>
      </div>
    </div>




<div style="height:64px" aria-hidden="true" class="wp-block-spacer is-style-zw-default-color-400"></div>


<div  class="zw-cgb row  columnmaster020 default-margin "><div class="columnmaster-inner-content g-0">    <div  class="zw-cgb no-image-layout columnblock black-color no-icon   ">
      <div class="zw-cgb zw-cgb-content">

        <div class="column-content"><div class="inner-content"><h1 class=" zw-cgb headline h4">Principaux secteurs</h1><ul class="zw-cgb-ul fulltext "><li class="">Banques et assurances</li><li class="">Services</li><li class="">Énergie</li><li class="">Télécommunications, IT, médias</li><li class="">Transport, logistique et circulation</li></ul></div></div>      </div>
    </div>
    <div  class="zw-cgb no-image-layout columnblock black-color no-icon   ">
      <div class="zw-cgb zw-cgb-content">

        <div class="column-content"><div class="inner-content"><h2 class=" zw-cgb headline h4">Domaines d&#8217;expertise</h2><ul class="zw-cgb-ul fulltext "><li class="">Carve-in et carve-out</li><li class="">Transformation numérique</li><li class="">Digitalisation des ventes et du marketing</li><li class="">Numérisation des modèles d’entreprise et des processus opérationnels</li><li class="">Missions internationales</li><li class="">IT</li><li class="">Déploiement de l’infrastructure informatique</li><li class="">IT-Sourcing et gestion des fournisseurs, IT-Outsourcing</li><li class="">Service de gestion de projet</li><li class="">Projets SAP, ERP et de crise</li></ul></div></div>      </div>
    </div>
    <div  class="zw-cgb no-image-layout columnblock black-color no-icon   ">
      <div class="zw-cgb zw-cgb-content">

        <div class="column-content"><div class="inner-content"><h2 class=" zw-cgb headline h4">Évolution professionelle</h2><ul class="zw-cgb-ul fulltext "><li class="">Senior Sales Team Manager chez Progressive &#8211; une branche commerciale de SThree GmbH</li><li class="">Direction du service de placement de freelances informatiques pour le sud de l’Allemagne</li><li class="">Postes de vente et proches de la vente dans de grands groupes allemands</li></ul></div></div>      </div>
    </div>
</div></div>


    <div  class="zw-cgb  latestPosts default-margin ">
      <div class="row zw-cgb-content">
        
      <div  class="zw-cgb latestPostsContent px-0 col-12 event content-2-3  show-featured-image ">


        <div class="image-container single-featured"><a href = "https://www.atreus.de/fr/evenement/table-ronde-dexperts-cybersecurite-comment-sortir-de-la-zone-de-danger/"><span class="copyright-image"></span><img decoding="async" loading="lazy" alt="atreus_" src="https://www.atreus.de/wp-content/uploads/2023/03/teaser-img-fuer-2-und-3-spalter-20230303-atreus-a-topic-erfolgreiche-cyber-abwehr-teamwork.jpg" srcset="https://www.atreus.de/wp-content/uploads/2023/03/teaser-img-fuer-2-und-3-spalter-20230303-atreus-a-topic-erfolgreiche-cyber-abwehr-teamwork.jpg 823w, https://www.atreus.de/wp-content/uploads/2023/03/teaser-img-fuer-2-und-3-spalter-20230303-atreus-a-topic-erfolgreiche-cyber-abwehr-teamwork-768x578.jpg 768w, https://www.atreus.de/wp-content/uploads/2023/03/teaser-img-fuer-2-und-3-spalter-20230303-atreus-a-topic-erfolgreiche-cyber-abwehr-teamwork-480x361.jpg 480w" sizes="(max-width: 1024px) 100vw, 1024px" style="aspect-ratio:823/619 !important" title="atreus_"></a></div><div class="image-container double-featured"><a href = "https://www.atreus.de/fr/evenement/table-ronde-dexperts-cybersecurite-comment-sortir-de-la-zone-de-danger/"><span class="copyright-image"></span><img decoding="async" loading="lazy" alt="atreus_" src="https://www.atreus.de/wp-content/uploads/2023/03/teaser-img-60zu30-20230303-atreus-a-topic-erfolgreiche-cyber-abwehr-teamwork.jpg" srcset="https://www.atreus.de/wp-content/uploads/2023/03/teaser-img-60zu30-20230303-atreus-a-topic-erfolgreiche-cyber-abwehr-teamwork.jpg 1098w, https://www.atreus.de/wp-content/uploads/2023/03/teaser-img-60zu30-20230303-atreus-a-topic-erfolgreiche-cyber-abwehr-teamwork-768x288.jpg 768w, https://www.atreus.de/wp-content/uploads/2023/03/teaser-img-60zu30-20230303-atreus-a-topic-erfolgreiche-cyber-abwehr-teamwork-1024x384.jpg 1024w, https://www.atreus.de/wp-content/uploads/2023/03/teaser-img-60zu30-20230303-atreus-a-topic-erfolgreiche-cyber-abwehr-teamwork-480x180.jpg 480w" sizes="(max-width: 1024px) 100vw, 1024px" style="aspect-ratio:1098/412 !important" title="atreus_"></a></div>        <div class="content-container has-excerpt posttype-event blue-400 white-color">
          <div class="preheadline-container parent-has-padding"><p class="zw-cgb preheadline">Table ronde | 30.03.2023</p></div><a href = "https://www.atreus.de/fr/evenement/table-ronde-dexperts-cybersecurite-comment-sortir-de-la-zone-de-danger/"><h2 class=" zw-cgb headline">Table ronde d’experts&nbsp;: Cybersécurité — comment sortir de la zone de danger&nbsp;?</h2></a><p class=" zw-cgb fulltext">Malgré les nombreuses mesures, normes et réglementations, la question cruciale reste en suspens : offrent-elles une protection suffisante contre les risques et les entreprises sont-elles vraiment en mesure de prévenir les attaques menées à bien et de se préparer aux situations d’urgence ? Nous en discuterons &#8230;</p><div class="zw-cgb zw-cgb-button-container "><a href="https://www.atreus.de/fr/evenement/table-ronde-dexperts-cybersecurite-comment-sortir-de-la-zone-de-danger/" class="zw-cgb btn btn-primary ">Lire la suite</a></div>        </div>
            </div>
      <div class="zw-spacer px-0"></div>
        </div>
    </div>

Wolfgang Seng se concentre sur les occupations intérimaires de postes de top management, en mettant l’accent sur l’informatique et la transformation numérique.
