{"id":500710,"date":"2022-03-23T15:57:48","date_gmt":"2022-03-23T14:57:48","guid":{"rendered":"https:\/\/www.atreus.de\/?post_type=team&#038;p=500710"},"modified":"2024-08-12T16:23:42","modified_gmt":"2024-08-12T14:23:42","slug":"martin-bieri","status":"publish","type":"team","link":"https:\/\/www.atreus.de\/fr\/equipe\/martin-bieri\/","title":{"rendered":"Martin Bieri"},"content":{"rendered":"\n    <div  class=\"zw-cgb is-first-block textblock black-color zw-content-pos-center  default-margin \">\n      <div class=\"row\">\n        <div class=\"zw-cgb-content col-12 g-0\">\n          <p class=\" zw-cgb fulltext \"><strong>Martin Bieri jouit de plus de 30 ans d\u2019exp\u00e9rience dans l\u2019industrie des biens de consommation et est consid\u00e9r\u00e9 comme un expert de la branche pour l\u2019industrie et le commerce. Il a \u00e9tudi\u00e9 la gestion d\u2019entreprise \u00e0 Berlin et \u00e0 Munich. Il a ensuite suivi un MBA, qu\u2019il a obtenu \u00e0 New York, Milan et Berlin.<\/strong><\/p><p class=\" zw-cgb fulltext \">Les \u00e9tapes cl\u00e9s de sa carri\u00e8re diversifi\u00e9e ont \u00e9t\u00e9 les postes de chef de d\u00e9partement principal Product Management Non-Food Europe chez Plus\/Tengelmann Group, de vice-pr\u00e9sident New Business chez Media-Saturn-Holding\/Metro Group et de Senior Vice President, Group Head of Brands &amp; Licensing du groupe tcc, de Global Vice President Sales &amp; Product Development chez W\u00fcsthof, de Sales Director EMEA &amp; Americas chez Fissler. Derni\u00e8rement, il \u00e9tait Chief Sales &amp; Marketing Officer du groupe Swissdigital. Martin Bieri est aujourd\u2019hui Chief Executive Officer du groupe keeeper. Il est en outre membre de divers conseils consultatifs.<\/p>        <\/div>\n      <\/div>\n    <\/div>\n\n\n\n\n<div style=\"height:64px\" aria-hidden=\"true\" class=\"wp-block-spacer is-style-zw-default-color-400\"><\/div>\n\n\n<div  class=\"zw-cgb row  columnmaster020 default-margin \"><div class=\"columnmaster-inner-content g-0\">    <div  class=\"zw-cgb no-image-layout columnblock black-color no-icon   \">\n      <div class=\"zw-cgb zw-cgb-content\">\n\n        <div class=\"column-content\"><div class=\"inner-content\"><h1 class=\" zw-cgb headline h4\">Principaux secteurs<\/h1><ul class=\"zw-cgb-ul fulltext \"><li class=\"\">Biens de consommation<\/li><li class=\"\">Commerce<\/li><li class=\"\">T\u00e9l\u00e9communications, IT &amp; M\u00e9dias<\/li><li class=\"\">Services marketing<\/li><li class=\"\">Licence de marque<\/li><\/ul><\/div><\/div>      <\/div>\n    <\/div>\n    <div  class=\"zw-cgb no-image-layout columnblock black-color no-icon   \">\n      <div class=\"zw-cgb zw-cgb-content\">\n\n        <div class=\"column-content\"><div class=\"inner-content\"><h2 class=\" zw-cgb headline h4\">Domaines d&#8217;expertise<\/h2><ul class=\"zw-cgb-ul fulltext \"><li class=\"\">Personnalit\u00e9 dirigeante avec une solide exp\u00e9rience dans la cr\u00e9ation de marques, la gestion de marques et les ventes sur les segments premium<\/li><li class=\"\">Vaste expertise technique dans les domaines suivants&nbsp;: strat\u00e9gie, ventes, marketing, licences, gestion de la marque et d\u00e9veloppement commercial<\/li><li class=\"\">Signature de contrats exclusifs et commercialisation r\u00e9ussie de c\u00e9l\u00e9brit\u00e9s comme Naomi Campbell et de marques renomm\u00e9es dans les domaines de l\u2019entreprise et du style de vie ainsi que du sport et du divertissement<\/li><li class=\"\">Expert omnicanal avec exp\u00e9rience dans des structures de groupes internationaux ainsi qu\u2019une solide expertise sectorielle dans le domaine du commerce et de l\u2019industrie<\/li><li class=\"\">R\u00e9aliste, innovant, entreprenant, interculturel, empathique<\/li><\/ul><\/div><\/div>      <\/div>\n    <\/div>\n    <div  class=\"zw-cgb no-image-layout columnblock black-color no-icon   \">\n      <div class=\"zw-cgb zw-cgb-content\">\n\n        <div class=\"column-content\"><div class=\"inner-content\"><h2 class=\" zw-cgb headline h4\">\u00c9volution professionelle<\/h2><ul class=\"zw-cgb-ul fulltext \"><li class=\"\">Directeur g\u00e9n\u00e9ral, keeeper Group<\/li><li class=\"\">Chief Sales &amp; Marketing Officer, Swissdigital Group<\/li><li class=\"\">Directeur des ventes EMEA &amp; Americas, membre de l\u2019\u00e9quipe dirigeante mondiale, Fissler GmbH<\/li><li class=\"\">Global Vice President Sales &amp; Product Development, membre de l\u2019\u00e9quipe de direction, W\u00fcsthof GmbH<\/li><li class=\"\">Senior Vice President, Group Head of Brands &amp; Licensing, tcc Global<\/li><li class=\"\">Vice-pr\u00e9sident New Business, Media-Saturn-Holding GmbH, Metro Group<\/li><li class=\"\">Senior Head Product Management Non-Food Europe, Plus WHG mbH, Tengelmann Group<\/li><\/ul><\/div><\/div>      <\/div>\n    <\/div>\n<\/div><\/div>","protected":false},"author":5,"featured_media":0,"menu_order":0,"template":"","competences":[],"industry-sectors":[],"typ-team":[664,663,746],"class_list":["post-500710","team","type-team","status-publish","hentry","typ-team-conseiller","typ-team-conseiller-en-industrie","typ-team-mba-fr"],"allData":{"rank_math_internal_links_processed":["1"],"_zw_post_wordcount":["365"],"_zw_reading_time_seconds":["73"],"_wpml_media_duplicate":["0"],"_wpml_media_featured":["0"],"_zw_prename":["Martin"],"_zw_email":["Martin.Bieri@ext.atreus.de"],"_top_nav_excluded":[""],"_cms_nav_minihome":[""],"_last_translation_edit_mode":["native-editor"],"rank_math_facebook_image":["https:\/\/www.atreus.de\/wp-content\/uploads\/2023\/08\/bie-ma.png"],"rank_math_facebook_image_id":["404033"],"_zw_quadratImg":["404033"],"_zw_max_input_files":["0"],"_edit_lock":["1723472623:3"],"rank_math_seo_score":["59"],"_edit_last":["3"],"_wpml_word_count":["{\"total\":355,\"to_translate\":{\"en\":355,\"de\":355}}"],"_zw_linkedin":["https:\/\/www.linkedin.com\/in\/martin-bieri-mba-b38186a\/"],"_zw_lastname":["Bieri, MBA"],"rank_math_title":["Martin Bieri, conseiller Atreus et expert du secteur"],"rank_math_description":["Atreus Advisor Martin Bieri jouit de plus de 30 ans d\u2019exp\u00e9rience dans l\u2019industrie des biens de consommation et est consid\u00e9r\u00e9 comme un expert de la branche pour l\u2019industrie et le commerce."],"rank_math_focus_keyword":["Martin Bieri"],"_zw_description":["Conseiller\r\n"]},"_links":{"self":[{"href":"https:\/\/www.atreus.de\/fr\/wp-json\/wp\/v2\/team\/500710","targetHints":{"allow":["GET"]}}],"collection":[{"href":"https:\/\/www.atreus.de\/fr\/wp-json\/wp\/v2\/team"}],"about":[{"href":"https:\/\/www.atreus.de\/fr\/wp-json\/wp\/v2\/types\/team"}],"author":[{"embeddable":true,"href":"https:\/\/www.atreus.de\/fr\/wp-json\/wp\/v2\/users\/5"}],"version-history":[{"count":0,"href":"https:\/\/www.atreus.de\/fr\/wp-json\/wp\/v2\/team\/500710\/revisions"}],"wp:attachment":[{"href":"https:\/\/www.atreus.de\/fr\/wp-json\/wp\/v2\/media?parent=500710"}],"wp:term":[{"taxonomy":"competences","embeddable":true,"href":"https:\/\/www.atreus.de\/fr\/wp-json\/wp\/v2\/competences?post=500710"},{"taxonomy":"industry-sectors","embeddable":true,"href":"https:\/\/www.atreus.de\/fr\/wp-json\/wp\/v2\/industry-sectors?post=500710"},{"taxonomy":"typ-team","embeddable":true,"href":"https:\/\/www.atreus.de\/fr\/wp-json\/wp\/v2\/typ-team?post=500710"}],"curies":[{"name":"wp","href":"https:\/\/api.w.org\/{rel}","templated":true}]}}

<div  class="zw-cgb is-first-block textblock black-color zw-content-pos-center  default-margin ">
      <div class="row">
        <div class="zw-cgb-content col-12 g-0">
          <p class=" zw-cgb fulltext "><strong>Martin Bieri jouit de plus de 30 ans d’expérience dans l’industrie des biens de consommation et est considéré comme un expert de la branche pour l’industrie et le commerce. Il a étudié la gestion d’entreprise à Berlin et à Munich. Il a ensuite suivi un MBA, qu’il a obtenu à New York, Milan et Berlin.</strong></p><p class=" zw-cgb fulltext ">Les étapes clés de sa carrière diversifiée ont été les postes de chef de département principal Product Management Non-Food Europe chez Plus/Tengelmann Group, de vice-président New Business chez Media-Saturn-Holding/Metro Group et de Senior Vice President, Group Head of Brands &amp; Licensing du groupe tcc, de Global Vice President Sales &amp; Product Development chez Wüsthof, de Sales Director EMEA &amp; Americas chez Fissler. Dernièrement, il était Chief Sales &amp; Marketing Officer du groupe Swissdigital. Martin Bieri est aujourd’hui Chief Executive Officer du groupe keeeper. Il est en outre membre de divers conseils consultatifs.</p>        </div>
      </div>
    </div>




<div style="height:64px" aria-hidden="true" class="wp-block-spacer is-style-zw-default-color-400"></div>


<div  class="zw-cgb row  columnmaster020 default-margin "><div class="columnmaster-inner-content g-0">    <div  class="zw-cgb no-image-layout columnblock black-color no-icon   ">
      <div class="zw-cgb zw-cgb-content">

        <div class="column-content"><div class="inner-content"><h1 class=" zw-cgb headline h4">Principaux secteurs</h1><ul class="zw-cgb-ul fulltext "><li class="">Biens de consommation</li><li class="">Commerce</li><li class="">Télécommunications, IT &amp; Médias</li><li class="">Services marketing</li><li class="">Licence de marque</li></ul></div></div>      </div>
    </div>
    <div  class="zw-cgb no-image-layout columnblock black-color no-icon   ">
      <div class="zw-cgb zw-cgb-content">

        <div class="column-content"><div class="inner-content"><h2 class=" zw-cgb headline h4">Domaines d&#8217;expertise</h2><ul class="zw-cgb-ul fulltext "><li class="">Personnalité dirigeante avec une solide expérience dans la création de marques, la gestion de marques et les ventes sur les segments premium</li><li class="">Vaste expertise technique dans les domaines suivants&nbsp;: stratégie, ventes, marketing, licences, gestion de la marque et développement commercial</li><li class="">Signature de contrats exclusifs et commercialisation réussie de célébrités comme Naomi Campbell et de marques renommées dans les domaines de l’entreprise et du style de vie ainsi que du sport et du divertissement</li><li class="">Expert omnicanal avec expérience dans des structures de groupes internationaux ainsi qu’une solide expertise sectorielle dans le domaine du commerce et de l’industrie</li><li class="">Réaliste, innovant, entreprenant, interculturel, empathique</li></ul></div></div>      </div>
    </div>
    <div  class="zw-cgb no-image-layout columnblock black-color no-icon   ">
      <div class="zw-cgb zw-cgb-content">

        <div class="column-content"><div class="inner-content"><h2 class=" zw-cgb headline h4">Évolution professionelle</h2><ul class="zw-cgb-ul fulltext "><li class="">Directeur général, keeeper Group</li><li class="">Chief Sales &amp; Marketing Officer, Swissdigital Group</li><li class="">Directeur des ventes EMEA &amp; Americas, membre de l’équipe dirigeante mondiale, Fissler GmbH</li><li class="">Global Vice President Sales &amp; Product Development, membre de l’équipe de direction, Wüsthof GmbH</li><li class="">Senior Vice President, Group Head of Brands &amp; Licensing, tcc Global</li><li class="">Vice-président New Business, Media-Saturn-Holding GmbH, Metro Group</li><li class="">Senior Head Product Management Non-Food Europe, Plus WHG mbH, Tengelmann Group</li></ul></div></div>      </div>
    </div>
</div></div>

Atreus Advisor Martin Bieri jouit de plus de 30 ans d’expérience dans l’industrie des biens de consommation et est considéré comme un expert de la branche pour l’industrie et le commerce.
