{"id":500713,"date":"2022-03-23T14:34:46","date_gmt":"2022-03-23T13:34:46","guid":{"rendered":"https:\/\/www.atreus.de\/?post_type=team&#038;p=500713"},"modified":"2026-01-05T10:02:42","modified_gmt":"2026-01-05T09:02:42","slug":"thomas-glaser","status":"publish","type":"team","link":"https:\/\/www.atreus.de\/fr\/equipe\/thomas-glaser\/","title":{"rendered":"Thomas Gl\u00e4\u00dfer"},"content":{"rendered":"\n    <div  class=\"zw-cgb is-first-block textblock black-color zw-content-pos-center  default-margin \">\n      <div class=\"row\">\n        <div class=\"zw-cgb-content col-12 g-0\">\n          <p class=\" zw-cgb fulltext \"><strong>Thomas Gl\u00e4\u00dfer est partenaire de Atreus et dirige la partie Solution Group Grands projets d\u2019infrastructure chez Atreus. Il se concentre sur des programmes et des projets dans les domaines des processus de transformation et de changement, du d\u00e9veloppement organisationnel d\u2019organisations multipartites, y compris la gestion des ressources humaines, incluant la r\u00e9orientation, la digitalisation, la restructuration et l\u2019assainissement de ces entreprises, ainsi que l\u2019occupation provisoire et permanente de postes de direction.<\/strong><\/p><p class=\" zw-cgb fulltext \">Il s\u2019occupe principalement des secteurs de l\u2019\u00e9nergie (gestionnaires de r\u00e9seaux de distribution et de transport, fournisseurs d\u2019\u00e9nergie locaux, r\u00e9gionaux et nationaux), des t\u00e9l\u00e9communications, du commerce \u00e9lectronique, de l\u2019informatique et de la finance. Thomas Gl\u00e4\u00dfer jouit de 25&nbsp;ans d\u2019exp\u00e9rience dans la gestion g\u00e9n\u00e9rale, la vente, le conseil et le d\u00e9veloppement strat\u00e9gique. Avant de travailler pour Atreus, il a occup\u00e9 des postes de direction aussi bien dans des grands groupes que dans des entreprises de taille moyenne et des collectivit\u00e9s locales. En outre, Thomas Gl\u00e4\u00dfer est un membre appr\u00e9ci\u00e9 de diff\u00e9rents conseils consultatifs et de surveillance.<\/p>        <\/div>\n      <\/div>\n    <\/div>\n\n\n\n\n<div style=\"height:64px\" aria-hidden=\"true\" class=\"wp-block-spacer is-style-zw-default-color-400\"><\/div>\n\n\n<div  class=\"zw-cgb row  columnmaster020 default-margin \"><div class=\"columnmaster-inner-content g-0\">    <div  class=\"zw-cgb no-image-layout columnblock black-color no-icon   \">\n      <div class=\"zw-cgb zw-cgb-content\">\n\n        <div class=\"column-content\"><div class=\"inner-content\"><h1 class=\" zw-cgb headline h4\">Principaux secteurs<\/h1><ul class=\"zw-cgb-ul fulltext \"><li class=\"\">Finance<\/li><li class=\"\">Commerce \u00e9lectronique<\/li><li class=\"\">T\u00e9l\u00e9communication<\/li><li class=\"\">Infrastructure<\/li><li class=\"\">\u00c9nergie<\/li><li class=\"\">IT<\/li><\/ul><\/div><\/div>      <\/div>\n    <\/div>\n    <div  class=\"zw-cgb no-image-layout columnblock black-color no-icon   \">\n      <div class=\"zw-cgb zw-cgb-content\">\n\n        <div class=\"column-content\"><div class=\"inner-content\"><h2 class=\" zw-cgb headline h4\">Domaines d&#8217;expertise<\/h2><ul class=\"zw-cgb-ul fulltext \"><li class=\"\">Gestion d\u2019entreprise &amp; D\u00e9veloppement d\u2019entreprise<\/li><li class=\"\">Distribution<\/li><li class=\"\">Op\u00e9rations<\/li><li class=\"\">Externalisation<\/li><li class=\"\">Digitalisation<\/li><li class=\"\">Redressement et restructuration<\/li><\/ul><\/div><\/div>      <\/div>\n    <\/div>\n    <div  class=\"zw-cgb no-image-layout columnblock black-color no-icon   \">\n      <div class=\"zw-cgb zw-cgb-content\">\n\n        <div class=\"column-content\"><div class=\"inner-content\"><h2 class=\" zw-cgb headline h4\">\u00c9volution professionelle<\/h2><ul class=\"zw-cgb-ul fulltext \"><li class=\"\">Membre de l\u2019\u00e9quipe de direction de RegD Siemens Business Services<\/li><li class=\"\">Fond\u00e9 de pouvoir Citykom M\u00fcnster Telekommunikationsservice, aujourd\u2019hui 1&amp;1&nbsp;Versatel<\/li><li class=\"\">Conseil d\u2019administration d\u2019Acoreus AG<\/li><li class=\"\">Membre de la direction de NextiraOne Allemagne\/Dimension Data<\/li><li class=\"\">Directeur g\u00e9n\u00e9ral de Stadtwerke Lindau<\/li><li class=\"\">Pr\u00e9sident du conseil de surveillance Brockhaus AG<\/li><li class=\"\">Manager de transition et conseiller en management dans un grand projet d\u2019infrastructure de la transition \u00e9nerg\u00e9tique en Allemagne<\/li><\/ul><\/div><\/div>      <\/div>\n    <\/div>\n<\/div><\/div>\n\n    <div  class=\"zw-cgb  change-padding  infoblock default-margin black-color  \">\n      <div class=\" row\">\n        <div class=\"zw-cgb-content has-padding col-12\">\n          <div class=\"preheadline-container parent-has-padding\"><p class=\" zw-cgb preheadline ' .  . '\">Publications de et avec Thomas Gl\u00e4\u1e9eer<\/p><\/div><div class=\"inner-content parent-has-padding\"><div class=\"link-container\"><\/div><\/div>        <\/div>\n      <\/div>\n    <\/div>\n\n\n\n    <div  class=\"zw-cgb  latestPosts default-margin \">\n      <div class=\"row zw-cgb-content\">\n        \n      <div  class=\"zw-cgb latestPostsContent px-0 col-12 post content-2-3  show-featured-image \">\n\n\n        <div class=\"image-container single-featured\"><a href = \"https:\/\/www.atreus.de\/fr\/atreus-dans-les-medias\/gestion-reussie-de-projets-dinfrastructure-et-de-grands-travaux\/\"><span class=\"copyright-image\">\u00a9 Oleksii Sergieiev \u2013 stock.adobe.com<\/span><img decoding=\"async\" loading=\"lazy\" alt=\"atreus_\" src=\"https:\/\/www.atreus.de\/wp-content\/uploads\/2022\/05\/TEASER3-7.jpg\" srcset=\"https:\/\/www.atreus.de\/wp-content\/uploads\/2022\/05\/TEASER3-7.jpg 823w, https:\/\/www.atreus.de\/wp-content\/uploads\/2022\/05\/TEASER3-7-768x578.jpg 768w, https:\/\/www.atreus.de\/wp-content\/uploads\/2022\/05\/TEASER3-7-480x361.jpg 480w\" sizes=\"(max-width: 1024px) 100vw, 1024px\" style=\"aspect-ratio:823\/619 !important\" title=\"atreus_\"><\/a><\/div><div class=\"image-container double-featured\"><a href = \"https:\/\/www.atreus.de\/fr\/atreus-dans-les-medias\/gestion-reussie-de-projets-dinfrastructure-et-de-grands-travaux\/\"><span class=\"copyright-image\">\u00a9 Oleksii Sergieiev \u2013 stock.adobe.com<\/span><img decoding=\"async\" loading=\"lazy\" alt=\"atreus_\" src=\"https:\/\/www.atreus.de\/wp-content\/uploads\/2022\/05\/TEASER2-4.jpg\" srcset=\"https:\/\/www.atreus.de\/wp-content\/uploads\/2022\/05\/TEASER2-4.jpg 1098w, https:\/\/www.atreus.de\/wp-content\/uploads\/2022\/05\/TEASER2-4-768x288.jpg 768w, https:\/\/www.atreus.de\/wp-content\/uploads\/2022\/05\/TEASER2-4-1024x384.jpg 1024w, https:\/\/www.atreus.de\/wp-content\/uploads\/2022\/05\/TEASER2-4-480x180.jpg 480w\" sizes=\"(max-width: 1024px) 100vw, 1024px\" style=\"aspect-ratio:1098\/412 !important\" title=\"atreus_\"><\/a><\/div>        <div class=\"content-container has-excerpt posttype-post blue-400 white-color\">\n          <div class=\"preheadline-container parent-has-padding\"><p class=\"zw-cgb preheadline\">Atreus dans les m\u00e9dias<\/p><\/div><a href = \"https:\/\/www.atreus.de\/fr\/atreus-dans-les-medias\/gestion-reussie-de-projets-dinfrastructure-et-de-grands-travaux\/\"><h2 class=\" zw-cgb headline\">Gestion r\u00e9ussie de projets d\u2019infrastructure et de grands travaux<\/h2><\/a><p class=\" zw-cgb fulltext\">Dans le Deutsches Ingenieurblatt du 18\u00a0mai 2022, les directeurs d\u2019Atreus Thomas Gl\u00e4\u00dfer et Uwe Gehrmann expliquent pourquoi les grands projets d\u2019infrastructure en Allemagne sont toujours en de\u00e7\u00e0 des attentes et comment ils peuvent \u00eatre r\u00e9alis\u00e9s \u00e0 l\u2019avenir de mani\u00e8re cibl\u00e9e et efficace.<\/p><div class=\"post-meta-info-container\"><div class=\"post-read-time\"><p class=\"zw-cgb fulltext\"><i class=\"far fa-clock\"><\/i>4 temps de lecture min<\/p><\/div><div class=\"post-rating-container d-none\"><!-- FeedbackWP Plugin - Results Widget --><div  class=\"rmp-results-widget js-rmp-results-widget js-rmp-results-widget--524369 \"  data-post-id=\"524369\">  <div class=\"rmp-results-widget__visual-rating\">    <i class=\"js-rmp-results-icon rmp-icon rmp-icon--ratings rmp-icon--star \"><\/i><i class=\"js-rmp-results-icon rmp-icon rmp-icon--ratings rmp-icon--star \"><\/i><i class=\"js-rmp-results-icon rmp-icon rmp-icon--ratings rmp-icon--star \"><\/i><i class=\"js-rmp-results-icon rmp-icon rmp-icon--ratings rmp-icon--star \"><\/i><i class=\"js-rmp-results-icon rmp-icon rmp-icon--ratings rmp-icon--star \"><\/i>  <\/div>  <div class=\"rmp-results-widget__avg-rating\">    <span class=\"js-rmp-avg-rating\">          <\/span>  <\/div>  <div class=\"rmp-results-widget__vote-count\">    (<span class=\"js-rmp-vote-count\"><\/span>)  <\/div><\/div> <\/div><div class=\"post-social-share\"><div class=\"zw-social-share dropdown show\">\r\n        <a class=\"zw-social-share-toggler\" href=\"#\" role=\"button\" id=\"dropdownMenuLink\" data-toggle=\"dropdown\" aria-haspopup=\"true\" aria-expanded=\"false\">\r\n        <i class=\"fas fa-share-alt\"><\/i><span class=\"zw-share-meta\">Partager<\/span>\r\n        <\/a>\r\n        <div class=\"zw-share-dropdown-menu dropdown-menu\" aria-labelledby=\"dropdownMenuLink\"><div class=\"dropdown-inner\"><p class=\"zw-share-heading fulltext\">Partager<\/p><a class=\"zw-social-share-toggler fulltext\" href=\"#\" role=\"button\" id=\"dropdownMenuLink\" data-toggle=\"dropdown\" aria-label=\"Close\">\u2715<\/a><div class=\"social-inner-icons\"><a class=\"dropdown-item \" target=\"_blank\" rel=\"nofollow\" href=\"https:\/\/www.linkedin.com\/cws\/share?url=https%3A%2F%2Fwww.atreus.de%2Ffr%2Fatreus-dans-les-medias%2Fgestion-reussie-de-projets-dinfrastructure-et-de-grands-travaux%2F&amp;title=Gestion+r%C3%A9ussie+de+projets+d%E2%80%99infrastructure+et+de+grands+travaux\"><i class=\"fab fa-linkedin fa-fw\"><\/i><\/a><a class=\"dropdown-item \" target=\"_blank\" rel=\"nofollow\" href=\"https:\/\/www.xing.com\/spi\/shares\/new?url=https%3A%2F%2Fwww.atreus.de%2Ffr%2Fatreus-dans-les-medias%2Fgestion-reussie-de-projets-dinfrastructure-et-de-grands-travaux%2F\"><i class=\"fab fa-xing fa-fw\"><\/i><\/a><a class=\"dropdown-item \" target=\"_blank\" rel=\"nofollow\" href=\"https:\/\/www.facebook.com\/sharer\/sharer.php?u=https%3A%2F%2Fwww.atreus.de%2Ffr%2Fatreus-dans-les-medias%2Fgestion-reussie-de-projets-dinfrastructure-et-de-grands-travaux%2F&amp;t=Gestion+r%C3%A9ussie+de+projets+d%E2%80%99infrastructure+et+de+grands+travaux\"><i class=\"fab fa-facebook-square fa-fw\"><\/i><\/a><a class=\"dropdown-item \"  target=\"_blank\" rel=\"nofollow\" href=\"https:\/\/twitter.com\/intent\/tweet?url=https%3A%2F%2Fwww.atreus.de%2Ffr%2Fatreus-dans-les-medias%2Fgestion-reussie-de-projets-dinfrastructure-et-de-grands-travaux%2F&amp;text=Gestion+r%C3%A9ussie+de+projets+d%E2%80%99infrastructure+et+de+grands+travaux\"><i class=\"fab fa-twitter fa-fw\"><\/i><\/a>  <\/div><\/div><\/div>\r\n    <\/div><\/div><\/div><div class=\"zw-cgb zw-cgb-button-container \"><a href=\"https:\/\/www.atreus.de\/fr\/atreus-dans-les-medias\/gestion-reussie-de-projets-dinfrastructure-et-de-grands-travaux\/\" class=\"zw-cgb btn btn-primary \">Lire la suite<\/a><\/div>        <\/div>\n            <\/div>\n      <div class=\"zw-spacer px-0\"><\/div>\n        <\/div>\n    <\/div>\n\n\n\n","protected":false},"author":5,"featured_media":0,"menu_order":0,"template":"","competences":[686,677],"industry-sectors":[700],"typ-team":[670,645,652],"class_list":["post-500713","team","type-team","status-publish","hentry","competences-grands-projets-dinfrastructure","competences-missions-internationales","industry-sectors-energie-et-environnement","typ-team-conseiller-infrastructure-grands-projets","typ-team-directeur","typ-team-directeur-responsable-du-solution-group-grands-projets-dinfrastructure"],"allData":{"rank_math_internal_links_processed":["1"],"_zw_post_wordcount":["289"],"_zw_reading_time_seconds":["58"],"_wpml_media_duplicate":["0"],"_wpml_media_featured":["0"],"_zw_lastname":["Gl\u00e4\u1e9eer"],"_zw_prename":["Thomas "],"_zw_email":["thomas.glaesser@atreus.de"],"_zw_phone":["+49 89 452249-555"],"_zw_linkedin":["https:\/\/www.linkedin.com\/in\/thomasglaesser\/"],"_top_nav_excluded":[""],"_cms_nav_minihome":[""],"_last_translation_edit_mode":["native-editor"],"_wpml_word_count":["{\"total\":277,\"to_translate\":{\"en\":277,\"de\":277}}"],"rank_math_facebook_image":["https:\/\/www.atreus.de\/wp-content\/uploads\/2023\/07\/gla-th-v3.png"],"rank_math_facebook_image_id":["399728"],"_zw_portraitImg":["399728"],"_edit_lock":["1767603769:3"],"rank_math_seo_score":["58"],"rank_math_description":["Thomas Gl\u00e4\u00dfer dirige la Solution Group Grands projets d'infrastructure. Il se concentre sur des processus de transformation et de changement"],"_edit_last":["3"],"_zw_max_input_files":["0"],"rank_math_title":["Thomas Gl\u00e4\u00dfer \u2014 Directeur Atreus GmbH"],"rank_math_focus_keyword":["Thomas Gl\u00e4\u00dfer"],"_zw_description":["Partenaire et responsable du Solution Group Infrastructure et grands projets"]},"_links":{"self":[{"href":"https:\/\/www.atreus.de\/fr\/wp-json\/wp\/v2\/team\/500713","targetHints":{"allow":["GET"]}}],"collection":[{"href":"https:\/\/www.atreus.de\/fr\/wp-json\/wp\/v2\/team"}],"about":[{"href":"https:\/\/www.atreus.de\/fr\/wp-json\/wp\/v2\/types\/team"}],"author":[{"embeddable":true,"href":"https:\/\/www.atreus.de\/fr\/wp-json\/wp\/v2\/users\/5"}],"version-history":[{"count":0,"href":"https:\/\/www.atreus.de\/fr\/wp-json\/wp\/v2\/team\/500713\/revisions"}],"wp:attachment":[{"href":"https:\/\/www.atreus.de\/fr\/wp-json\/wp\/v2\/media?parent=500713"}],"wp:term":[{"taxonomy":"competences","embeddable":true,"href":"https:\/\/www.atreus.de\/fr\/wp-json\/wp\/v2\/competences?post=500713"},{"taxonomy":"industry-sectors","embeddable":true,"href":"https:\/\/www.atreus.de\/fr\/wp-json\/wp\/v2\/industry-sectors?post=500713"},{"taxonomy":"typ-team","embeddable":true,"href":"https:\/\/www.atreus.de\/fr\/wp-json\/wp\/v2\/typ-team?post=500713"}],"curies":[{"name":"wp","href":"https:\/\/api.w.org\/{rel}","templated":true}]}}

Thomas Gläßer

<div  class="zw-cgb is-first-block textblock black-color zw-content-pos-center  default-margin ">
      <div class="row">
        <div class="zw-cgb-content col-12 g-0">
          <p class=" zw-cgb fulltext "><strong>Thomas Gläßer est partenaire de Atreus et dirige la partie Solution Group Grands projets d’infrastructure chez Atreus. Il se concentre sur des programmes et des projets dans les domaines des processus de transformation et de changement, du développement organisationnel d’organisations multipartites, y compris la gestion des ressources humaines, incluant la réorientation, la digitalisation, la restructuration et l’assainissement de ces entreprises, ainsi que l’occupation provisoire et permanente de postes de direction.</strong></p><p class=" zw-cgb fulltext ">Il s’occupe principalement des secteurs de l’énergie (gestionnaires de réseaux de distribution et de transport, fournisseurs d’énergie locaux, régionaux et nationaux), des télécommunications, du commerce électronique, de l’informatique et de la finance. Thomas Gläßer jouit de 25&nbsp;ans d’expérience dans la gestion générale, la vente, le conseil et le développement stratégique. Avant de travailler pour Atreus, il a occupé des postes de direction aussi bien dans des grands groupes que dans des entreprises de taille moyenne et des collectivités locales. En outre, Thomas Gläßer est un membre apprécié de différents conseils consultatifs et de surveillance.</p>        </div>
      </div>
    </div>




<div style="height:64px" aria-hidden="true" class="wp-block-spacer is-style-zw-default-color-400"></div>


<div  class="zw-cgb row  columnmaster020 default-margin "><div class="columnmaster-inner-content g-0">    <div  class="zw-cgb no-image-layout columnblock black-color no-icon   ">
      <div class="zw-cgb zw-cgb-content">

        <div class="column-content"><div class="inner-content"><h1 class=" zw-cgb headline h4">Principaux secteurs</h1><ul class="zw-cgb-ul fulltext "><li class="">Finance</li><li class="">Commerce électronique</li><li class="">Télécommunication</li><li class="">Infrastructure</li><li class="">Énergie</li><li class="">IT</li></ul></div></div>      </div>
    </div>
    <div  class="zw-cgb no-image-layout columnblock black-color no-icon   ">
      <div class="zw-cgb zw-cgb-content">

        <div class="column-content"><div class="inner-content"><h2 class=" zw-cgb headline h4">Domaines d&#8217;expertise</h2><ul class="zw-cgb-ul fulltext "><li class="">Gestion d’entreprise &amp; Développement d’entreprise</li><li class="">Distribution</li><li class="">Opérations</li><li class="">Externalisation</li><li class="">Digitalisation</li><li class="">Redressement et restructuration</li></ul></div></div>      </div>
    </div>
    <div  class="zw-cgb no-image-layout columnblock black-color no-icon   ">
      <div class="zw-cgb zw-cgb-content">

        <div class="column-content"><div class="inner-content"><h2 class=" zw-cgb headline h4">Évolution professionelle</h2><ul class="zw-cgb-ul fulltext "><li class="">Membre de l’équipe de direction de RegD Siemens Business Services</li><li class="">Fondé de pouvoir Citykom Münster Telekommunikationsservice, aujourd’hui 1&amp;1&nbsp;Versatel</li><li class="">Conseil d’administration d’Acoreus AG</li><li class="">Membre de la direction de NextiraOne Allemagne/Dimension Data</li><li class="">Directeur général de Stadtwerke Lindau</li><li class="">Président du conseil de surveillance Brockhaus AG</li><li class="">Manager de transition et conseiller en management dans un grand projet d’infrastructure de la transition énergétique en Allemagne</li></ul></div></div>      </div>
    </div>
</div></div>

    <div  class="zw-cgb  change-padding  infoblock default-margin black-color  ">
      <div class=" row">
        <div class="zw-cgb-content has-padding col-12">
          <div class="preheadline-container parent-has-padding"><p class=" zw-cgb preheadline ' .  . '">Publications de et avec Thomas Gläẞer</p></div><div class="inner-content parent-has-padding"><div class="link-container"></div></div>        </div>
      </div>
    </div>



    <div  class="zw-cgb  latestPosts default-margin ">
      <div class="row zw-cgb-content">
        
      <div  class="zw-cgb latestPostsContent px-0 col-12 post content-2-3  show-featured-image ">


        <div class="image-container single-featured"><a href = "https://www.atreus.de/fr/atreus-dans-les-medias/gestion-reussie-de-projets-dinfrastructure-et-de-grands-travaux/"><span class="copyright-image">© Oleksii Sergieiev – stock.adobe.com</span><img decoding="async" loading="lazy" alt="atreus_" src="https://www.atreus.de/wp-content/uploads/2022/05/TEASER3-7.jpg" srcset="https://www.atreus.de/wp-content/uploads/2022/05/TEASER3-7.jpg 823w, https://www.atreus.de/wp-content/uploads/2022/05/TEASER3-7-768x578.jpg 768w, https://www.atreus.de/wp-content/uploads/2022/05/TEASER3-7-480x361.jpg 480w" sizes="(max-width: 1024px) 100vw, 1024px" style="aspect-ratio:823/619 !important" title="atreus_"></a></div><div class="image-container double-featured"><a href = "https://www.atreus.de/fr/atreus-dans-les-medias/gestion-reussie-de-projets-dinfrastructure-et-de-grands-travaux/"><span class="copyright-image">© Oleksii Sergieiev – stock.adobe.com</span><img decoding="async" loading="lazy" alt="atreus_" src="https://www.atreus.de/wp-content/uploads/2022/05/TEASER2-4.jpg" srcset="https://www.atreus.de/wp-content/uploads/2022/05/TEASER2-4.jpg 1098w, https://www.atreus.de/wp-content/uploads/2022/05/TEASER2-4-768x288.jpg 768w, https://www.atreus.de/wp-content/uploads/2022/05/TEASER2-4-1024x384.jpg 1024w, https://www.atreus.de/wp-content/uploads/2022/05/TEASER2-4-480x180.jpg 480w" sizes="(max-width: 1024px) 100vw, 1024px" style="aspect-ratio:1098/412 !important" title="atreus_"></a></div>        <div class="content-container has-excerpt posttype-post blue-400 white-color">
          <div class="preheadline-container parent-has-padding"><p class="zw-cgb preheadline">Atreus dans les médias</p></div><a href = "https://www.atreus.de/fr/atreus-dans-les-medias/gestion-reussie-de-projets-dinfrastructure-et-de-grands-travaux/"><h2 class=" zw-cgb headline">Gestion réussie de projets d’infrastructure et de grands travaux</h2></a><p class=" zw-cgb fulltext">Dans le Deutsches Ingenieurblatt du 18 mai 2022, les directeurs d’Atreus Thomas Gläßer et Uwe Gehrmann expliquent pourquoi les grands projets d’infrastructure en Allemagne sont toujours en deçà des attentes et comment ils peuvent être réalisés à l’avenir de manière ciblée et efficace.</p><div class="post-meta-info-container"><div class="post-read-time"><p class="zw-cgb fulltext"><i class="far fa-clock"></i>4 temps de lecture min</p></div><div class="post-rating-container d-none"><!-- FeedbackWP Plugin - Results Widget --><div  class="rmp-results-widget js-rmp-results-widget js-rmp-results-widget--524369 "  data-post-id="524369">  <div class="rmp-results-widget__visual-rating">    <i class="js-rmp-results-icon rmp-icon rmp-icon--ratings rmp-icon--star "></i><i class="js-rmp-results-icon rmp-icon rmp-icon--ratings rmp-icon--star "></i><i class="js-rmp-results-icon rmp-icon rmp-icon--ratings rmp-icon--star "></i><i class="js-rmp-results-icon rmp-icon rmp-icon--ratings rmp-icon--star "></i><i class="js-rmp-results-icon rmp-icon rmp-icon--ratings rmp-icon--star "></i>  </div>  <div class="rmp-results-widget__avg-rating">    <span class="js-rmp-avg-rating">          </span>  </div>  <div class="rmp-results-widget__vote-count">    (<span class="js-rmp-vote-count"></span>)  </div></div> </div><div class="post-social-share"><div class="zw-social-share dropdown show">
        <a class="zw-social-share-toggler" href="#" role="button" id="dropdownMenuLink" data-toggle="dropdown" aria-haspopup="true" aria-expanded="false">
        <i class="fas fa-share-alt"></i><span class="zw-share-meta">Partager</span>
        </a>
        <div class="zw-share-dropdown-menu dropdown-menu" aria-labelledby="dropdownMenuLink"><div class="dropdown-inner"><p class="zw-share-heading fulltext">Partager</p><a class="zw-social-share-toggler fulltext" href="#" role="button" id="dropdownMenuLink" data-toggle="dropdown" aria-label="Close">✕</a><div class="social-inner-icons"><a class="dropdown-item " target="_blank" rel="nofollow" href="https://www.linkedin.com/cws/share?url=https%3A%2F%2Fwww.atreus.de%2Ffr%2Fatreus-dans-les-medias%2Fgestion-reussie-de-projets-dinfrastructure-et-de-grands-travaux%2F&amp;title=Gestion+r%C3%A9ussie+de+projets+d%E2%80%99infrastructure+et+de+grands+travaux"><i class="fab fa-linkedin fa-fw"></i></a><a class="dropdown-item " target="_blank" rel="nofollow" href="https://www.xing.com/spi/shares/new?url=https%3A%2F%2Fwww.atreus.de%2Ffr%2Fatreus-dans-les-medias%2Fgestion-reussie-de-projets-dinfrastructure-et-de-grands-travaux%2F"><i class="fab fa-xing fa-fw"></i></a><a class="dropdown-item " target="_blank" rel="nofollow" href="https://www.facebook.com/sharer/sharer.php?u=https%3A%2F%2Fwww.atreus.de%2Ffr%2Fatreus-dans-les-medias%2Fgestion-reussie-de-projets-dinfrastructure-et-de-grands-travaux%2F&amp;t=Gestion+r%C3%A9ussie+de+projets+d%E2%80%99infrastructure+et+de+grands+travaux"><i class="fab fa-facebook-square fa-fw"></i></a><a class="dropdown-item "  target="_blank" rel="nofollow" href="https://twitter.com/intent/tweet?url=https%3A%2F%2Fwww.atreus.de%2Ffr%2Fatreus-dans-les-medias%2Fgestion-reussie-de-projets-dinfrastructure-et-de-grands-travaux%2F&amp;text=Gestion+r%C3%A9ussie+de+projets+d%E2%80%99infrastructure+et+de+grands+travaux"><i class="fab fa-twitter fa-fw"></i></a>  </div></div></div>
    </div></div></div><div class="zw-cgb zw-cgb-button-container "><a href="https://www.atreus.de/fr/atreus-dans-les-medias/gestion-reussie-de-projets-dinfrastructure-et-de-grands-travaux/" class="zw-cgb btn btn-primary ">Lire la suite</a></div>        </div>
            </div>
      <div class="zw-spacer px-0"></div>
        </div>
    </div>

Gläẞer

Thomas Gläßer dirige la Solution Group Grands projets d'infrastructure. Il se concentre sur des processus de transformation et de changement

Thomas Gläßer — Directeur Atreus GmbH
