{"id":500726,"date":"2022-03-23T14:13:55","date_gmt":"2022-03-23T13:13:55","guid":{"rendered":"https:\/\/www.atreus.de\/?post_type=team&#038;p=500726"},"modified":"2026-01-05T09:27:49","modified_gmt":"2026-01-05T08:27:49","slug":"uwe-gehrmann","status":"publish","type":"team","link":"https:\/\/www.atreus.de\/fr\/equipe\/uwe-gehrmann\/","title":{"rendered":"Uwe Gehrmann"},"content":{"rendered":"\n    <div  class=\"zw-cgb is-first-block textblock black-color zw-content-pos-center  default-margin \">\n      <div class=\"row\">\n        <div class=\"zw-cgb-content col-12 g-0\">\n          <p class=\" zw-cgb fulltext \"><strong>Uwe Gehrmann est partenaire et dirige les Solution Group IT\/Digitalisation\/Data chez Atreus.<\/strong><\/p><p class=\" zw-cgb fulltext \">Il se concentre sur des projets et des programmes dans les domaines des processus de transformation, de la gestion de la croissance\/innovation et de l\u2019augmentation de la valeur, de la consolidation, de la restructuration et de l\u2019assainissement ainsi que de l\u2019occupation int\u00e9rimaire de postes de top management. M. Gehrmann jouit de plus de 25 ans d\u2019exp\u00e9rience dans la gestion g\u00e9n\u00e9rale ainsi que dans la gestion des ventes et de la livraison. Avant de travailler pour Atreus, il a occup\u00e9 des postes de direction et de gestion dans de grandes entreprises de haute technologie\/IT et de t\u00e9l\u00e9communications, notamment chez Siemens et en tant que membre du conseil de T-Systems Global Account Deutsche Telekom.<\/p>        <\/div>\n      <\/div>\n    <\/div>\n\n\n\n\n<div style=\"height:64px\" aria-hidden=\"true\" class=\"wp-block-spacer is-style-zw-default-color-400\"><\/div>\n\n\n<div  class=\"zw-cgb row  columnmaster020 default-margin \"><div class=\"columnmaster-inner-content g-0\">    <div  class=\"zw-cgb no-image-layout columnblock black-color no-icon   \">\n      <div class=\"zw-cgb zw-cgb-content\">\n\n        <div class=\"column-content\"><div class=\"inner-content\"><h1 class=\" zw-cgb headline h4\">Principaux secteurs<\/h1><ul class=\"zw-cgb-ul fulltext \"><li class=\"\">Services<\/li><li class=\"\">\u00c9nergie<\/li><li class=\"\">T\u00e9l\u00e9communications, IT, m\u00e9dias<\/li><li class=\"\">Transport, logistique et circulation<\/li><\/ul><\/div><\/div>      <\/div>\n    <\/div>\n    <div  class=\"zw-cgb no-image-layout columnblock black-color no-icon   \">\n      <div class=\"zw-cgb zw-cgb-content\">\n\n        <div class=\"column-content\"><div class=\"inner-content\"><h2 class=\" zw-cgb headline h4\">Domaines d&#8217;expertise<\/h2><ul class=\"zw-cgb-ul fulltext \"><li class=\"\">Digitalisation des ventes et du marketing, des mod\u00e8les commerciaux\/des processus op\u00e9rationnels<\/li><li class=\"\">Architecture informatique et sourcing informatique<\/li><li class=\"\">Carve-in et carve-out informatiques<\/li><li class=\"\">Projets SAP, ERP et de crise<\/li><li class=\"\">Gestion de la transformation informatique Gestion de programmes et de projets<\/li><li class=\"\">D\u00e9ploiement de l\u2019infrastructure informatique<\/li><li class=\"\">Gestion des donn\u00e9es de base<\/li><li class=\"\">Missions internationales<\/li><\/ul><\/div><\/div>      <\/div>\n    <\/div>\n    <div  class=\"zw-cgb no-image-layout columnblock black-color no-icon   \">\n      <div class=\"zw-cgb zw-cgb-content\">\n\n        <div class=\"column-content\"><div class=\"inner-content\"><h2 class=\" zw-cgb headline h4\">\u00c9volution professionelle<\/h2><ul class=\"zw-cgb-ul fulltext \"><li class=\"\">Membre du conseil d\u2019administration de T-Systems Global Account Deutsche Telekom<\/li><li class=\"\">Membre de la direction de T-Systems Project &amp; Design Business Unit Telecommunication<\/li><li class=\"\">Membre de la direction de Siemens AG dans NRW Siemens IT Solution<\/li><li class=\"\">Directeur Business Line Siemens Business Services Telecommunication, Utility et Media<\/li><li class=\"\">Membre de la direction des ventes Allemagne Siemens IT-Service<\/li><li class=\"\">Direction de la strat\u00e9gie &amp; Business Development\/Marketing Allemagne Siemens Business Services<\/li><\/ul><\/div><\/div>      <\/div>\n    <\/div>\n<\/div><\/div>\n\n    <div  class=\"zw-cgb  change-padding  infoblock default-margin black-color  \">\n      <div class=\" row\">\n        <div class=\"zw-cgb-content has-padding col-12\">\n          <div class=\"preheadline-container parent-has-padding\"><p class=\" zw-cgb preheadline ' .  . '\">Publications de et avec Uwe Gehrmann<\/p><\/div><div class=\"inner-content parent-has-padding\"><div class=\"link-container\"><\/div><\/div>        <\/div>\n      <\/div>\n    <\/div>\n\n\n\n    <div  class=\"zw-cgb  latestPosts default-margin \">\n      <div class=\"row zw-cgb-content\">\n        \n      <div  class=\"zw-cgb latestPostsContent px-0 col-12 post content-2-3  show-featured-image \">\n\n\n        <div class=\"image-container single-featured\"><a href = \"https:\/\/www.atreus.de\/fr\/atreus-dans-les-medias\/gestion-reussie-de-projets-dinfrastructure-et-de-grands-travaux\/\"><span class=\"copyright-image\">\u00a9 Oleksii Sergieiev \u2013 stock.adobe.com<\/span><img decoding=\"async\" loading=\"lazy\" alt=\"atreus_\" src=\"https:\/\/www.atreus.de\/wp-content\/uploads\/2022\/05\/TEASER3-7.jpg\" srcset=\"https:\/\/www.atreus.de\/wp-content\/uploads\/2022\/05\/TEASER3-7.jpg 823w, https:\/\/www.atreus.de\/wp-content\/uploads\/2022\/05\/TEASER3-7-768x578.jpg 768w, https:\/\/www.atreus.de\/wp-content\/uploads\/2022\/05\/TEASER3-7-480x361.jpg 480w\" sizes=\"(max-width: 1024px) 100vw, 1024px\" style=\"aspect-ratio:823\/619 !important\" title=\"atreus_\"><\/a><\/div><div class=\"image-container double-featured\"><a href = \"https:\/\/www.atreus.de\/fr\/atreus-dans-les-medias\/gestion-reussie-de-projets-dinfrastructure-et-de-grands-travaux\/\"><span class=\"copyright-image\">\u00a9 Oleksii Sergieiev \u2013 stock.adobe.com<\/span><img decoding=\"async\" loading=\"lazy\" alt=\"atreus_\" src=\"https:\/\/www.atreus.de\/wp-content\/uploads\/2022\/05\/TEASER2-4.jpg\" srcset=\"https:\/\/www.atreus.de\/wp-content\/uploads\/2022\/05\/TEASER2-4.jpg 1098w, https:\/\/www.atreus.de\/wp-content\/uploads\/2022\/05\/TEASER2-4-768x288.jpg 768w, https:\/\/www.atreus.de\/wp-content\/uploads\/2022\/05\/TEASER2-4-1024x384.jpg 1024w, https:\/\/www.atreus.de\/wp-content\/uploads\/2022\/05\/TEASER2-4-480x180.jpg 480w\" sizes=\"(max-width: 1024px) 100vw, 1024px\" style=\"aspect-ratio:1098\/412 !important\" title=\"atreus_\"><\/a><\/div>        <div class=\"content-container has-excerpt posttype-post blue-400 white-color\">\n          <div class=\"preheadline-container parent-has-padding\"><p class=\"zw-cgb preheadline\">Atreus dans les m\u00e9dias<\/p><\/div><a href = \"https:\/\/www.atreus.de\/fr\/atreus-dans-les-medias\/gestion-reussie-de-projets-dinfrastructure-et-de-grands-travaux\/\"><h2 class=\" zw-cgb headline\">Gestion r\u00e9ussie de projets d\u2019infrastructure et de grands travaux<\/h2><\/a><p class=\" zw-cgb fulltext\">Dans le Deutsches Ingenieurblatt du 18\u00a0mai 2022, les directeurs d\u2019Atreus Thomas Gl\u00e4\u00dfer et Uwe Gehrmann expliquent pourquoi les grands projets d\u2019infrastructure en Allemagne sont toujours en de\u00e7\u00e0 des attentes et comment ils peuvent \u00eatre r\u00e9alis\u00e9s \u00e0 l\u2019avenir de mani\u00e8re cibl\u00e9e et efficace.<\/p><div class=\"post-meta-info-container\"><div class=\"post-read-time\"><p class=\"zw-cgb fulltext\"><i class=\"far fa-clock\"><\/i>4 temps de lecture min<\/p><\/div><div class=\"post-rating-container d-none\"><!-- FeedbackWP Plugin - Results Widget --><div  class=\"rmp-results-widget js-rmp-results-widget js-rmp-results-widget--524369 \"  data-post-id=\"524369\">  <div class=\"rmp-results-widget__visual-rating\">    <i class=\"js-rmp-results-icon rmp-icon rmp-icon--ratings rmp-icon--star \"><\/i><i class=\"js-rmp-results-icon rmp-icon rmp-icon--ratings rmp-icon--star \"><\/i><i class=\"js-rmp-results-icon rmp-icon rmp-icon--ratings rmp-icon--star \"><\/i><i class=\"js-rmp-results-icon rmp-icon rmp-icon--ratings rmp-icon--star \"><\/i><i class=\"js-rmp-results-icon rmp-icon rmp-icon--ratings rmp-icon--star \"><\/i>  <\/div>  <div class=\"rmp-results-widget__avg-rating\">    <span class=\"js-rmp-avg-rating\">          <\/span>  <\/div>  <div class=\"rmp-results-widget__vote-count\">    (<span class=\"js-rmp-vote-count\"><\/span>)  <\/div><\/div> <\/div><div class=\"post-social-share\"><div class=\"zw-social-share dropdown show\">\r\n        <a class=\"zw-social-share-toggler\" href=\"#\" role=\"button\" id=\"dropdownMenuLink\" data-toggle=\"dropdown\" aria-haspopup=\"true\" aria-expanded=\"false\">\r\n        <i class=\"fas fa-share-alt\"><\/i><span class=\"zw-share-meta\">Partager<\/span>\r\n        <\/a>\r\n        <div class=\"zw-share-dropdown-menu dropdown-menu\" aria-labelledby=\"dropdownMenuLink\"><div class=\"dropdown-inner\"><p class=\"zw-share-heading fulltext\">Partager<\/p><a class=\"zw-social-share-toggler fulltext\" href=\"#\" role=\"button\" id=\"dropdownMenuLink\" data-toggle=\"dropdown\" aria-label=\"Close\">\u2715<\/a><div class=\"social-inner-icons\"><a class=\"dropdown-item \" target=\"_blank\" rel=\"nofollow\" href=\"https:\/\/www.linkedin.com\/cws\/share?url=https%3A%2F%2Fwww.atreus.de%2Ffr%2Fatreus-dans-les-medias%2Fgestion-reussie-de-projets-dinfrastructure-et-de-grands-travaux%2F&amp;title=Gestion+r%C3%A9ussie+de+projets+d%E2%80%99infrastructure+et+de+grands+travaux\"><i class=\"fab fa-linkedin fa-fw\"><\/i><\/a><a class=\"dropdown-item \" target=\"_blank\" rel=\"nofollow\" href=\"https:\/\/www.xing.com\/spi\/shares\/new?url=https%3A%2F%2Fwww.atreus.de%2Ffr%2Fatreus-dans-les-medias%2Fgestion-reussie-de-projets-dinfrastructure-et-de-grands-travaux%2F\"><i class=\"fab fa-xing fa-fw\"><\/i><\/a><a class=\"dropdown-item \" target=\"_blank\" rel=\"nofollow\" href=\"https:\/\/www.facebook.com\/sharer\/sharer.php?u=https%3A%2F%2Fwww.atreus.de%2Ffr%2Fatreus-dans-les-medias%2Fgestion-reussie-de-projets-dinfrastructure-et-de-grands-travaux%2F&amp;t=Gestion+r%C3%A9ussie+de+projets+d%E2%80%99infrastructure+et+de+grands+travaux\"><i class=\"fab fa-facebook-square fa-fw\"><\/i><\/a><a class=\"dropdown-item \"  target=\"_blank\" rel=\"nofollow\" href=\"https:\/\/twitter.com\/intent\/tweet?url=https%3A%2F%2Fwww.atreus.de%2Ffr%2Fatreus-dans-les-medias%2Fgestion-reussie-de-projets-dinfrastructure-et-de-grands-travaux%2F&amp;text=Gestion+r%C3%A9ussie+de+projets+d%E2%80%99infrastructure+et+de+grands+travaux\"><i class=\"fab fa-twitter fa-fw\"><\/i><\/a>  <\/div><\/div><\/div>\r\n    <\/div><\/div><\/div><div class=\"zw-cgb zw-cgb-button-container \"><a href=\"https:\/\/www.atreus.de\/fr\/atreus-dans-les-medias\/gestion-reussie-de-projets-dinfrastructure-et-de-grands-travaux\/\" class=\"zw-cgb btn btn-primary \">Lire la suite<\/a><\/div>        <\/div>\n            <\/div>\n      <div class=\"zw-spacer px-0\"><\/div>\n        <\/div>\n    <\/div>\n\n","protected":false},"author":5,"featured_media":0,"menu_order":0,"template":"","competences":[686,674,677,680],"industry-sectors":[701,705],"typ-team":[670,645],"class_list":["post-500726","team","type-team","status-publish","hentry","competences-grands-projets-dinfrastructure","competences-it-fr","competences-missions-internationales","competences-numerisation","industry-sectors-services-fr","industry-sectors-transport-logistique-et-trafic","typ-team-conseiller-infrastructure-grands-projets","typ-team-directeur"],"allData":{"rank_math_internal_links_processed":["1"],"_zw_post_wordcount":["270"],"_zw_reading_time_seconds":["54"],"_wpml_media_duplicate":["1"],"_wpml_media_featured":["1"],"_zw_lastname":["Gehrmann"],"_zw_prename":["Uwe"],"_zw_email":["Uwe.Gehrmann@Atreus.de"],"_zw_phone":["+49 89 452249-460"],"_zw_linkedin":["https:\/\/www.linkedin.com\/in\/uwegehrmann\/"],"_top_nav_excluded":[""],"_cms_nav_minihome":[""],"_last_translation_edit_mode":["native-editor"],"_wpml_word_count":["{\"total\":320,\"to_translate\":{\"en\":320,\"de\":320}}"],"rank_math_facebook_image":["https:\/\/www.atreus.de\/wp-content\/uploads\/2023\/07\/geh-uw-v2.png"],"rank_math_facebook_image_id":["399714"],"_zw_portraitImg":["399714"],"_zw_max_input_files":["0"],"_edit_lock":["1767601673:3"],"rank_math_seo_score":["58"],"_edit_last":["3"],"rank_math_title":["Uwe Gehrmann \u2014 Partenaire et membre du conseil ex\u00e9cutif d\u2019Atreus GmbH"],"rank_math_description":["Uwe Gehrmann est partenaire et membre du conseil de direction d\u2019Atreus. Il est \u00e9galement responsable des Solution Group IT\/Digitalisation\/Data."],"rank_math_focus_keyword":["Uwe Gehrmann"],"_zw_description":["Partenaire et responsable du Solution Group IT\/Digitalisation\/Data"]},"_links":{"self":[{"href":"https:\/\/www.atreus.de\/fr\/wp-json\/wp\/v2\/team\/500726","targetHints":{"allow":["GET"]}}],"collection":[{"href":"https:\/\/www.atreus.de\/fr\/wp-json\/wp\/v2\/team"}],"about":[{"href":"https:\/\/www.atreus.de\/fr\/wp-json\/wp\/v2\/types\/team"}],"author":[{"embeddable":true,"href":"https:\/\/www.atreus.de\/fr\/wp-json\/wp\/v2\/users\/5"}],"version-history":[{"count":0,"href":"https:\/\/www.atreus.de\/fr\/wp-json\/wp\/v2\/team\/500726\/revisions"}],"wp:attachment":[{"href":"https:\/\/www.atreus.de\/fr\/wp-json\/wp\/v2\/media?parent=500726"}],"wp:term":[{"taxonomy":"competences","embeddable":true,"href":"https:\/\/www.atreus.de\/fr\/wp-json\/wp\/v2\/competences?post=500726"},{"taxonomy":"industry-sectors","embeddable":true,"href":"https:\/\/www.atreus.de\/fr\/wp-json\/wp\/v2\/industry-sectors?post=500726"},{"taxonomy":"typ-team","embeddable":true,"href":"https:\/\/www.atreus.de\/fr\/wp-json\/wp\/v2\/typ-team?post=500726"}],"curies":[{"name":"wp","href":"https:\/\/api.w.org\/{rel}","templated":true}]}}

<div  class="zw-cgb is-first-block textblock black-color zw-content-pos-center  default-margin ">
      <div class="row">
        <div class="zw-cgb-content col-12 g-0">
          <p class=" zw-cgb fulltext "><strong>Uwe Gehrmann est partenaire et dirige les Solution Group IT/Digitalisation/Data chez Atreus.</strong></p><p class=" zw-cgb fulltext ">Il se concentre sur des projets et des programmes dans les domaines des processus de transformation, de la gestion de la croissance/innovation et de l’augmentation de la valeur, de la consolidation, de la restructuration et de l’assainissement ainsi que de l’occupation intérimaire de postes de top management. M. Gehrmann jouit de plus de 25 ans d’expérience dans la gestion générale ainsi que dans la gestion des ventes et de la livraison. Avant de travailler pour Atreus, il a occupé des postes de direction et de gestion dans de grandes entreprises de haute technologie/IT et de télécommunications, notamment chez Siemens et en tant que membre du conseil de T-Systems Global Account Deutsche Telekom.</p>        </div>
      </div>
    </div>




<div style="height:64px" aria-hidden="true" class="wp-block-spacer is-style-zw-default-color-400"></div>


<div  class="zw-cgb row  columnmaster020 default-margin "><div class="columnmaster-inner-content g-0">    <div  class="zw-cgb no-image-layout columnblock black-color no-icon   ">
      <div class="zw-cgb zw-cgb-content">

        <div class="column-content"><div class="inner-content"><h1 class=" zw-cgb headline h4">Principaux secteurs</h1><ul class="zw-cgb-ul fulltext "><li class="">Services</li><li class="">Énergie</li><li class="">Télécommunications, IT, médias</li><li class="">Transport, logistique et circulation</li></ul></div></div>      </div>
    </div>
    <div  class="zw-cgb no-image-layout columnblock black-color no-icon   ">
      <div class="zw-cgb zw-cgb-content">

        <div class="column-content"><div class="inner-content"><h2 class=" zw-cgb headline h4">Domaines d&#8217;expertise</h2><ul class="zw-cgb-ul fulltext "><li class="">Digitalisation des ventes et du marketing, des modèles commerciaux/des processus opérationnels</li><li class="">Architecture informatique et sourcing informatique</li><li class="">Carve-in et carve-out informatiques</li><li class="">Projets SAP, ERP et de crise</li><li class="">Gestion de la transformation informatique Gestion de programmes et de projets</li><li class="">Déploiement de l’infrastructure informatique</li><li class="">Gestion des données de base</li><li class="">Missions internationales</li></ul></div></div>      </div>
    </div>
    <div  class="zw-cgb no-image-layout columnblock black-color no-icon   ">
      <div class="zw-cgb zw-cgb-content">

        <div class="column-content"><div class="inner-content"><h2 class=" zw-cgb headline h4">Évolution professionelle</h2><ul class="zw-cgb-ul fulltext "><li class="">Membre du conseil d’administration de T-Systems Global Account Deutsche Telekom</li><li class="">Membre de la direction de T-Systems Project &amp; Design Business Unit Telecommunication</li><li class="">Membre de la direction de Siemens AG dans NRW Siemens IT Solution</li><li class="">Directeur Business Line Siemens Business Services Telecommunication, Utility et Media</li><li class="">Membre de la direction des ventes Allemagne Siemens IT-Service</li><li class="">Direction de la stratégie &amp; Business Development/Marketing Allemagne Siemens Business Services</li></ul></div></div>      </div>
    </div>
</div></div>

    <div  class="zw-cgb  change-padding  infoblock default-margin black-color  ">
      <div class=" row">
        <div class="zw-cgb-content has-padding col-12">
          <div class="preheadline-container parent-has-padding"><p class=" zw-cgb preheadline ' .  . '">Publications de et avec Uwe Gehrmann</p></div><div class="inner-content parent-has-padding"><div class="link-container"></div></div>        </div>
      </div>
    </div>



    <div  class="zw-cgb  latestPosts default-margin ">
      <div class="row zw-cgb-content">
        
      <div  class="zw-cgb latestPostsContent px-0 col-12 post content-2-3  show-featured-image ">


        <div class="image-container single-featured"><a href = "https://www.atreus.de/fr/atreus-dans-les-medias/gestion-reussie-de-projets-dinfrastructure-et-de-grands-travaux/"><span class="copyright-image">© Oleksii Sergieiev – stock.adobe.com</span><img decoding="async" loading="lazy" alt="atreus_" src="https://www.atreus.de/wp-content/uploads/2022/05/TEASER3-7.jpg" srcset="https://www.atreus.de/wp-content/uploads/2022/05/TEASER3-7.jpg 823w, https://www.atreus.de/wp-content/uploads/2022/05/TEASER3-7-768x578.jpg 768w, https://www.atreus.de/wp-content/uploads/2022/05/TEASER3-7-480x361.jpg 480w" sizes="(max-width: 1024px) 100vw, 1024px" style="aspect-ratio:823/619 !important" title="atreus_"></a></div><div class="image-container double-featured"><a href = "https://www.atreus.de/fr/atreus-dans-les-medias/gestion-reussie-de-projets-dinfrastructure-et-de-grands-travaux/"><span class="copyright-image">© Oleksii Sergieiev – stock.adobe.com</span><img decoding="async" loading="lazy" alt="atreus_" src="https://www.atreus.de/wp-content/uploads/2022/05/TEASER2-4.jpg" srcset="https://www.atreus.de/wp-content/uploads/2022/05/TEASER2-4.jpg 1098w, https://www.atreus.de/wp-content/uploads/2022/05/TEASER2-4-768x288.jpg 768w, https://www.atreus.de/wp-content/uploads/2022/05/TEASER2-4-1024x384.jpg 1024w, https://www.atreus.de/wp-content/uploads/2022/05/TEASER2-4-480x180.jpg 480w" sizes="(max-width: 1024px) 100vw, 1024px" style="aspect-ratio:1098/412 !important" title="atreus_"></a></div>        <div class="content-container has-excerpt posttype-post blue-400 white-color">
          <div class="preheadline-container parent-has-padding"><p class="zw-cgb preheadline">Atreus dans les médias</p></div><a href = "https://www.atreus.de/fr/atreus-dans-les-medias/gestion-reussie-de-projets-dinfrastructure-et-de-grands-travaux/"><h2 class=" zw-cgb headline">Gestion réussie de projets d’infrastructure et de grands travaux</h2></a><p class=" zw-cgb fulltext">Dans le Deutsches Ingenieurblatt du 18 mai 2022, les directeurs d’Atreus Thomas Gläßer et Uwe Gehrmann expliquent pourquoi les grands projets d’infrastructure en Allemagne sont toujours en deçà des attentes et comment ils peuvent être réalisés à l’avenir de manière ciblée et efficace.</p><div class="post-meta-info-container"><div class="post-read-time"><p class="zw-cgb fulltext"><i class="far fa-clock"></i>4 temps de lecture min</p></div><div class="post-rating-container d-none"><!-- FeedbackWP Plugin - Results Widget --><div  class="rmp-results-widget js-rmp-results-widget js-rmp-results-widget--524369 "  data-post-id="524369">  <div class="rmp-results-widget__visual-rating">    <i class="js-rmp-results-icon rmp-icon rmp-icon--ratings rmp-icon--star "></i><i class="js-rmp-results-icon rmp-icon rmp-icon--ratings rmp-icon--star "></i><i class="js-rmp-results-icon rmp-icon rmp-icon--ratings rmp-icon--star "></i><i class="js-rmp-results-icon rmp-icon rmp-icon--ratings rmp-icon--star "></i><i class="js-rmp-results-icon rmp-icon rmp-icon--ratings rmp-icon--star "></i>  </div>  <div class="rmp-results-widget__avg-rating">    <span class="js-rmp-avg-rating">          </span>  </div>  <div class="rmp-results-widget__vote-count">    (<span class="js-rmp-vote-count"></span>)  </div></div> </div><div class="post-social-share"><div class="zw-social-share dropdown show">
        <a class="zw-social-share-toggler" href="#" role="button" id="dropdownMenuLink" data-toggle="dropdown" aria-haspopup="true" aria-expanded="false">
        <i class="fas fa-share-alt"></i><span class="zw-share-meta">Partager</span>
        </a>
        <div class="zw-share-dropdown-menu dropdown-menu" aria-labelledby="dropdownMenuLink"><div class="dropdown-inner"><p class="zw-share-heading fulltext">Partager</p><a class="zw-social-share-toggler fulltext" href="#" role="button" id="dropdownMenuLink" data-toggle="dropdown" aria-label="Close">✕</a><div class="social-inner-icons"><a class="dropdown-item " target="_blank" rel="nofollow" href="https://www.linkedin.com/cws/share?url=https%3A%2F%2Fwww.atreus.de%2Ffr%2Fatreus-dans-les-medias%2Fgestion-reussie-de-projets-dinfrastructure-et-de-grands-travaux%2F&amp;title=Gestion+r%C3%A9ussie+de+projets+d%E2%80%99infrastructure+et+de+grands+travaux"><i class="fab fa-linkedin fa-fw"></i></a><a class="dropdown-item " target="_blank" rel="nofollow" href="https://www.xing.com/spi/shares/new?url=https%3A%2F%2Fwww.atreus.de%2Ffr%2Fatreus-dans-les-medias%2Fgestion-reussie-de-projets-dinfrastructure-et-de-grands-travaux%2F"><i class="fab fa-xing fa-fw"></i></a><a class="dropdown-item " target="_blank" rel="nofollow" href="https://www.facebook.com/sharer/sharer.php?u=https%3A%2F%2Fwww.atreus.de%2Ffr%2Fatreus-dans-les-medias%2Fgestion-reussie-de-projets-dinfrastructure-et-de-grands-travaux%2F&amp;t=Gestion+r%C3%A9ussie+de+projets+d%E2%80%99infrastructure+et+de+grands+travaux"><i class="fab fa-facebook-square fa-fw"></i></a><a class="dropdown-item "  target="_blank" rel="nofollow" href="https://twitter.com/intent/tweet?url=https%3A%2F%2Fwww.atreus.de%2Ffr%2Fatreus-dans-les-medias%2Fgestion-reussie-de-projets-dinfrastructure-et-de-grands-travaux%2F&amp;text=Gestion+r%C3%A9ussie+de+projets+d%E2%80%99infrastructure+et+de+grands+travaux"><i class="fab fa-twitter fa-fw"></i></a>  </div></div></div>
    </div></div></div><div class="zw-cgb zw-cgb-button-container "><a href="https://www.atreus.de/fr/atreus-dans-les-medias/gestion-reussie-de-projets-dinfrastructure-et-de-grands-travaux/" class="zw-cgb btn btn-primary ">Lire la suite</a></div>        </div>
            </div>
      <div class="zw-spacer px-0"></div>
        </div>
    </div>

Uwe Gehrmann — Partenaire et membre du conseil exécutif d’Atreus GmbH

Uwe Gehrmann est partenaire et membre du conseil de direction d’Atreus. Il est également responsable des Solution Group IT/Digitalisation/Data.
