{"id":500733,"date":"2022-03-23T15:14:12","date_gmt":"2022-03-23T14:14:12","guid":{"rendered":"https:\/\/www.atreus.de\/?post_type=team&#038;p=500733"},"modified":"2024-08-12T15:42:12","modified_gmt":"2024-08-12T13:42:12","slug":"tibor-reischitz","status":"publish","type":"team","link":"https:\/\/www.atreus.de\/fr\/equipe\/tibor-reischitz\/","title":{"rendered":"Tibor Reischitz"},"content":{"rendered":"\n    <div  class=\"zw-cgb is-first-block textblock black-color zw-content-pos-center  default-margin \">\n      <div class=\"row\">\n        <div class=\"zw-cgb-content col-12 g-0\">\n          <p class=\" zw-cgb fulltext \"><strong>Tibor Reischitz se concentre sur l\u2019industrie de production et le secteur automobile. Il est tr\u00e8s \u00e0 l\u2019aise dans la collaboration avec les soci\u00e9t\u00e9s de capital-investissement et la dette priv\u00e9e, les banques et les familles.<\/strong><\/p><p class=\" zw-cgb fulltext \">Il accompagne les situations de changement, de l\u2019id\u00e9e positive de changement \u00e0 la restructuration ou l\u2019assainissement, avec le tact et la prudence n\u00e9cessaires.<br>Avant de rejoindre Atreus, il a \u00e9t\u00e9 consultant en interne, directeur d\u2019un cabinet de conseil industriel et conseiller en ressources humaines. En 2009, il a mis en place le secteur du management de transition au sein d\u2019une soci\u00e9t\u00e9 de capital-investissement et s\u2019occupe depuis lors intensivement de ce service. Avant de rejoindre Atreus, il a travaill\u00e9 comme partenaire chez diff\u00e9rents prestataires de services.<br>Tibor Reischitz est membre de tma, BVK et VWI. Il est \u00e9galement membre du conseil d\u2019administration de Jugend Aktiv e.V. et coache des bacheliers dans le cadre de leur choix de carri\u00e8re et d\u2019\u00e9tudes.<\/p>        <\/div>\n      <\/div>\n    <\/div>\n\n\n\n\n<div style=\"height:64px\" aria-hidden=\"true\" class=\"wp-block-spacer is-style-zw-default-color-400\"><\/div>\n\n\n<div  class=\"zw-cgb row  columnmaster020 default-margin \"><div class=\"columnmaster-inner-content g-0\">    <div  class=\"zw-cgb no-image-layout columnblock black-color no-icon   \">\n      <div class=\"zw-cgb zw-cgb-content\">\n\n        <div class=\"column-content\"><div class=\"inner-content\"><h1 class=\" zw-cgb headline h4\">Principaux secteurs<\/h1><ul class=\"zw-cgb-ul fulltext \"><li class=\"\">Automobile<\/li><li class=\"\">Capital-investissement<\/li><li class=\"\">Industrie de production<\/li><\/ul><\/div><\/div>      <\/div>\n    <\/div>\n    <div  class=\"zw-cgb no-image-layout columnblock black-color no-icon   \">\n      <div class=\"zw-cgb zw-cgb-content\">\n\n        <div class=\"column-content\"><div class=\"inner-content\"><h2 class=\" zw-cgb headline h4\">Domaines d&#8217;expertise<\/h2><ul class=\"zw-cgb-ul fulltext \"><li class=\"\">Restructuration et redressement<\/li><li class=\"\">Am\u00e9lioration des r\u00e9sultats et augmentation de la valeur<\/li><li class=\"\">D\u00e9roulement, optimisation et d\u00e9localisation de la production<\/li><li class=\"\">Gestion de la cha\u00eene d\u2019approvisionnement et achats<\/li><li class=\"\">Ventes et marketing<\/li><li class=\"\">Gestion de la qualit\u00e9<\/li><li class=\"\">Recherche et d\u00e9veloppement<\/li><li class=\"\">Finance<\/li><li class=\"\">RH<\/li><li class=\"\">Transformation informatique<\/li><li class=\"\">Num\u00e9risation des mod\u00e8les d\u2019entreprise<\/li><\/ul><\/div><\/div>      <\/div>\n    <\/div>\n    <div  class=\"zw-cgb no-image-layout columnblock black-color no-icon   \">\n      <div class=\"zw-cgb zw-cgb-content\">\n\n        <div class=\"column-content\"><div class=\"inner-content\"><h2 class=\" zw-cgb headline h4\">\u00c9volution professionelle<\/h2><ul class=\"zw-cgb-ul fulltext \"><li class=\"\">Directeur d\u2019Atreus GmbH<\/li><li class=\"\">Partenaire dans plusieurs soci\u00e9t\u00e9s de management de transition<\/li><li class=\"\">Conseiller en ressources humaines de Deininger Group<\/li><li class=\"\">Consultant interne et directeur d\u2019un cabinet de conseil industriel<\/li><\/ul><\/div><\/div>      <\/div>\n    <\/div>\n<\/div><\/div>\n\n\n    <div  class=\"zw-cgb  latestPosts default-margin \">\n      <div class=\"row zw-cgb-content\">\n        \n      <div  class=\"zw-cgb latestPostsContent px-0 col-12 event content-2-3  show-featured-image \">\n\n\n        <div class=\"image-container single-featured\"><a href = \"https:\/\/www.atreus.de\/fr\/evenement\/restructuration-en-2023-au-coeur-de-la-tempete\/\"><span class=\"copyright-image\">\u00a9 Pavel, \u00a9 oraziopuccio &#8211; stock.adobe.com<\/span><img decoding=\"async\" loading=\"lazy\" alt=\"atreus_\" src=\"https:\/\/www.atreus.de\/wp-content\/uploads\/2023\/08\/teaser-4zu3-20231013-RT-Restrukturierung.jpg\" srcset=\"https:\/\/www.atreus.de\/wp-content\/uploads\/2023\/08\/teaser-4zu3-20231013-RT-Restrukturierung.jpg 823w, https:\/\/www.atreus.de\/wp-content\/uploads\/2023\/08\/teaser-4zu3-20231013-RT-Restrukturierung-768x578.jpg 768w, https:\/\/www.atreus.de\/wp-content\/uploads\/2023\/08\/teaser-4zu3-20231013-RT-Restrukturierung-480x361.jpg 480w\" sizes=\"(max-width: 1024px) 100vw, 1024px\" style=\"aspect-ratio:823\/619 !important\" title=\"atreus_\"><\/a><\/div><div class=\"image-container double-featured\"><a href = \"https:\/\/www.atreus.de\/fr\/evenement\/restructuration-en-2023-au-coeur-de-la-tempete\/\"><span class=\"copyright-image\">\u00a9 Pavel, \u00a9 oraziopuccio &#8211; stock.adobe.com<\/span><img decoding=\"async\" loading=\"lazy\" alt=\"atreus_\" src=\"https:\/\/www.atreus.de\/wp-content\/uploads\/2023\/08\/teaser-landscape-20231013-RT-Restrukturierung.jpg\" srcset=\"https:\/\/www.atreus.de\/wp-content\/uploads\/2023\/08\/teaser-landscape-20231013-RT-Restrukturierung.jpg 1098w, https:\/\/www.atreus.de\/wp-content\/uploads\/2023\/08\/teaser-landscape-20231013-RT-Restrukturierung-768x288.jpg 768w, https:\/\/www.atreus.de\/wp-content\/uploads\/2023\/08\/teaser-landscape-20231013-RT-Restrukturierung-1024x384.jpg 1024w, https:\/\/www.atreus.de\/wp-content\/uploads\/2023\/08\/teaser-landscape-20231013-RT-Restrukturierung-480x180.jpg 480w\" sizes=\"(max-width: 1024px) 100vw, 1024px\" style=\"aspect-ratio:1098\/412 !important\" title=\"atreus_\"><\/a><\/div>        <div class=\"content-container has-excerpt posttype-event blue-400 white-color\">\n          <div class=\"preheadline-container parent-has-padding\"><p class=\"zw-cgb preheadline\">Table ronde | 13.10.2023<\/p><\/div><a href = \"https:\/\/www.atreus.de\/fr\/evenement\/restructuration-en-2023-au-coeur-de-la-tempete\/\"><h2 class=\" zw-cgb headline\">Restructuration en 2023&nbsp;: au c\u0153ur de la temp\u00eate<\/h2><\/a><p class=\" zw-cgb fulltext\">L\u2019\u00e9conomie allemande navigue sur une mer agit\u00e9e et se contracte, contrairement \u00e0 ses voisins europ\u00e9ens et m\u00eame \u00e0 l\u2019\u00e9chelle mondiale. Mais qu\u2019est-ce que cela signifie pour les entreprises, \u00e0 quoi doivent-elles faire attention, comment peut-on contre-attaquer\u00a0? Nous en parlons avec des experts.<\/p><div class=\"zw-cgb zw-cgb-button-container \"><a href=\"https:\/\/www.atreus.de\/fr\/evenement\/restructuration-en-2023-au-coeur-de-la-tempete\/\" class=\"zw-cgb btn btn-primary \">Lire la suite<\/a><\/div>        <\/div>\n            <\/div>\n      <div class=\"zw-spacer px-0\"><\/div>\n  \n      <div  class=\"zw-cgb latestPostsContent px-0 col-12 publication content-1-3  show-featured-image \">\n\n\n        <div class=\"image-container single-featured\"><a href = \"https:\/\/www.atreus.de\/fr\/publication\/etude\/restructuration-et-transformation-2023\/\"><span class=\"copyright-image\"><\/span><img decoding=\"async\" loading=\"lazy\" alt=\"atreus_\" src=\"https:\/\/www.atreus.de\/wp-content\/uploads\/2022\/03\/teaser-2u3-sp-studie-restrukturierung-und-transformation-2021.jpg\" srcset=\"https:\/\/www.atreus.de\/wp-content\/uploads\/2022\/03\/teaser-2u3-sp-studie-restrukturierung-und-transformation-2021.jpg 823w, https:\/\/www.atreus.de\/wp-content\/uploads\/2022\/03\/teaser-2u3-sp-studie-restrukturierung-und-transformation-2021-768x578.jpg 768w, https:\/\/www.atreus.de\/wp-content\/uploads\/2022\/03\/teaser-2u3-sp-studie-restrukturierung-und-transformation-2021-480x361.jpg 480w\" sizes=\"(max-width: 1024px) 100vw, 1024px\" style=\"aspect-ratio:823\/619 !important\" title=\"atreus_\"><\/a><\/div><div class=\"image-container double-featured\"><a href = \"https:\/\/www.atreus.de\/fr\/publication\/etude\/restructuration-et-transformation-2023\/\"><span class=\"copyright-image\"><\/span><img decoding=\"async\" loading=\"lazy\" alt=\"atreus_\" src=\"https:\/\/www.atreus.de\/wp-content\/uploads\/2022\/03\/teaser-60z30-studie-restrukturierung-und-transformation-2021.jpg\" srcset=\"https:\/\/www.atreus.de\/wp-content\/uploads\/2022\/03\/teaser-60z30-studie-restrukturierung-und-transformation-2021.jpg 1098w, https:\/\/www.atreus.de\/wp-content\/uploads\/2022\/03\/teaser-60z30-studie-restrukturierung-und-transformation-2021-768x288.jpg 768w, https:\/\/www.atreus.de\/wp-content\/uploads\/2022\/03\/teaser-60z30-studie-restrukturierung-und-transformation-2021-1024x384.jpg 1024w, https:\/\/www.atreus.de\/wp-content\/uploads\/2022\/03\/teaser-60z30-studie-restrukturierung-und-transformation-2021-480x180.jpg 480w\" sizes=\"(max-width: 1024px) 100vw, 1024px\" style=\"aspect-ratio:1098\/412 !important\" title=\"atreus_\"><\/a><\/div>        <div class=\"content-container has-excerpt posttype-publication blue-400 white-color\">\n          <div class=\"preheadline-container parent-has-padding\"><p class=\"zw-cgb preheadline\">\u00c9tude<\/p><\/div><a href = \"https:\/\/www.atreus.de\/fr\/publication\/etude\/restructuration-et-transformation-2023\/\"><h2 class=\" zw-cgb headline\">Restructuration et transformation 2023<\/h2><\/a><p class=\" zw-cgb fulltext\">Les r\u00e9sultats du Barom\u00e8tre Atreus du printemps Restructuration 2023 montrent que les perspectives des entreprises allemandes restent soumises \u00e0 de nombreuses incertitudes, compte tenu des perturbations \u00e9conomiques actuelles. Les goulots d\u2019\u00e9tranglement persistants dans les livraisons, les fluctuations des prix de l\u2019\u00e9nergie et des mati\u00e8res &#8230;<\/p><div class=\"zw-cgb zw-cgb-button-container \"><a href=\"https:\/\/www.atreus.de\/fr\/publication\/etude\/restructuration-et-transformation-2023\/\" class=\"zw-cgb btn btn-primary \">Lire la suite<\/a><\/div>        <\/div>\n            <\/div>\n      <div class=\"zw-spacer px-0\"><\/div>\n        <\/div>\n    <\/div>\n\n","protected":false},"author":6,"featured_media":0,"menu_order":0,"template":"","competences":[633,673],"industry-sectors":[704,703,694],"typ-team":[671,645,743,745],"class_list":["post-500733","team","type-team","status-publish","hentry","competences-operations-fr","competences-restructuration","industry-sectors-autres-industries-manufacturieres","industry-sectors-construction-fr","industry-sectors-construction-de-machines-et-dinstallations","typ-team-conseiller-en-restructuration","typ-team-directeur","typ-team-hote-atreus","typ-team-table-ronde"],"allData":{"rank_math_internal_links_processed":["1"],"_zw_post_wordcount":["258"],"_zw_reading_time_seconds":["52"],"_wpml_media_duplicate":["1"],"_wpml_media_featured":["1"],"_zw_lastname":["Reischitz"],"_zw_prename":["Tibor "],"_zw_email":["Tibor.Reischitz@atreus.de"],"_zw_phone":["+49 89 452249-185"],"_zw_linkedin":["https:\/\/www.linkedin.com\/in\/tibor-reischitz-7731691b\/"],"_top_nav_excluded":[""],"_cms_nav_minihome":[""],"_last_translation_edit_mode":["native-editor"],"_wpml_word_count":["{\"total\":255,\"to_translate\":{\"en\":255,\"de\":255}}"],"rank_math_facebook_image":["https:\/\/www.atreus.de\/wp-content\/uploads\/2023\/07\/rei-ti-v1.png"],"rank_math_facebook_image_id":["399770"],"_zw_portraitImg":["399770"],"_zw_max_input_files":["0"],"_edit_lock":["1723470171:3"],"rank_math_seo_score":["60"],"_edit_last":["3"],"rank_math_title":["Tibor Reischitz \u2014 Directeur Atreus GmbH"],"rank_math_focus_keyword":["tibor reischitz"],"_zw_description":["Directeur\r\n"]},"_links":{"self":[{"href":"https:\/\/www.atreus.de\/fr\/wp-json\/wp\/v2\/team\/500733","targetHints":{"allow":["GET"]}}],"collection":[{"href":"https:\/\/www.atreus.de\/fr\/wp-json\/wp\/v2\/team"}],"about":[{"href":"https:\/\/www.atreus.de\/fr\/wp-json\/wp\/v2\/types\/team"}],"author":[{"embeddable":true,"href":"https:\/\/www.atreus.de\/fr\/wp-json\/wp\/v2\/users\/6"}],"version-history":[{"count":0,"href":"https:\/\/www.atreus.de\/fr\/wp-json\/wp\/v2\/team\/500733\/revisions"}],"wp:attachment":[{"href":"https:\/\/www.atreus.de\/fr\/wp-json\/wp\/v2\/media?parent=500733"}],"wp:term":[{"taxonomy":"competences","embeddable":true,"href":"https:\/\/www.atreus.de\/fr\/wp-json\/wp\/v2\/competences?post=500733"},{"taxonomy":"industry-sectors","embeddable":true,"href":"https:\/\/www.atreus.de\/fr\/wp-json\/wp\/v2\/industry-sectors?post=500733"},{"taxonomy":"typ-team","embeddable":true,"href":"https:\/\/www.atreus.de\/fr\/wp-json\/wp\/v2\/typ-team?post=500733"}],"curies":[{"name":"wp","href":"https:\/\/api.w.org\/{rel}","templated":true}]}}

<div  class="zw-cgb is-first-block textblock black-color zw-content-pos-center  default-margin ">
      <div class="row">
        <div class="zw-cgb-content col-12 g-0">
          <p class=" zw-cgb fulltext "><strong>Tibor Reischitz se concentre sur l’industrie de production et le secteur automobile. Il est très à l’aise dans la collaboration avec les sociétés de capital-investissement et la dette privée, les banques et les familles.</strong></p><p class=" zw-cgb fulltext ">Il accompagne les situations de changement, de l’idée positive de changement à la restructuration ou l’assainissement, avec le tact et la prudence nécessaires.<br>Avant de rejoindre Atreus, il a été consultant en interne, directeur d’un cabinet de conseil industriel et conseiller en ressources humaines. En 2009, il a mis en place le secteur du management de transition au sein d’une société de capital-investissement et s’occupe depuis lors intensivement de ce service. Avant de rejoindre Atreus, il a travaillé comme partenaire chez différents prestataires de services.<br>Tibor Reischitz est membre de tma, BVK et VWI. Il est également membre du conseil d’administration de Jugend Aktiv e.V. et coache des bacheliers dans le cadre de leur choix de carrière et d’études.</p>        </div>
      </div>
    </div>




<div style="height:64px" aria-hidden="true" class="wp-block-spacer is-style-zw-default-color-400"></div>


<div  class="zw-cgb row  columnmaster020 default-margin "><div class="columnmaster-inner-content g-0">    <div  class="zw-cgb no-image-layout columnblock black-color no-icon   ">
      <div class="zw-cgb zw-cgb-content">

        <div class="column-content"><div class="inner-content"><h1 class=" zw-cgb headline h4">Principaux secteurs</h1><ul class="zw-cgb-ul fulltext "><li class="">Automobile</li><li class="">Capital-investissement</li><li class="">Industrie de production</li></ul></div></div>      </div>
    </div>
    <div  class="zw-cgb no-image-layout columnblock black-color no-icon   ">
      <div class="zw-cgb zw-cgb-content">

        <div class="column-content"><div class="inner-content"><h2 class=" zw-cgb headline h4">Domaines d&#8217;expertise</h2><ul class="zw-cgb-ul fulltext "><li class="">Restructuration et redressement</li><li class="">Amélioration des résultats et augmentation de la valeur</li><li class="">Déroulement, optimisation et délocalisation de la production</li><li class="">Gestion de la chaîne d’approvisionnement et achats</li><li class="">Ventes et marketing</li><li class="">Gestion de la qualité</li><li class="">Recherche et développement</li><li class="">Finance</li><li class="">RH</li><li class="">Transformation informatique</li><li class="">Numérisation des modèles d’entreprise</li></ul></div></div>      </div>
    </div>
    <div  class="zw-cgb no-image-layout columnblock black-color no-icon   ">
      <div class="zw-cgb zw-cgb-content">

        <div class="column-content"><div class="inner-content"><h2 class=" zw-cgb headline h4">Évolution professionelle</h2><ul class="zw-cgb-ul fulltext "><li class="">Directeur d’Atreus GmbH</li><li class="">Partenaire dans plusieurs sociétés de management de transition</li><li class="">Conseiller en ressources humaines de Deininger Group</li><li class="">Consultant interne et directeur d’un cabinet de conseil industriel</li></ul></div></div>      </div>
    </div>
</div></div>


    <div  class="zw-cgb  latestPosts default-margin ">
      <div class="row zw-cgb-content">
        
      <div  class="zw-cgb latestPostsContent px-0 col-12 event content-2-3  show-featured-image ">


        <div class="image-container single-featured"><a href = "https://www.atreus.de/fr/evenement/restructuration-en-2023-au-coeur-de-la-tempete/"><span class="copyright-image">© Pavel, © oraziopuccio &#8211; stock.adobe.com</span><img decoding="async" loading="lazy" alt="atreus_" src="https://www.atreus.de/wp-content/uploads/2023/08/teaser-4zu3-20231013-RT-Restrukturierung.jpg" srcset="https://www.atreus.de/wp-content/uploads/2023/08/teaser-4zu3-20231013-RT-Restrukturierung.jpg 823w, https://www.atreus.de/wp-content/uploads/2023/08/teaser-4zu3-20231013-RT-Restrukturierung-768x578.jpg 768w, https://www.atreus.de/wp-content/uploads/2023/08/teaser-4zu3-20231013-RT-Restrukturierung-480x361.jpg 480w" sizes="(max-width: 1024px) 100vw, 1024px" style="aspect-ratio:823/619 !important" title="atreus_"></a></div><div class="image-container double-featured"><a href = "https://www.atreus.de/fr/evenement/restructuration-en-2023-au-coeur-de-la-tempete/"><span class="copyright-image">© Pavel, © oraziopuccio &#8211; stock.adobe.com</span><img decoding="async" loading="lazy" alt="atreus_" src="https://www.atreus.de/wp-content/uploads/2023/08/teaser-landscape-20231013-RT-Restrukturierung.jpg" srcset="https://www.atreus.de/wp-content/uploads/2023/08/teaser-landscape-20231013-RT-Restrukturierung.jpg 1098w, https://www.atreus.de/wp-content/uploads/2023/08/teaser-landscape-20231013-RT-Restrukturierung-768x288.jpg 768w, https://www.atreus.de/wp-content/uploads/2023/08/teaser-landscape-20231013-RT-Restrukturierung-1024x384.jpg 1024w, https://www.atreus.de/wp-content/uploads/2023/08/teaser-landscape-20231013-RT-Restrukturierung-480x180.jpg 480w" sizes="(max-width: 1024px) 100vw, 1024px" style="aspect-ratio:1098/412 !important" title="atreus_"></a></div>        <div class="content-container has-excerpt posttype-event blue-400 white-color">
          <div class="preheadline-container parent-has-padding"><p class="zw-cgb preheadline">Table ronde | 13.10.2023</p></div><a href = "https://www.atreus.de/fr/evenement/restructuration-en-2023-au-coeur-de-la-tempete/"><h2 class=" zw-cgb headline">Restructuration en 2023&nbsp;: au cœur de la tempête</h2></a><p class=" zw-cgb fulltext">L’économie allemande navigue sur une mer agitée et se contracte, contrairement à ses voisins européens et même à l’échelle mondiale. Mais qu’est-ce que cela signifie pour les entreprises, à quoi doivent-elles faire attention, comment peut-on contre-attaquer ? Nous en parlons avec des experts.</p><div class="zw-cgb zw-cgb-button-container "><a href="https://www.atreus.de/fr/evenement/restructuration-en-2023-au-coeur-de-la-tempete/" class="zw-cgb btn btn-primary ">Lire la suite</a></div>        </div>
            </div>
      <div class="zw-spacer px-0"></div>
  
      <div  class="zw-cgb latestPostsContent px-0 col-12 publication content-1-3  show-featured-image ">


        <div class="image-container single-featured"><a href = "https://www.atreus.de/fr/publication/etude/restructuration-et-transformation-2023/"><span class="copyright-image"></span><img decoding="async" loading="lazy" alt="atreus_" src="https://www.atreus.de/wp-content/uploads/2022/03/teaser-2u3-sp-studie-restrukturierung-und-transformation-2021.jpg" srcset="https://www.atreus.de/wp-content/uploads/2022/03/teaser-2u3-sp-studie-restrukturierung-und-transformation-2021.jpg 823w, https://www.atreus.de/wp-content/uploads/2022/03/teaser-2u3-sp-studie-restrukturierung-und-transformation-2021-768x578.jpg 768w, https://www.atreus.de/wp-content/uploads/2022/03/teaser-2u3-sp-studie-restrukturierung-und-transformation-2021-480x361.jpg 480w" sizes="(max-width: 1024px) 100vw, 1024px" style="aspect-ratio:823/619 !important" title="atreus_"></a></div><div class="image-container double-featured"><a href = "https://www.atreus.de/fr/publication/etude/restructuration-et-transformation-2023/"><span class="copyright-image"></span><img decoding="async" loading="lazy" alt="atreus_" src="https://www.atreus.de/wp-content/uploads/2022/03/teaser-60z30-studie-restrukturierung-und-transformation-2021.jpg" srcset="https://www.atreus.de/wp-content/uploads/2022/03/teaser-60z30-studie-restrukturierung-und-transformation-2021.jpg 1098w, https://www.atreus.de/wp-content/uploads/2022/03/teaser-60z30-studie-restrukturierung-und-transformation-2021-768x288.jpg 768w, https://www.atreus.de/wp-content/uploads/2022/03/teaser-60z30-studie-restrukturierung-und-transformation-2021-1024x384.jpg 1024w, https://www.atreus.de/wp-content/uploads/2022/03/teaser-60z30-studie-restrukturierung-und-transformation-2021-480x180.jpg 480w" sizes="(max-width: 1024px) 100vw, 1024px" style="aspect-ratio:1098/412 !important" title="atreus_"></a></div>        <div class="content-container has-excerpt posttype-publication blue-400 white-color">
          <div class="preheadline-container parent-has-padding"><p class="zw-cgb preheadline">Étude</p></div><a href = "https://www.atreus.de/fr/publication/etude/restructuration-et-transformation-2023/"><h2 class=" zw-cgb headline">Restructuration et transformation 2023</h2></a><p class=" zw-cgb fulltext">Les résultats du Baromètre Atreus du printemps Restructuration 2023 montrent que les perspectives des entreprises allemandes restent soumises à de nombreuses incertitudes, compte tenu des perturbations économiques actuelles. Les goulots d’étranglement persistants dans les livraisons, les fluctuations des prix de l’énergie et des matières &#8230;</p><div class="zw-cgb zw-cgb-button-container "><a href="https://www.atreus.de/fr/publication/etude/restructuration-et-transformation-2023/" class="zw-cgb btn btn-primary ">Lire la suite</a></div>        </div>
            </div>
      <div class="zw-spacer px-0"></div>
        </div>
    </div>
