{"id":500760,"date":"2023-01-01T06:17:00","date_gmt":"2023-01-01T05:17:00","guid":{"rendered":"https:\/\/www.atreus.de\/?post_type=team&#038;p=500760"},"modified":"2025-11-25T09:31:31","modified_gmt":"2025-11-25T08:31:31","slug":"bernhard-gruber","status":"publish","type":"team","link":"https:\/\/www.atreus.de\/fr\/equipe\/bernhard-gruber\/","title":{"rendered":"Bernhard Gruber"},"content":{"rendered":"\n    <div  class=\"zw-cgb is-first-block textblock black-color zw-content-pos-center  default-margin \">\n      <div class=\"row\">\n        <div class=\"zw-cgb-content col-12 g-0\">\n          <p class=\" zw-cgb fulltext \"><strong><strong>Bernhard Gruber se concentre sur des projets et des programmes dans les domaines de la transformation num\u00e9rique des entreprises, de l\u2019automatisation et du d\u00e9veloppement de produits num\u00e9riques intelligents.<\/strong><\/strong><\/p><p class=\" zw-cgb fulltext \">Dans ce contexte, Bernhard Gruber dispose de connaissances approfondies dans des secteurs tr\u00e8s concurrentiels comme l\u2019informatique, les t\u00e9l\u00e9communications, les m\u00e9dias et la technologie m\u00e9dicale. Bernhard Gruber jouit de plus de 20 ans d\u2019exp\u00e9rience de direction dans les domaines de la gestion technologique, de la gestion de projet, de la gestion du changement, de l\u2019innovation et du d\u00e9veloppement de produits. La conception d\u2019organisations informatiques modernes et agiles, tenant compte de la conformit\u00e9, de la s\u00e9curit\u00e9 et de la protection des donn\u00e9es informatiques, est un point fort de l\u2019activit\u00e9 de Bernhard Gruber. Avant de rejoindre Atreus, il a occup\u00e9 diff\u00e9rents postes de direction pour des entreprises mondiales de premier plan dans les domaines de l\u2019informatique &amp; des t\u00e9l\u00e9communications, des m\u00e9dias et de la technologie m\u00e9dicale.<\/p>        <\/div>\n      <\/div>\n    <\/div>\n\n\n\n\n<div style=\"height:100px\" aria-hidden=\"true\" class=\"wp-block-spacer is-style-zw-default-color-400\"><\/div>\n\n\n<div  class=\"zw-cgb row  columnmaster020 default-margin \"><div class=\"columnmaster-inner-content g-0\">    <div  class=\"zw-cgb no-image-layout columnblock black-color no-icon   \">\n      <div class=\"zw-cgb zw-cgb-content\">\n\n        <div class=\"column-content\"><div class=\"inner-content\"><h1 class=\" zw-cgb headline h4\">Principaux secteurs<\/h1><ul class=\"zw-cgb-ul fulltext \"><li class=\"\">IT<\/li><li class=\"\">T\u00e9l\u00e9communication<\/li><li class=\"\">M\u00e9dias<\/li><li class=\"\">Technique m\u00e9dicale<\/li><\/ul><\/div><\/div>      <\/div>\n    <\/div>\n    <div  class=\"zw-cgb no-image-layout columnblock black-color no-icon   \">\n      <div class=\"zw-cgb zw-cgb-content\">\n\n        <div class=\"column-content\"><div class=\"inner-content\"><h2 class=\" zw-cgb headline h4\">Domaines d&#8217;expertise<\/h2><ul class=\"zw-cgb-ul fulltext \"><li class=\"\">Transformation num\u00e9rique des entreprises<\/li><li class=\"\">Strat\u00e9gie et organisation IT<\/li><li class=\"\">Gestion de projets et de programmes Service de gestion de projets<\/li><li class=\"\">Automatisation<\/li><li class=\"\">Produits connect\u00e9s intelligents<\/li><li class=\"\">Gestion des donn\u00e9es<\/li><li class=\"\">Introduction de l\u2019ERP et du CRM<\/li><li class=\"\">S\u00e9curit\u00e9 informatique et protection des donn\u00e9es<\/li><\/ul><\/div><\/div>      <\/div>\n    <\/div>\n    <div  class=\"zw-cgb no-image-layout columnblock black-color no-icon   \">\n      <div class=\"zw-cgb zw-cgb-content\">\n\n        <div class=\"column-content\"><div class=\"inner-content\"><h2 class=\" zw-cgb headline h4\">\u00c9volution professionelle<\/h2><ul class=\"zw-cgb-ul fulltext \"><li class=\"\">Directeur de la gestion de projet et de la fourniture de services A1 Telekom Austria AG<\/li><li class=\"\">Responsable des projets informatiques de l\u2019entreprise \u2014 Red Bull GmbH<\/li><li class=\"\">Directeur informatique mondial \u2014 Sirona Dental Systems Inc.<\/li><li class=\"\">Vice-pr\u00e9sident monde des technologies de l\u2019information \u2014 Dentsply Sirona Inc. <\/li><li class=\"\">Manager de la transition pour l\u2019informatique et la transformation num\u00e9rique<\/li><\/ul><\/div><\/div>      <\/div>\n    <\/div>\n<\/div><\/div>\n\n\n<div style=\"height:100px\" aria-hidden=\"true\" class=\"wp-block-spacer\"><\/div>\n\n\n    <div  class=\"zw-cgb    infoblock default-margin black-color  \">\n      <div class=\" row\">\n        <div class=\"zw-cgb-content has-padding col-12\">\n          <div class=\"inner-content parent-has-padding\"><h2 class=\" zw-cgb headline\">Contributions de et avec Bernhard Gruber, MBA<\/h2><div class=\"link-container\"><\/div><\/div>        <\/div>\n      <\/div>\n    <\/div>\n\n\n\n    <div  class=\"zw-cgb  latestPosts default-margin \">\n      <div class=\"row zw-cgb-content\">\n        \n      <div  class=\"zw-cgb latestPostsContent px-0 col-12 publication content-2-3  show-featured-image \">\n\n\n        <div class=\"image-container single-featured\"><a href = \"https:\/\/www.atreus.de\/fr\/publication\/livre-blanc\/ia-lintelligence-artificielle-est-elle-la-solution-a-la-penurie-de-main-doeuvre-qualifiee\/\"><span class=\"copyright-image\"><\/span><img decoding=\"async\" loading=\"lazy\" alt=\"atreus_\" src=\"https:\/\/www.atreus.de\/wp-content\/uploads\/2023\/06\/teaser-4zu3-20230612-atreus-a-topic-ki.jpg\" srcset=\"https:\/\/www.atreus.de\/wp-content\/uploads\/2023\/06\/teaser-4zu3-20230612-atreus-a-topic-ki.jpg 823w, https:\/\/www.atreus.de\/wp-content\/uploads\/2023\/06\/teaser-4zu3-20230612-atreus-a-topic-ki-768x578.jpg 768w, https:\/\/www.atreus.de\/wp-content\/uploads\/2023\/06\/teaser-4zu3-20230612-atreus-a-topic-ki-480x361.jpg 480w\" sizes=\"(max-width: 1024px) 100vw, 1024px\" style=\"aspect-ratio:823\/619 !important\" title=\"atreus_\"><\/a><\/div><div class=\"image-container double-featured\"><a href = \"https:\/\/www.atreus.de\/fr\/publication\/livre-blanc\/ia-lintelligence-artificielle-est-elle-la-solution-a-la-penurie-de-main-doeuvre-qualifiee\/\"><span class=\"copyright-image\"><\/span><img decoding=\"async\" loading=\"lazy\" alt=\"atreus_\" src=\"https:\/\/www.atreus.de\/wp-content\/uploads\/2023\/06\/teaser-landscape-20230612-atreus-a-topic-ki.jpg\" srcset=\"https:\/\/www.atreus.de\/wp-content\/uploads\/2023\/06\/teaser-landscape-20230612-atreus-a-topic-ki.jpg 1098w, https:\/\/www.atreus.de\/wp-content\/uploads\/2023\/06\/teaser-landscape-20230612-atreus-a-topic-ki-768x288.jpg 768w, https:\/\/www.atreus.de\/wp-content\/uploads\/2023\/06\/teaser-landscape-20230612-atreus-a-topic-ki-1024x384.jpg 1024w, https:\/\/www.atreus.de\/wp-content\/uploads\/2023\/06\/teaser-landscape-20230612-atreus-a-topic-ki-480x180.jpg 480w\" sizes=\"(max-width: 1024px) 100vw, 1024px\" style=\"aspect-ratio:1098\/412 !important\" title=\"atreus_\"><\/a><\/div>        <div class=\"content-container has-excerpt posttype-publication  black-color\">\n          <div class=\"preheadline-container parent-has-padding\"><p class=\"zw-cgb preheadline\">Livre blanc<\/p><\/div><a href = \"https:\/\/www.atreus.de\/fr\/publication\/livre-blanc\/ia-lintelligence-artificielle-est-elle-la-solution-a-la-penurie-de-main-doeuvre-qualifiee\/\"><h2 class=\" zw-cgb headline\">IA&nbsp;: l\u2019intelligence artificielle est-elle la solution \u00e0 la p\u00e9nurie de main-d\u2019\u0153uvre qualifi\u00e9e&nbsp;?<\/h2><\/a><p class=\" zw-cgb fulltext\">D\u00e9couvrez dans ce livre blanc la p\u00e9nurie croissante de main-d\u2019\u0153uvre qualifi\u00e9e en Allemagne et l\u2019impact de l\u2019intelligence artificielle sur le march\u00e9 du travail. Les progr\u00e8s de l\u2019intelligence artificielle peuvent-ils r\u00e9soudre ce dilemme\u00a0?<\/p><div class=\"zw-cgb zw-cgb-button-container \"><a href=\"https:\/\/www.atreus.de\/fr\/publication\/livre-blanc\/ia-lintelligence-artificielle-est-elle-la-solution-a-la-penurie-de-main-doeuvre-qualifiee\/\" class=\"zw-cgb btn btn-primary \">Lire la suite<\/a><\/div>        <\/div>\n            <\/div>\n      <div class=\"zw-spacer px-0\"><\/div>\n        <\/div>\n    <\/div>\n\n\n\n\n\n\n\n\n\n\n\n\n\n","protected":false},"author":3,"featured_media":0,"menu_order":0,"template":"","competences":[674,680],"industry-sectors":[],"typ-team":[645],"class_list":["post-500760","team","type-team","status-publish","hentry","competences-it-fr","competences-numerisation","typ-team-directeur"],"allData":{"rank_math_internal_links_processed":["1"],"_zw_post_wordcount":["284"],"_zw_reading_time_seconds":["57"],"_wpml_media_duplicate":["1","1"],"_wpml_media_featured":["1","1"],"rank_math_facebook_enable_image_overlay":["off"],"_zw_lastname":["Gruber, MBA"],"_zw_prename":["Bernhard"],"_zw_email":["Bernhard.Gruber@atreus.de"],"_zw_phone":["+49 89 452249-190"],"_zw_linkedin":["https:\/\/www.linkedin.com\/in\/gruberwork\/"],"_top_nav_excluded":[""],"_cms_nav_minihome":[""],"_last_translation_edit_mode":["native-editor"],"_wpml_word_count":["315"],"_edit_lock":["1764059555:20"],"rank_math_seo_score":["60"],"_edit_last":["20"],"_zw_max_input_files":["0"],"_wpml_media_has_media":["1"],"_zw_portraitImg":["399730"],"rank_math_facebook_image":["https:\/\/www.atreus.de\/wp-content\/uploads\/2024\/01\/gru-be-v3.png"],"rank_math_facebook_image_id":["502082"],"rank_math_title":["Bernhard Gruber \u2014 Directeur Atreus GmbH"],"rank_math_description":["Bernhard Gruber se concentre sur des projets et des programmes dans les domaines de la transformation num\u00e9rique des entreprises et de l\u2019automatisation. "],"rank_math_focus_keyword":["Bernhard Gruber"],"_zw_description":["Directeur"]},"_links":{"self":[{"href":"https:\/\/www.atreus.de\/fr\/wp-json\/wp\/v2\/team\/500760","targetHints":{"allow":["GET"]}}],"collection":[{"href":"https:\/\/www.atreus.de\/fr\/wp-json\/wp\/v2\/team"}],"about":[{"href":"https:\/\/www.atreus.de\/fr\/wp-json\/wp\/v2\/types\/team"}],"author":[{"embeddable":true,"href":"https:\/\/www.atreus.de\/fr\/wp-json\/wp\/v2\/users\/3"}],"version-history":[{"count":0,"href":"https:\/\/www.atreus.de\/fr\/wp-json\/wp\/v2\/team\/500760\/revisions"}],"wp:attachment":[{"href":"https:\/\/www.atreus.de\/fr\/wp-json\/wp\/v2\/media?parent=500760"}],"wp:term":[{"taxonomy":"competences","embeddable":true,"href":"https:\/\/www.atreus.de\/fr\/wp-json\/wp\/v2\/competences?post=500760"},{"taxonomy":"industry-sectors","embeddable":true,"href":"https:\/\/www.atreus.de\/fr\/wp-json\/wp\/v2\/industry-sectors?post=500760"},{"taxonomy":"typ-team","embeddable":true,"href":"https:\/\/www.atreus.de\/fr\/wp-json\/wp\/v2\/typ-team?post=500760"}],"curies":[{"name":"wp","href":"https:\/\/api.w.org\/{rel}","templated":true}]}}

<div  class="zw-cgb is-first-block textblock black-color zw-content-pos-center  default-margin ">
      <div class="row">
        <div class="zw-cgb-content col-12 g-0">
          <p class=" zw-cgb fulltext "><strong><strong>Bernhard Gruber se concentre sur des projets et des programmes dans les domaines de la transformation numérique des entreprises, de l’automatisation et du développement de produits numériques intelligents.</strong></strong></p><p class=" zw-cgb fulltext ">Dans ce contexte, Bernhard Gruber dispose de connaissances approfondies dans des secteurs très concurrentiels comme l’informatique, les télécommunications, les médias et la technologie médicale. Bernhard Gruber jouit de plus de 20 ans d’expérience de direction dans les domaines de la gestion technologique, de la gestion de projet, de la gestion du changement, de l’innovation et du développement de produits. La conception d’organisations informatiques modernes et agiles, tenant compte de la conformité, de la sécurité et de la protection des données informatiques, est un point fort de l’activité de Bernhard Gruber. Avant de rejoindre Atreus, il a occupé différents postes de direction pour des entreprises mondiales de premier plan dans les domaines de l’informatique &amp; des télécommunications, des médias et de la technologie médicale.</p>        </div>
      </div>
    </div>




<div style="height:100px" aria-hidden="true" class="wp-block-spacer is-style-zw-default-color-400"></div>


<div  class="zw-cgb row  columnmaster020 default-margin "><div class="columnmaster-inner-content g-0">    <div  class="zw-cgb no-image-layout columnblock black-color no-icon   ">
      <div class="zw-cgb zw-cgb-content">

        <div class="column-content"><div class="inner-content"><h1 class=" zw-cgb headline h4">Principaux secteurs</h1><ul class="zw-cgb-ul fulltext "><li class="">IT</li><li class="">Télécommunication</li><li class="">Médias</li><li class="">Technique médicale</li></ul></div></div>      </div>
    </div>
    <div  class="zw-cgb no-image-layout columnblock black-color no-icon   ">
      <div class="zw-cgb zw-cgb-content">

        <div class="column-content"><div class="inner-content"><h2 class=" zw-cgb headline h4">Domaines d&#8217;expertise</h2><ul class="zw-cgb-ul fulltext "><li class="">Transformation numérique des entreprises</li><li class="">Stratégie et organisation IT</li><li class="">Gestion de projets et de programmes Service de gestion de projets</li><li class="">Automatisation</li><li class="">Produits connectés intelligents</li><li class="">Gestion des données</li><li class="">Introduction de l’ERP et du CRM</li><li class="">Sécurité informatique et protection des données</li></ul></div></div>      </div>
    </div>
    <div  class="zw-cgb no-image-layout columnblock black-color no-icon   ">
      <div class="zw-cgb zw-cgb-content">

        <div class="column-content"><div class="inner-content"><h2 class=" zw-cgb headline h4">Évolution professionelle</h2><ul class="zw-cgb-ul fulltext "><li class="">Directeur de la gestion de projet et de la fourniture de services A1 Telekom Austria AG</li><li class="">Responsable des projets informatiques de l’entreprise — Red Bull GmbH</li><li class="">Directeur informatique mondial — Sirona Dental Systems Inc.</li><li class="">Vice-président monde des technologies de l’information — Dentsply Sirona Inc. </li><li class="">Manager de la transition pour l’informatique et la transformation numérique</li></ul></div></div>      </div>
    </div>
</div></div>


<div style="height:100px" aria-hidden="true" class="wp-block-spacer"></div>


    <div  class="zw-cgb    infoblock default-margin black-color  ">
      <div class=" row">
        <div class="zw-cgb-content has-padding col-12">
          <div class="inner-content parent-has-padding"><h2 class=" zw-cgb headline">Contributions de et avec Bernhard Gruber, MBA</h2><div class="link-container"></div></div>        </div>
      </div>
    </div>



    <div  class="zw-cgb  latestPosts default-margin ">
      <div class="row zw-cgb-content">
        
      <div  class="zw-cgb latestPostsContent px-0 col-12 publication content-2-3  show-featured-image ">


        <div class="image-container single-featured"><a href = "https://www.atreus.de/fr/publication/livre-blanc/ia-lintelligence-artificielle-est-elle-la-solution-a-la-penurie-de-main-doeuvre-qualifiee/"><span class="copyright-image"></span><img decoding="async" loading="lazy" alt="atreus_" src="https://www.atreus.de/wp-content/uploads/2023/06/teaser-4zu3-20230612-atreus-a-topic-ki.jpg" srcset="https://www.atreus.de/wp-content/uploads/2023/06/teaser-4zu3-20230612-atreus-a-topic-ki.jpg 823w, https://www.atreus.de/wp-content/uploads/2023/06/teaser-4zu3-20230612-atreus-a-topic-ki-768x578.jpg 768w, https://www.atreus.de/wp-content/uploads/2023/06/teaser-4zu3-20230612-atreus-a-topic-ki-480x361.jpg 480w" sizes="(max-width: 1024px) 100vw, 1024px" style="aspect-ratio:823/619 !important" title="atreus_"></a></div><div class="image-container double-featured"><a href = "https://www.atreus.de/fr/publication/livre-blanc/ia-lintelligence-artificielle-est-elle-la-solution-a-la-penurie-de-main-doeuvre-qualifiee/"><span class="copyright-image"></span><img decoding="async" loading="lazy" alt="atreus_" src="https://www.atreus.de/wp-content/uploads/2023/06/teaser-landscape-20230612-atreus-a-topic-ki.jpg" srcset="https://www.atreus.de/wp-content/uploads/2023/06/teaser-landscape-20230612-atreus-a-topic-ki.jpg 1098w, https://www.atreus.de/wp-content/uploads/2023/06/teaser-landscape-20230612-atreus-a-topic-ki-768x288.jpg 768w, https://www.atreus.de/wp-content/uploads/2023/06/teaser-landscape-20230612-atreus-a-topic-ki-1024x384.jpg 1024w, https://www.atreus.de/wp-content/uploads/2023/06/teaser-landscape-20230612-atreus-a-topic-ki-480x180.jpg 480w" sizes="(max-width: 1024px) 100vw, 1024px" style="aspect-ratio:1098/412 !important" title="atreus_"></a></div>        <div class="content-container has-excerpt posttype-publication  black-color">
          <div class="preheadline-container parent-has-padding"><p class="zw-cgb preheadline">Livre blanc</p></div><a href = "https://www.atreus.de/fr/publication/livre-blanc/ia-lintelligence-artificielle-est-elle-la-solution-a-la-penurie-de-main-doeuvre-qualifiee/"><h2 class=" zw-cgb headline">IA&nbsp;: l’intelligence artificielle est-elle la solution à la pénurie de main-d’œuvre qualifiée&nbsp;?</h2></a><p class=" zw-cgb fulltext">Découvrez dans ce livre blanc la pénurie croissante de main-d’œuvre qualifiée en Allemagne et l’impact de l’intelligence artificielle sur le marché du travail. Les progrès de l’intelligence artificielle peuvent-ils résoudre ce dilemme ?</p><div class="zw-cgb zw-cgb-button-container "><a href="https://www.atreus.de/fr/publication/livre-blanc/ia-lintelligence-artificielle-est-elle-la-solution-a-la-penurie-de-main-doeuvre-qualifiee/" class="zw-cgb btn btn-primary ">Lire la suite</a></div>        </div>
            </div>
      <div class="zw-spacer px-0"></div>
        </div>
    </div>

Bernhard Gruber se concentre sur des projets et des programmes dans les domaines de la transformation numérique des entreprises et de l’automatisation.
