{"id":500768,"date":"2022-10-04T10:40:42","date_gmt":"2022-10-04T08:40:42","guid":{"rendered":"https:\/\/www.atreus.de\/?post_type=team&#038;p=500768"},"modified":"2025-11-25T09:02:23","modified_gmt":"2025-11-25T08:02:23","slug":"sabine-brunthaler","status":"publish","type":"team","link":"https:\/\/www.atreus.de\/fr\/equipe\/sabine-brunthaler\/","title":{"rendered":"Sabine Brunthaler"},"content":{"rendered":"\n    <div  class=\"zw-cgb is-first-block textblock black-color zw-content-pos-center  default-margin \">\n      <div class=\"row\">\n        <div class=\"zw-cgb-content col-12 g-0\">\n          <p class=\" zw-cgb fulltext \"><strong>Sabine Brunthaler se concentre sur le recrutement de cadres sup\u00e9rieurs, sur les th\u00e8mes de la transformation et de la gestion de la performance, en particulier sur la durabilit\u00e9 et la garantie des r\u00e9sultats par l&#8217;optimisation du portefeuille, de la cha\u00eene d&#8217;approvisionnement et la tarification, ainsi que sur tous les th\u00e8mes de la direction financi\u00e8re en relation avec la num\u00e9risation et les t\u00e2ches internationales.<\/strong><\/p><p class=\" zw-cgb fulltext \">Sabine Brunthaler accompagne surtout des clients de l&#8217;industrie de production, y compris la chimie et les sciences de la vie (pharmacie et technique m\u00e9dicale). Elle jouit de plus de 20 ans d&#8217;exp\u00e9rience internationale dans le soutien commercial strat\u00e9gique et par projet des grandes et moyennes entreprises. Avant de rejoindre Atreus, Sabine Brunthaler a \u00e9t\u00e9, depuis Londres, Munich et Zurich, directrice EMEA pour les Group CFOs chez CEB (aujourd&#8217;hui Gartner), partenaire avec responsabilit\u00e9 sectorielle pour la chimie et les sciences de la vie chez un acteur mondial de la recherche de cadres et membre de l&#8217;\u00e9quipe de direction d&#8217;un cabinet international de conseil en management.<\/p>        <\/div>\n      <\/div>\n    <\/div>\n\n\n\n\n<div style=\"height:64px\" aria-hidden=\"true\" class=\"wp-block-spacer is-style-zw-default-color-400\"><\/div>\n\n\n<div  class=\"zw-cgb row  columnmaster020 default-margin \"><div class=\"columnmaster-inner-content g-0\">    <div  class=\"zw-cgb no-image-layout columnblock black-color no-icon   \">\n      <div class=\"zw-cgb zw-cgb-content\">\n\n        <div class=\"column-content\"><div class=\"inner-content\"><h1 class=\" zw-cgb headline h4\">Principaux secteurs<\/h1><ul class=\"zw-cgb-ul fulltext \"><li class=\"\">Sant\u00e9, sciences de la vie, produits chimiques<\/li><li class=\"\">Automobile, \u00e9nergie et environnement, construction de machines et d&#8217;installations<\/li><li class=\"\">Industrie manufacturi\u00e8re<\/li><\/ul><\/div><\/div>      <\/div>\n    <\/div>\n    <div  class=\"zw-cgb no-image-layout columnblock black-color no-icon   \">\n      <div class=\"zw-cgb zw-cgb-content\">\n\n        <div class=\"column-content\"><div class=\"inner-content\"><h2 class=\" zw-cgb headline h4\">Domaines d&#8217;expertise<\/h2><ul class=\"zw-cgb-ul fulltext \"><li class=\"\">Transformation et gestion des performances<\/li><li class=\"\">D\u00e9veloppement durable<\/li><li class=\"\">Domaine CFO<\/li><li class=\"\">Assurer les r\u00e9sultats en optimisant le portefeuille, la cha\u00eene d&#8217;approvisionnement et d\u00e9finition des politiques tarifaires<\/li><li class=\"\">Num\u00e9risation<\/li><li class=\"\">Missions internationales<\/li><li class=\"\">Recrutement de cadres sup\u00e9rieurs<\/li><\/ul><\/div><\/div>      <\/div>\n    <\/div>\n    <div  class=\"zw-cgb no-image-layout columnblock black-color no-icon   \">\n      <div class=\"zw-cgb zw-cgb-content\">\n\n        <div class=\"column-content\"><div class=\"inner-content\"><h2 class=\" zw-cgb headline h4\">\u00c9volution professionelle<\/h2><ul class=\"zw-cgb-ul fulltext \"><li class=\"\">Responsable du d\u00e9veloppement commercial chez Horv\u00e1th<\/li><li class=\"\">Partenaire chez Boyden global executive search<\/li><li class=\"\">Directrice chez CEB<\/li><li class=\"\">Diverses fonctions dans le marketing, la formation et le contr\u00f4le de qualit\u00e9<\/li><li class=\"\">Activit\u00e9s suppl\u00e9mentaires en tant que membre du comit\u00e9 de la British-Swiss Chamber of Commerce et en tant que Head of European Advisory Board chez Digital Commerce Alliance\/CardLinx Forum<\/li><\/ul><\/div><\/div>      <\/div>\n    <\/div>\n<\/div><\/div>","protected":false},"author":3,"featured_media":0,"menu_order":0,"template":"","competences":[677],"industry-sectors":[704,695,697],"typ-team":[666,667,645],"class_list":["post-500768","team","type-team","status-publish","hentry","competences-missions-internationales","industry-sectors-autres-industries-manufacturieres","industry-sectors-chimie","industry-sectors-sante","typ-team-conseiller-en-chimie","typ-team-conseiller-en-sante","typ-team-directeur"],"allData":{"rank_math_internal_links_processed":["1"],"_zw_post_wordcount":["295"],"_zw_reading_time_seconds":["59"],"_wpml_media_duplicate":["1","1"],"_wpml_media_featured":["1","1"],"_zw_lastname":["Brunthaler"],"_zw_prename":["Sabine"],"_zw_email":["Sabine.Brunthaler@atreus.de"],"_zw_phone":["+49 89 452249-450"],"_zw_linkedin":["https:\/\/www.linkedin.com\/in\/sabine-brunthaler-b030066\/"],"_top_nav_excluded":[""],"_cms_nav_minihome":[""],"_last_translation_edit_mode":["native-editor"],"_wpml_word_count":["{\"total\":342,\"to_translate\":{\"en\":342,\"de\":342}}"],"rank_math_facebook_image":["https:\/\/www.atreus.de\/wp-content\/uploads\/2023\/07\/bru-sa-v2.png"],"rank_math_facebook_image_id":["399716"],"_zw_portraitImg":["399716"],"_zw_max_input_files":["0"],"_edit_lock":["1764057745:20"],"rank_math_seo_score":["63"],"_edit_last":["20"],"rank_math_title":["Sabine Brunthaler - Directrice d'Atreus GmbH"],"rank_math_description":["Sabine Brunthaler se concentre sur les th\u00e8mes de la transformation et du management de la performance, en particulier la durabilit\u00e9, la finance et la garantie des r\u00e9sultats par l'optimisation du portefeuille, de la cha\u00eene d'approvisionnement et la tarification, la num\u00e9risation, les missions internationales ainsi que l'occupation de postes de top management."],"rank_math_focus_keyword":["Sabine Brunthaler"],"_zw_description":["Directrice"],"_relevanssi_pin_keywords":[""],"_relevanssi_unpin_keywords":[""]},"_links":{"self":[{"href":"https:\/\/www.atreus.de\/fr\/wp-json\/wp\/v2\/team\/500768","targetHints":{"allow":["GET"]}}],"collection":[{"href":"https:\/\/www.atreus.de\/fr\/wp-json\/wp\/v2\/team"}],"about":[{"href":"https:\/\/www.atreus.de\/fr\/wp-json\/wp\/v2\/types\/team"}],"author":[{"embeddable":true,"href":"https:\/\/www.atreus.de\/fr\/wp-json\/wp\/v2\/users\/3"}],"version-history":[{"count":0,"href":"https:\/\/www.atreus.de\/fr\/wp-json\/wp\/v2\/team\/500768\/revisions"}],"wp:attachment":[{"href":"https:\/\/www.atreus.de\/fr\/wp-json\/wp\/v2\/media?parent=500768"}],"wp:term":[{"taxonomy":"competences","embeddable":true,"href":"https:\/\/www.atreus.de\/fr\/wp-json\/wp\/v2\/competences?post=500768"},{"taxonomy":"industry-sectors","embeddable":true,"href":"https:\/\/www.atreus.de\/fr\/wp-json\/wp\/v2\/industry-sectors?post=500768"},{"taxonomy":"typ-team","embeddable":true,"href":"https:\/\/www.atreus.de\/fr\/wp-json\/wp\/v2\/typ-team?post=500768"}],"curies":[{"name":"wp","href":"https:\/\/api.w.org\/{rel}","templated":true}]}}

<div  class="zw-cgb is-first-block textblock black-color zw-content-pos-center  default-margin ">
      <div class="row">
        <div class="zw-cgb-content col-12 g-0">
          <p class=" zw-cgb fulltext "><strong>Sabine Brunthaler se concentre sur le recrutement de cadres supérieurs, sur les thèmes de la transformation et de la gestion de la performance, en particulier sur la durabilité et la garantie des résultats par l&#8217;optimisation du portefeuille, de la chaîne d&#8217;approvisionnement et la tarification, ainsi que sur tous les thèmes de la direction financière en relation avec la numérisation et les tâches internationales.</strong></p><p class=" zw-cgb fulltext ">Sabine Brunthaler accompagne surtout des clients de l&#8217;industrie de production, y compris la chimie et les sciences de la vie (pharmacie et technique médicale). Elle jouit de plus de 20 ans d&#8217;expérience internationale dans le soutien commercial stratégique et par projet des grandes et moyennes entreprises. Avant de rejoindre Atreus, Sabine Brunthaler a été, depuis Londres, Munich et Zurich, directrice EMEA pour les Group CFOs chez CEB (aujourd&#8217;hui Gartner), partenaire avec responsabilité sectorielle pour la chimie et les sciences de la vie chez un acteur mondial de la recherche de cadres et membre de l&#8217;équipe de direction d&#8217;un cabinet international de conseil en management.</p>        </div>
      </div>
    </div>




<div style="height:64px" aria-hidden="true" class="wp-block-spacer is-style-zw-default-color-400"></div>


<div  class="zw-cgb row  columnmaster020 default-margin "><div class="columnmaster-inner-content g-0">    <div  class="zw-cgb no-image-layout columnblock black-color no-icon   ">
      <div class="zw-cgb zw-cgb-content">

        <div class="column-content"><div class="inner-content"><h1 class=" zw-cgb headline h4">Principaux secteurs</h1><ul class="zw-cgb-ul fulltext "><li class="">Santé, sciences de la vie, produits chimiques</li><li class="">Automobile, énergie et environnement, construction de machines et d&#8217;installations</li><li class="">Industrie manufacturière</li></ul></div></div>      </div>
    </div>
    <div  class="zw-cgb no-image-layout columnblock black-color no-icon   ">
      <div class="zw-cgb zw-cgb-content">

        <div class="column-content"><div class="inner-content"><h2 class=" zw-cgb headline h4">Domaines d&#8217;expertise</h2><ul class="zw-cgb-ul fulltext "><li class="">Transformation et gestion des performances</li><li class="">Développement durable</li><li class="">Domaine CFO</li><li class="">Assurer les résultats en optimisant le portefeuille, la chaîne d&#8217;approvisionnement et définition des politiques tarifaires</li><li class="">Numérisation</li><li class="">Missions internationales</li><li class="">Recrutement de cadres supérieurs</li></ul></div></div>      </div>
    </div>
    <div  class="zw-cgb no-image-layout columnblock black-color no-icon   ">
      <div class="zw-cgb zw-cgb-content">

        <div class="column-content"><div class="inner-content"><h2 class=" zw-cgb headline h4">Évolution professionelle</h2><ul class="zw-cgb-ul fulltext "><li class="">Responsable du développement commercial chez Horváth</li><li class="">Partenaire chez Boyden global executive search</li><li class="">Directrice chez CEB</li><li class="">Diverses fonctions dans le marketing, la formation et le contrôle de qualité</li><li class="">Activités supplémentaires en tant que membre du comité de la British-Swiss Chamber of Commerce et en tant que Head of European Advisory Board chez Digital Commerce Alliance/CardLinx Forum</li></ul></div></div>      </div>
    </div>
</div></div>

Sabine Brunthaler se concentre sur les thèmes de la transformation et du management de la performance, en particulier la durabilité, la finance et la garantie des résultats par l'optimisation du portefeuille, de la chaîne d'approvisionnement et la tarification, la numérisation, les missions internationales ainsi que l'occupation de postes de top management.
