{"id":500781,"date":"2022-12-01T06:00:00","date_gmt":"2022-12-01T05:00:00","guid":{"rendered":"https:\/\/www.atreus.de\/?post_type=team&#038;p=500781"},"modified":"2024-08-16T12:05:11","modified_gmt":"2024-08-16T10:05:11","slug":"patrick-julius","status":"publish","type":"team","link":"https:\/\/www.atreus.de\/fr\/equipe\/patrick-julius\/","title":{"rendered":"Patrick Julius"},"content":{"rendered":"\n    <div  class=\"zw-cgb is-first-block textblock black-color zw-content-pos-center  default-margin \">\n      <div class=\"row\">\n        <div class=\"zw-cgb-content col-12 g-0\">\n          <p class=\" zw-cgb fulltext \">Au cours des derni\u00e8res ann\u00e9es, avant de travailler chez Atreus, Patrick Julius a occup\u00e9 de nombreux mandats de premier et deuxi\u00e8me niveau de direction et de gestion de projets chez un autre prestataire de management de transition. Son profil de comp\u00e9tences comprend le conseil op\u00e9rationnel et strat\u00e9gique individuel de clients issus des secteurs les plus divers, tant dans les PME que dans les grands groupes, avec un accent sur la construction de machines et d\u2019installations.<\/p><p class=\" zw-cgb fulltext \">Auparavant, il a occup\u00e9 pendant de nombreuses ann\u00e9es des postes de direction dans l\u2019environnement de march\u00e9 dynamique et tr\u00e8s innovant des secteurs des t\u00e9l\u00e9communications et des m\u00e9dias.<\/p><p class=\" zw-cgb fulltext \">Patrick Julius utilise avec succ\u00e8s ses grandes comp\u00e9tences en mati\u00e8re de communication et d\u2019analyse, ses connaissances approfondies du march\u00e9 et sa capacit\u00e9 \u00e0 se familiariser rapidement avec de nouveaux domaines pour trouver des solutions parfaitement adapt\u00e9es au recrutement de managers de  transition et de chefs de projet dans les entreprises clientes.<\/p>        <\/div>\n      <\/div>\n    <\/div>\n\n\n\n\n<div style=\"height:100px\" aria-hidden=\"true\" class=\"wp-block-spacer is-style-zw-default-color-400\"><\/div>\n\n\n<div  class=\"zw-cgb row  columnmaster020 default-margin \"><div class=\"columnmaster-inner-content g-0\">    <div  class=\"zw-cgb no-image-layout columnblock black-color no-icon   \">\n      <div class=\"zw-cgb zw-cgb-content\">\n\n        <div class=\"column-content\"><div class=\"inner-content\"><h1 class=\" zw-cgb headline h4\">Principaux secteurs<\/h1><ul class=\"zw-cgb-ul fulltext \"><li class=\"\">Construction de machines et des installations<\/li><li class=\"\">T\u00e9l\u00e9communication<\/li><li class=\"\">Assurances, sant\u00e9 publique\/soins<\/li><\/ul><\/div><\/div>      <\/div>\n    <\/div>\n    <div  class=\"zw-cgb no-image-layout columnblock black-color no-icon   \">\n      <div class=\"zw-cgb zw-cgb-content\">\n\n        <div class=\"column-content\"><div class=\"inner-content\"><h2 class=\" zw-cgb headline h4\">Domaines d&#8217;expertise<\/h2><ul class=\"zw-cgb-ul fulltext \"><li class=\"\">Distribution<\/li><li class=\"\">Direction g\u00e9n\u00e9rale<\/li><li class=\"\">Gestion de la cha\u00eene d\u2019approvisionnement<\/li><li class=\"\">Gestion du changement<\/li><li class=\"\">Transformation<\/li><li class=\"\">Restructuration<\/li><li class=\"\">Gestion de projets\/programmes<\/li><\/ul><\/div><\/div>      <\/div>\n    <\/div>\n    <div  class=\"zw-cgb no-image-layout columnblock black-color no-icon   \">\n      <div class=\"zw-cgb zw-cgb-content\">\n\n        <div class=\"column-content\"><div class=\"inner-content\"><h2 class=\" zw-cgb headline h4\">\u00c9volution professionelle<\/h2><ul class=\"zw-cgb-ul fulltext \"><li class=\"\">Solide exp\u00e9rience de la vente dans les secteurs des t\u00e9l\u00e9communications et de la t\u00e9l\u00e9vision payante<\/li><li class=\"\">Membre de la direction d\u2019un fournisseur de services de management de transition<\/li><\/ul><\/div><\/div>      <\/div>\n    <\/div>\n<\/div><\/div>","protected":false},"author":3,"featured_media":0,"menu_order":0,"template":"","competences":[681],"industry-sectors":[694],"typ-team":[645],"class_list":["post-500781","team","type-team","status-publish","hentry","competences-marketing-et-ventes","industry-sectors-construction-de-machines-et-dinstallations","typ-team-directeur"],"allData":{"rank_math_internal_links_processed":["1"],"_zw_post_wordcount":["237"],"_zw_reading_time_seconds":["47"],"_wpml_media_duplicate":["1","1"],"_wpml_media_featured":["1","1"],"rank_math_facebook_enable_image_overlay":["off"],"_zw_lastname":["Julius"],"_zw_prename":["Patrick"],"_zw_email":["Patrick.Julius@atreus.de"],"_zw_phone":["+49 89 452249-140"],"_zw_linkedin":["https:\/\/www.linkedin.com\/in\/patrick-julius\/"],"_top_nav_excluded":[""],"_cms_nav_minihome":[""],"_last_translation_edit_mode":["native-editor"],"_wpml_word_count":["{\"total\":253,\"to_translate\":{\"en\":253,\"de\":253}}"],"rank_math_facebook_image":["https:\/\/www.atreus.de\/wp-content\/uploads\/2023\/07\/jul-pa-v1-1.png"],"rank_math_facebook_image_id":["399740"],"_zw_portraitImg":["399722"],"_zw_max_input_files":["0"],"_edit_lock":["1723802718:3"],"rank_math_seo_score":["60"],"_edit_last":["3"],"rank_math_title":["Patrick Julius \u2014 Directeur Atreus GmbH"],"rank_math_description":["Ces derni\u00e8res ann\u00e9es, Patrick Julius a occup\u00e9 de nombreux mandats au niveau de la direction et des projets chez un fournisseur de services de management de transition."],"rank_math_focus_keyword":["Patrick Julius"],"_zw_description":["Directeur"]},"_links":{"self":[{"href":"https:\/\/www.atreus.de\/fr\/wp-json\/wp\/v2\/team\/500781","targetHints":{"allow":["GET"]}}],"collection":[{"href":"https:\/\/www.atreus.de\/fr\/wp-json\/wp\/v2\/team"}],"about":[{"href":"https:\/\/www.atreus.de\/fr\/wp-json\/wp\/v2\/types\/team"}],"author":[{"embeddable":true,"href":"https:\/\/www.atreus.de\/fr\/wp-json\/wp\/v2\/users\/3"}],"version-history":[{"count":0,"href":"https:\/\/www.atreus.de\/fr\/wp-json\/wp\/v2\/team\/500781\/revisions"}],"wp:attachment":[{"href":"https:\/\/www.atreus.de\/fr\/wp-json\/wp\/v2\/media?parent=500781"}],"wp:term":[{"taxonomy":"competences","embeddable":true,"href":"https:\/\/www.atreus.de\/fr\/wp-json\/wp\/v2\/competences?post=500781"},{"taxonomy":"industry-sectors","embeddable":true,"href":"https:\/\/www.atreus.de\/fr\/wp-json\/wp\/v2\/industry-sectors?post=500781"},{"taxonomy":"typ-team","embeddable":true,"href":"https:\/\/www.atreus.de\/fr\/wp-json\/wp\/v2\/typ-team?post=500781"}],"curies":[{"name":"wp","href":"https:\/\/api.w.org\/{rel}","templated":true}]}}

<div  class="zw-cgb is-first-block textblock black-color zw-content-pos-center  default-margin ">
      <div class="row">
        <div class="zw-cgb-content col-12 g-0">
          <p class=" zw-cgb fulltext ">Au cours des dernières années, avant de travailler chez Atreus, Patrick Julius a occupé de nombreux mandats de premier et deuxième niveau de direction et de gestion de projets chez un autre prestataire de management de transition. Son profil de compétences comprend le conseil opérationnel et stratégique individuel de clients issus des secteurs les plus divers, tant dans les PME que dans les grands groupes, avec un accent sur la construction de machines et d’installations.</p><p class=" zw-cgb fulltext ">Auparavant, il a occupé pendant de nombreuses années des postes de direction dans l’environnement de marché dynamique et très innovant des secteurs des télécommunications et des médias.</p><p class=" zw-cgb fulltext ">Patrick Julius utilise avec succès ses grandes compétences en matière de communication et d’analyse, ses connaissances approfondies du marché et sa capacité à se familiariser rapidement avec de nouveaux domaines pour trouver des solutions parfaitement adaptées au recrutement de managers de  transition et de chefs de projet dans les entreprises clientes.</p>        </div>
      </div>
    </div>




<div style="height:100px" aria-hidden="true" class="wp-block-spacer is-style-zw-default-color-400"></div>


<div  class="zw-cgb row  columnmaster020 default-margin "><div class="columnmaster-inner-content g-0">    <div  class="zw-cgb no-image-layout columnblock black-color no-icon   ">
      <div class="zw-cgb zw-cgb-content">

        <div class="column-content"><div class="inner-content"><h1 class=" zw-cgb headline h4">Principaux secteurs</h1><ul class="zw-cgb-ul fulltext "><li class="">Construction de machines et des installations</li><li class="">Télécommunication</li><li class="">Assurances, santé publique/soins</li></ul></div></div>      </div>
    </div>
    <div  class="zw-cgb no-image-layout columnblock black-color no-icon   ">
      <div class="zw-cgb zw-cgb-content">

        <div class="column-content"><div class="inner-content"><h2 class=" zw-cgb headline h4">Domaines d&#8217;expertise</h2><ul class="zw-cgb-ul fulltext "><li class="">Distribution</li><li class="">Direction générale</li><li class="">Gestion de la chaîne d’approvisionnement</li><li class="">Gestion du changement</li><li class="">Transformation</li><li class="">Restructuration</li><li class="">Gestion de projets/programmes</li></ul></div></div>      </div>
    </div>
    <div  class="zw-cgb no-image-layout columnblock black-color no-icon   ">
      <div class="zw-cgb zw-cgb-content">

        <div class="column-content"><div class="inner-content"><h2 class=" zw-cgb headline h4">Évolution professionelle</h2><ul class="zw-cgb-ul fulltext "><li class="">Solide expérience de la vente dans les secteurs des télécommunications et de la télévision payante</li><li class="">Membre de la direction d’un fournisseur de services de management de transition</li></ul></div></div>      </div>
    </div>
</div></div>

Ces dernières années, Patrick Julius a occupé de nombreux mandats au niveau de la direction et des projets chez un fournisseur de services de management de transition.
