{"id":500789,"date":"2023-07-13T15:01:00","date_gmt":"2023-07-13T13:01:00","guid":{"rendered":"https:\/\/www.atreus.de\/?post_type=team&#038;p=500789"},"modified":"2024-08-19T15:19:35","modified_gmt":"2024-08-19T13:19:35","slug":"elke-eckstein","status":"publish","type":"team","link":"https:\/\/www.atreus.de\/fr\/equipe\/elke-eckstein\/","title":{"rendered":"Elke Eckstein"},"content":{"rendered":"\n    <div  class=\"zw-cgb is-first-block textblock black-color zw-content-pos-center  default-margin \">\n      <div class=\"row\">\n        <div class=\"zw-cgb-content col-12 g-0\">\n          <p class=\" zw-cgb fulltext \"><strong><strong><strong>Conseill\u00e8re d\u2019administration professionnelle, conseill\u00e8re d\u2019entreprise ind\u00e9pendante, gestionnaire industrielle exp\u00e9riment\u00e9e<\/strong><\/strong><\/strong><\/p><p class=\" zw-cgb fulltext \">Elke Eckstein jouit de plus de 35 ans d\u2019exp\u00e9rience industrielle dans les domaines des semi-conducteurs, de l\u2019\u00e9lectronique et de la photonique. De 2019 \u00e0 fin 2022, elle a occup\u00e9 le poste de pr\u00e9sidente et directrice g\u00e9n\u00e9rale du groupe suisse Enics, qui a maintenant fusionn\u00e9 sous la marque GPV pour devenir le deuxi\u00e8me EMS industriel d\u2019Europe.<\/p><p class=\" zw-cgb fulltext \">Auparavant, elle a occup\u00e9 plusieurs postes de direction sup\u00e9rieure dans des entreprises de premier plan au niveau mondial, notamment de 2013 \u00e0 2018 en tant que directrice des op\u00e9rations et CDO et responsable de la division Cabinet Products du groupe Weidmueller&nbsp;; de 2008 \u00e0 2013 en tant que directrice des op\u00e9rations d\u2019Osram Lighting et auparavant chez AMD\/Global Foundries, Altis Semiconductor et Siemens\/Infineon.<\/p><p class=\" zw-cgb fulltext \">Elle est membre du conseil de surveillance ou d\u2019administration de Jenoptik (D), KK Wind (DK), Saferoad (N), BE Semiconductor (NL), U-Blox (CH) et Viacon (S). Elke Eckstein est dipl\u00f4m\u00e9e en \u00e9lectrotechnique de l\u2019Acad\u00e9mie Siemens. Ses comp\u00e9tences cl\u00e9s sont la gestion d\u2019entreprise, les activit\u00e9s op\u00e9rationnelles et la digitalisation. Elle est passionn\u00e9e par le d\u00e9veloppement des talents et le mentorat.<\/p>        <\/div>\n      <\/div>\n    <\/div>\n\n","protected":false},"author":3,"featured_media":0,"menu_order":0,"template":"","competences":[],"industry-sectors":[],"typ-team":[664,662],"class_list":["post-500789","team","type-team","status-publish","hentry","typ-team-conseiller","typ-team-conseiller-senior"],"allData":{"rank_math_internal_links_processed":["1"],"_zw_post_wordcount":["208"],"_zw_reading_time_seconds":["42"],"_wpml_media_duplicate":["1"],"_wpml_media_featured":["1"],"rank_math_facebook_enable_image_overlay":["off"],"_zw_lastname":["Eckstein"],"_zw_prename":["Elke"],"_zw_email":["Elke.Eckstein@ext.atreus.de"],"_top_nav_excluded":[""],"_cms_nav_minihome":[""],"_last_translation_edit_mode":["native-editor"],"_wpml_word_count":["227"],"rank_math_facebook_image":["https:\/\/www.atreus.de\/wp-content\/uploads\/2023\/07\/eck-el.png"],"rank_math_facebook_image_id":["389350"],"_zw_quadratImg":["389350"],"_zw_portraitImg":["389350"],"_zw_max_input_files":["0"],"_edit_lock":["1724073576:3"],"rank_math_seo_score":["63"],"_edit_last":["3"],"rank_math_title":["Elke Eckstein \u2014 Conseill\u00e8re Atreus GmbH"],"rank_math_description":["Elke Eckstein est membre professionnelle du conseil de surveillance, conseill\u00e8re d\u2019entreprise ind\u00e9pendante et gestionnaire industrielle exp\u00e9riment\u00e9e."],"rank_math_focus_keyword":["Elke Eckstein"],"_zw_description":["Conseiller"]},"_links":{"self":[{"href":"https:\/\/www.atreus.de\/fr\/wp-json\/wp\/v2\/team\/500789","targetHints":{"allow":["GET"]}}],"collection":[{"href":"https:\/\/www.atreus.de\/fr\/wp-json\/wp\/v2\/team"}],"about":[{"href":"https:\/\/www.atreus.de\/fr\/wp-json\/wp\/v2\/types\/team"}],"author":[{"embeddable":true,"href":"https:\/\/www.atreus.de\/fr\/wp-json\/wp\/v2\/users\/3"}],"version-history":[{"count":0,"href":"https:\/\/www.atreus.de\/fr\/wp-json\/wp\/v2\/team\/500789\/revisions"}],"wp:attachment":[{"href":"https:\/\/www.atreus.de\/fr\/wp-json\/wp\/v2\/media?parent=500789"}],"wp:term":[{"taxonomy":"competences","embeddable":true,"href":"https:\/\/www.atreus.de\/fr\/wp-json\/wp\/v2\/competences?post=500789"},{"taxonomy":"industry-sectors","embeddable":true,"href":"https:\/\/www.atreus.de\/fr\/wp-json\/wp\/v2\/industry-sectors?post=500789"},{"taxonomy":"typ-team","embeddable":true,"href":"https:\/\/www.atreus.de\/fr\/wp-json\/wp\/v2\/typ-team?post=500789"}],"curies":[{"name":"wp","href":"https:\/\/api.w.org\/{rel}","templated":true}]}}

<div  class="zw-cgb is-first-block textblock black-color zw-content-pos-center  default-margin ">
      <div class="row">
        <div class="zw-cgb-content col-12 g-0">
          <p class=" zw-cgb fulltext "><strong><strong><strong>Conseillère d’administration professionnelle, conseillère d’entreprise indépendante, gestionnaire industrielle expérimentée</strong></strong></strong></p><p class=" zw-cgb fulltext ">Elke Eckstein jouit de plus de 35 ans d’expérience industrielle dans les domaines des semi-conducteurs, de l’électronique et de la photonique. De 2019 à fin 2022, elle a occupé le poste de présidente et directrice générale du groupe suisse Enics, qui a maintenant fusionné sous la marque GPV pour devenir le deuxième EMS industriel d’Europe.</p><p class=" zw-cgb fulltext ">Auparavant, elle a occupé plusieurs postes de direction supérieure dans des entreprises de premier plan au niveau mondial, notamment de 2013 à 2018 en tant que directrice des opérations et CDO et responsable de la division Cabinet Products du groupe Weidmueller&nbsp;; de 2008 à 2013 en tant que directrice des opérations d’Osram Lighting et auparavant chez AMD/Global Foundries, Altis Semiconductor et Siemens/Infineon.</p><p class=" zw-cgb fulltext ">Elle est membre du conseil de surveillance ou d’administration de Jenoptik (D), KK Wind (DK), Saferoad (N), BE Semiconductor (NL), U-Blox (CH) et Viacon (S). Elke Eckstein est diplômée en électrotechnique de l’Académie Siemens. Ses compétences clés sont la gestion d’entreprise, les activités opérationnelles et la digitalisation. Elle est passionnée par le développement des talents et le mentorat.</p>        </div>
      </div>
    </div>

Elke Eckstein — Conseillère Atreus GmbH

Elke Eckstein est membre professionnelle du conseil de surveillance, conseillère d’entreprise indépendante et gestionnaire industrielle expérimentée.
