{"id":645515,"date":"2024-08-06T12:45:13","date_gmt":"2024-08-06T10:45:13","guid":{"rendered":"https:\/\/www.atreus.de\/?post_type=team&#038;p=645515"},"modified":"2025-02-06T12:55:10","modified_gmt":"2025-02-06T11:55:10","slug":"christina-riess","status":"publish","type":"team","link":"https:\/\/www.atreus.de\/fr\/equipe\/christina-riess\/","title":{"rendered":"Christina Riess"},"content":{"rendered":"\n    <div  class=\"zw-cgb is-first-block textblock black-color zw-content-pos-center  default-margin \">\n      <div class=\"row\">\n        <div class=\"zw-cgb-content col-12 g-0\">\n          <p class=\" zw-cgb fulltext \"><strong><strong><strong><strong><strong><strong><strong>Christina Riess jouit de plus de 20&nbsp;ans d\u2019exp\u00e9rience internationale dans l\u2019industrie&nbsp;: la gestion de crise, la transformation et les strat\u00e9gies innovantes sont son \u00e9toile Polaire.<\/strong><\/strong><\/strong><\/strong><\/strong><\/strong><\/strong><\/p><p class=\" zw-cgb fulltext \">Dipl\u00f4m\u00e9e en ing\u00e9nierie \u00e9conomique, son c\u0153ur bat autant pour la vente que pour la technique. Elle trouve toujours des solutions aussi innovantes que rentables&nbsp;: elle met en relation des personnes, des id\u00e9es (durables) et des opportunit\u00e9s sur le long terme et avec succ\u00e8s.<\/p><p class=\" zw-cgb fulltext \">Au cours de sa carri\u00e8re exceptionnelle, Christina a occup\u00e9 des postes de cadre sup\u00e9rieur dans des entreprises de toutes tailles \u2014 dans les ventes et le service, l\u2019ing\u00e9nierie et les op\u00e9rations, ainsi que la gestion g\u00e9n\u00e9rale. Elle est \u00e0 l\u2019aise dans le conseil en gestion, l\u2019a\u00e9rospatiale, l\u2019armement et la d\u00e9fense, ainsi que dans la construction de machines et d\u2019installations.<\/p><p class=\" zw-cgb fulltext \">Elle est \u00e9galement pr\u00e9sidente d\u2019une association \u00e9conomique, Handelsblatt Women Economic Network \u2014 Chapter Lead M\u00fcnchen, depuis 2017, et conf\u00e9renci\u00e8re d\u2019honneur, conseill\u00e8re, co-auteure et \u00e9ditrice de plusieurs ouvrages sp\u00e9cialis\u00e9s.<\/p><p class=\" zw-cgb fulltext \">Christina est une passionn\u00e9e de la construction de ponts dont le credo est&nbsp;: \u00ab&nbsp;Simplement agir \u2014 \u00e7a pourrait \u00eatre une solution&nbsp;!&nbsp;\u00bb<\/p>        <\/div>\n      <\/div>\n    <\/div>\n\n\n\n\n<div style=\"height:100px\" aria-hidden=\"true\" class=\"wp-block-spacer is-style-zw-default-color-400\"><\/div>\n\n\n<div  class=\"zw-cgb row  columnmaster020 default-margin \"><div class=\"columnmaster-inner-content g-0\">    <div  class=\"zw-cgb no-image-layout columnblock black-color no-icon   \">\n      <div class=\"zw-cgb zw-cgb-content\">\n\n        <div class=\"column-content\"><div class=\"inner-content\"><h1 class=\" zw-cgb headline h4\">Principaux secteurs<\/h1><ul class=\"zw-cgb-ul fulltext \"><li class=\"\">Construction de machines et d\u2019installations<\/li><li class=\"\">A\u00e9ronautique et a\u00e9rospatiale<\/li><li class=\"\">D\u00e9fense et armement<\/li><li class=\"\">Conseil en entreprise et en strat\u00e9gie<\/li><\/ul><\/div><\/div>      <\/div>\n    <\/div>\n    <div  class=\"zw-cgb no-image-layout columnblock black-color no-icon   \">\n      <div class=\"zw-cgb zw-cgb-content\">\n\n        <div class=\"column-content\"><div class=\"inner-content\"><h2 class=\" zw-cgb headline h4\">Domaines d\u2019expertise<\/h2><ul class=\"zw-cgb-ul fulltext \"><li class=\"\">Direction g\u00e9n\u00e9rale<\/li><li class=\"\">D\u00e9veloppement de mod\u00e8les commerciaux &amp; Customer Centricity<\/li><li class=\"\">Ventes, services, marketing, tarification<\/li><li class=\"\">Gestion de crise incluant redressement et restructuration<\/li><li class=\"\">Transformation d\u2019entreprise DD, M&amp;A, PMI, IPO\/SPAC<\/li><li class=\"\">Digitalisation et IA<\/li><li class=\"\">Technique incluant R&amp;D, production, Ops, d\u00e9veloppement de produits<\/li><li class=\"\">PMO<\/li><\/ul><\/div><\/div>      <\/div>\n    <\/div>\n    <div  class=\"zw-cgb no-image-layout columnblock black-color no-icon   \">\n      <div class=\"zw-cgb zw-cgb-content\">\n\n        <div class=\"column-content\"><div class=\"inner-content\"><h2 class=\" zw-cgb headline h4\">\u00c9volution professionnelle<\/h2><ul class=\"zw-cgb-ul fulltext \"><li class=\"\">Pr\u00e9sidente de l\u2019association f\u00e9d\u00e9rale des managers de la distribution (Bundesverband der Vertriebsmanager e.V.)<\/li><li class=\"\">Directrice g\u00e9n\u00e9rale d\u2019une soci\u00e9t\u00e9 de conseil en gestion<\/li><li class=\"\">Senior Advisor &amp; Senior Expert chez Roland Berger GmbH<\/li><li class=\"\">Directrice des ventes &amp; membre de la direction d\u2019une compagnie a\u00e9rienne<\/li><li class=\"\">Responsable des unit\u00e9s commerciales chez Airbus Helicopters dans divers postes commerciaux et techniques (Allemagne, France, Espagne)<\/li><\/ul><\/div><\/div>      <\/div>\n    <\/div>\n<\/div><\/div>\n\n\n\n","protected":false},"author":13,"featured_media":0,"menu_order":0,"template":"","competences":[681,673],"industry-sectors":[694],"typ-team":[645],"class_list":["post-645515","team","type-team","status-publish","hentry","competences-marketing-et-ventes","competences-restructuration","industry-sectors-construction-de-machines-et-dinstallations","typ-team-directeur"],"allData":{"rank_math_internal_links_processed":["1"],"_zw_post_wordcount":["352"],"_zw_reading_time_seconds":["70"],"_wpml_media_duplicate":["1"],"_wpml_media_featured":["1"],"rank_math_facebook_enable_image_overlay":["off"],"_zw_lastname":["Riess"],"_zw_prename":["Christina"],"_zw_email":["christina.riess@atreus.de"],"_zw_phone":["+49 89 452249-142"],"_zw_linkedin":["https:\/\/www.linkedin.com\/in\/christinariess\/"],"_top_nav_excluded":[""],"_cms_nav_minihome":[""],"_last_translation_edit_mode":["native-editor"],"rank_math_title":["Christina Riess \u2014 Directrice Atreus GmbH"],"rank_math_description":["Christina Riess jouit de plus de 20\u00a0ans d\u2019exp\u00e9rience internationale dans l\u2019industrie\u00a0: la gestion de crise, la transformation et les strat\u00e9gies innovantes sont son \u00e9toile Polaire. \n"],"rank_math_focus_keyword":["christina riess"],"_zw_description":["Directrice"],"_edit_lock":["1738842912:3"],"rank_math_seo_score":["58"],"_edit_last":["3"],"_zw_max_input_files":["0"],"_wpml_word_count":["382"],"rank_math_facebook_image":["https:\/\/www.atreus.de\/wp-content\/uploads\/2025\/02\/riess-christina.png"],"rank_math_facebook_image_id":["743700"],"_zw_portraitImg":["743700"]},"_links":{"self":[{"href":"https:\/\/www.atreus.de\/fr\/wp-json\/wp\/v2\/team\/645515","targetHints":{"allow":["GET"]}}],"collection":[{"href":"https:\/\/www.atreus.de\/fr\/wp-json\/wp\/v2\/team"}],"about":[{"href":"https:\/\/www.atreus.de\/fr\/wp-json\/wp\/v2\/types\/team"}],"author":[{"embeddable":true,"href":"https:\/\/www.atreus.de\/fr\/wp-json\/wp\/v2\/users\/13"}],"version-history":[{"count":0,"href":"https:\/\/www.atreus.de\/fr\/wp-json\/wp\/v2\/team\/645515\/revisions"}],"wp:attachment":[{"href":"https:\/\/www.atreus.de\/fr\/wp-json\/wp\/v2\/media?parent=645515"}],"wp:term":[{"taxonomy":"competences","embeddable":true,"href":"https:\/\/www.atreus.de\/fr\/wp-json\/wp\/v2\/competences?post=645515"},{"taxonomy":"industry-sectors","embeddable":true,"href":"https:\/\/www.atreus.de\/fr\/wp-json\/wp\/v2\/industry-sectors?post=645515"},{"taxonomy":"typ-team","embeddable":true,"href":"https:\/\/www.atreus.de\/fr\/wp-json\/wp\/v2\/typ-team?post=645515"}],"curies":[{"name":"wp","href":"https:\/\/api.w.org\/{rel}","templated":true}]}}

<div  class="zw-cgb is-first-block textblock black-color zw-content-pos-center  default-margin ">
      <div class="row">
        <div class="zw-cgb-content col-12 g-0">
          <p class=" zw-cgb fulltext "><strong><strong><strong><strong><strong><strong><strong>Christina Riess jouit de plus de 20&nbsp;ans d’expérience internationale dans l’industrie&nbsp;: la gestion de crise, la transformation et les stratégies innovantes sont son étoile Polaire.</strong></strong></strong></strong></strong></strong></strong></p><p class=" zw-cgb fulltext ">Diplômée en ingénierie économique, son cœur bat autant pour la vente que pour la technique. Elle trouve toujours des solutions aussi innovantes que rentables&nbsp;: elle met en relation des personnes, des idées (durables) et des opportunités sur le long terme et avec succès.</p><p class=" zw-cgb fulltext ">Au cours de sa carrière exceptionnelle, Christina a occupé des postes de cadre supérieur dans des entreprises de toutes tailles — dans les ventes et le service, l’ingénierie et les opérations, ainsi que la gestion générale. Elle est à l’aise dans le conseil en gestion, l’aérospatiale, l’armement et la défense, ainsi que dans la construction de machines et d’installations.</p><p class=" zw-cgb fulltext ">Elle est également présidente d’une association économique, Handelsblatt Women Economic Network — Chapter Lead München, depuis 2017, et conférencière d’honneur, conseillère, co-auteure et éditrice de plusieurs ouvrages spécialisés.</p><p class=" zw-cgb fulltext ">Christina est une passionnée de la construction de ponts dont le credo est&nbsp;: «&nbsp;Simplement agir — ça pourrait être une solution&nbsp;!&nbsp;»</p>        </div>
      </div>
    </div>




<div style="height:100px" aria-hidden="true" class="wp-block-spacer is-style-zw-default-color-400"></div>


<div  class="zw-cgb row  columnmaster020 default-margin "><div class="columnmaster-inner-content g-0">    <div  class="zw-cgb no-image-layout columnblock black-color no-icon   ">
      <div class="zw-cgb zw-cgb-content">

        <div class="column-content"><div class="inner-content"><h1 class=" zw-cgb headline h4">Principaux secteurs</h1><ul class="zw-cgb-ul fulltext "><li class="">Construction de machines et d’installations</li><li class="">Aéronautique et aérospatiale</li><li class="">Défense et armement</li><li class="">Conseil en entreprise et en stratégie</li></ul></div></div>      </div>
    </div>
    <div  class="zw-cgb no-image-layout columnblock black-color no-icon   ">
      <div class="zw-cgb zw-cgb-content">

        <div class="column-content"><div class="inner-content"><h2 class=" zw-cgb headline h4">Domaines d’expertise</h2><ul class="zw-cgb-ul fulltext "><li class="">Direction générale</li><li class="">Développement de modèles commerciaux &amp; Customer Centricity</li><li class="">Ventes, services, marketing, tarification</li><li class="">Gestion de crise incluant redressement et restructuration</li><li class="">Transformation d’entreprise DD, M&amp;A, PMI, IPO/SPAC</li><li class="">Digitalisation et IA</li><li class="">Technique incluant R&amp;D, production, Ops, développement de produits</li><li class="">PMO</li></ul></div></div>      </div>
    </div>
    <div  class="zw-cgb no-image-layout columnblock black-color no-icon   ">
      <div class="zw-cgb zw-cgb-content">

        <div class="column-content"><div class="inner-content"><h2 class=" zw-cgb headline h4">Évolution professionnelle</h2><ul class="zw-cgb-ul fulltext "><li class="">Présidente de l’association fédérale des managers de la distribution (Bundesverband der Vertriebsmanager e.V.)</li><li class="">Directrice générale d’une société de conseil en gestion</li><li class="">Senior Advisor &amp; Senior Expert chez Roland Berger GmbH</li><li class="">Directrice des ventes &amp; membre de la direction d’une compagnie aérienne</li><li class="">Responsable des unités commerciales chez Airbus Helicopters dans divers postes commerciaux et techniques (Allemagne, France, Espagne)</li></ul></div></div>      </div>
    </div>
</div></div>

Christina Riess jouit de plus de 20 ans d’expérience internationale dans l’industrie : la gestion de crise, la transformation et les stratégies innovantes sont son étoile Polaire.
