{"id":645521,"date":"2024-04-30T14:32:21","date_gmt":"2024-04-30T12:32:21","guid":{"rendered":"https:\/\/www.atreus.de\/?post_type=team&#038;p=645521"},"modified":"2024-08-29T12:40:06","modified_gmt":"2024-08-29T10:40:06","slug":"lothar-pauly","status":"publish","type":"team","link":"https:\/\/www.atreus.de\/fr\/equipe\/lothar-pauly\/","title":{"rendered":"Lothar Pauly"},"content":{"rendered":"\n    <div  class=\"zw-cgb is-first-block textblock black-color zw-content-pos-center  default-margin \">\n      <div class=\"row\">\n        <div class=\"zw-cgb-content col-12 g-0\">\n          <p class=\" zw-cgb fulltext \"><strong>Lothar Pauly&nbsp;: entrepreneur visionnaire et conseiller strat\u00e9gique<\/strong><\/p><p class=\" zw-cgb fulltext \">Lothar Pauly, membre du conseil consultatif d\u2019Atreus GmbH, peut se pr\u00e9valoir d\u2019une carri\u00e8re impressionnante. Entre 1985 et 2005, il a occup\u00e9 chez Siemens des postes de direction exigeants dans le domaine des t\u00e9l\u00e9communications, avec une pr\u00e9dominance dans l\u2019infrastructure mobile. En tant que directeur g\u00e9n\u00e9ral de Siemens COM, il a dirig\u00e9 une division de Siemens avec un chiffre d\u2019affaires de 17 milliards d\u2019euros et 60 employ\u00e9s. De 2005 \u00e0 2007, il a \u00e9t\u00e9 membre du directoire de Deutsche Telekom AG chez T-Systems, o\u00f9 il \u00e9tait responsable des activit\u00e9s B2B, de l\u2019achat de technologies et de l\u2019informatique \u00e0 l\u2019\u00e9chelle du groupe. Depuis 2008, il travaille comme consultant ind\u00e9pendant avec des mandats dans le monde entier dans les domaines de la haute technologie, des logiciels et de l\u2019informatique. Lothar Pauly enrichit le travail du conseil consultatif d\u2019Atreus GmbH de sa grande exp\u00e9rience et est un sparring partner appr\u00e9ci\u00e9 du conseil de direction d\u2019Atreus.<\/p>        <\/div>\n      <\/div>\n    <\/div>\n\n","protected":false},"author":3,"featured_media":0,"menu_order":0,"template":"","competences":[],"industry-sectors":[],"typ-team":[661,660],"class_list":["post-645521","team","type-team","status-publish","hentry","typ-team-comite-consultatif","typ-team-president-du-conseil-consultatif"],"allData":{"rank_math_internal_links_processed":["1"],"_zw_post_wordcount":["174"],"_zw_reading_time_seconds":["35"],"_wpml_media_duplicate":["1"],"_wpml_media_featured":["1"],"rank_math_facebook_enable_image_overlay":["off"],"_zw_lastname":["Pauly"],"_zw_prename":["Lothar"],"_zw_email":["Lothar.Pauly@ext.atreus.de"],"rank_math_facebook_image":["https:\/\/www.atreus.de\/wp-content\/uploads\/2024\/04\/pau-lo-1.png"],"rank_math_facebook_image_id":["569814"],"_zw_quadratImg":["569814"],"_top_nav_excluded":[""],"_cms_nav_minihome":[""],"_last_translation_edit_mode":["native-editor"],"rank_math_title":["Lothar Pauly, conseiller Atreus GmbH"],"rank_math_description":["Lothar Pauly enrichit le conseil consultatif d\u2019Atreus GmbH de sa grande exp\u00e9rience et est un sparring partner appr\u00e9ci\u00e9 du conseil de direction."],"rank_math_focus_keyword":["Lothar Pauly"],"_zw_description":["Conseil consultatif"],"_edit_lock":["1724928007:3"],"_edit_last":["3"],"_zw_max_input_files":["0"],"rank_math_seo_score":["60"],"_wpml_word_count":["182"]},"_links":{"self":[{"href":"https:\/\/www.atreus.de\/fr\/wp-json\/wp\/v2\/team\/645521","targetHints":{"allow":["GET"]}}],"collection":[{"href":"https:\/\/www.atreus.de\/fr\/wp-json\/wp\/v2\/team"}],"about":[{"href":"https:\/\/www.atreus.de\/fr\/wp-json\/wp\/v2\/types\/team"}],"author":[{"embeddable":true,"href":"https:\/\/www.atreus.de\/fr\/wp-json\/wp\/v2\/users\/3"}],"version-history":[{"count":0,"href":"https:\/\/www.atreus.de\/fr\/wp-json\/wp\/v2\/team\/645521\/revisions"}],"wp:attachment":[{"href":"https:\/\/www.atreus.de\/fr\/wp-json\/wp\/v2\/media?parent=645521"}],"wp:term":[{"taxonomy":"competences","embeddable":true,"href":"https:\/\/www.atreus.de\/fr\/wp-json\/wp\/v2\/competences?post=645521"},{"taxonomy":"industry-sectors","embeddable":true,"href":"https:\/\/www.atreus.de\/fr\/wp-json\/wp\/v2\/industry-sectors?post=645521"},{"taxonomy":"typ-team","embeddable":true,"href":"https:\/\/www.atreus.de\/fr\/wp-json\/wp\/v2\/typ-team?post=645521"}],"curies":[{"name":"wp","href":"https:\/\/api.w.org\/{rel}","templated":true}]}}

<div  class="zw-cgb is-first-block textblock black-color zw-content-pos-center  default-margin ">
      <div class="row">
        <div class="zw-cgb-content col-12 g-0">
          <p class=" zw-cgb fulltext "><strong>Lothar Pauly&nbsp;: entrepreneur visionnaire et conseiller stratégique</strong></p><p class=" zw-cgb fulltext ">Lothar Pauly, membre du conseil consultatif d’Atreus GmbH, peut se prévaloir d’une carrière impressionnante. Entre 1985 et 2005, il a occupé chez Siemens des postes de direction exigeants dans le domaine des télécommunications, avec une prédominance dans l’infrastructure mobile. En tant que directeur général de Siemens COM, il a dirigé une division de Siemens avec un chiffre d’affaires de 17 milliards d’euros et 60 employés. De 2005 à 2007, il a été membre du directoire de Deutsche Telekom AG chez T-Systems, où il était responsable des activités B2B, de l’achat de technologies et de l’informatique à l’échelle du groupe. Depuis 2008, il travaille comme consultant indépendant avec des mandats dans le monde entier dans les domaines de la haute technologie, des logiciels et de l’informatique. Lothar Pauly enrichit le travail du conseil consultatif d’Atreus GmbH de sa grande expérience et est un sparring partner apprécié du conseil de direction d’Atreus.</p>        </div>
      </div>
    </div>

Lothar Pauly enrichit le conseil consultatif d’Atreus GmbH de sa grande expérience et est un sparring partner apprécié du conseil de direction.
