{"id":645528,"date":"2024-07-29T13:34:43","date_gmt":"2024-07-29T11:34:43","guid":{"rendered":"https:\/\/www.atreus.de\/?post_type=team&#038;p=645528"},"modified":"2026-02-27T13:27:47","modified_gmt":"2026-02-27T12:27:47","slug":"marc-herwick","status":"publish","type":"team","link":"https:\/\/www.atreus.de\/fr\/equipe\/marc-herwick\/","title":{"rendered":"Marc Herwick"},"content":{"rendered":"\n    <div  class=\"zw-cgb is-first-block textblock black-color zw-content-pos-center  default-margin \">\n      <div class=\"row\">\n        <div class=\"zw-cgb-content col-12 g-0\">\n          <p class=\" zw-cgb fulltext \"><strong>Vice-pr\u00e9sident Finance<\/strong><\/p><p class=\" zw-cgb fulltext \">Marc Herwick est vice-pr\u00e9sident Finance et membre du comit\u00e9 de direction d\u2019Atreus.<\/p><p class=\" zw-cgb fulltext \">Marc apporte \u00e0 l\u2019entreprise une vaste exp\u00e9rience qui comprend un grand nombre de fonctions cl\u00e9s dans le domaine financier et en tant que directeur g\u00e9n\u00e9ral dans des fonctions globales, r\u00e9gionales et locales aux \u00c9tats-Unis et en Europe. Il dispose ainsi de connaissances approfondies acquises au sein de groupes internationaux ainsi que d\u2019entreprises de taille moyenne dans l\u2019environnement de la bourse et du capital-investissement.<\/p><p class=\" zw-cgb fulltext \">En tant que manager de transition, il s\u2019est sp\u00e9cialis\u00e9 dans les acquisitions, les restructurations, la gestion du changement et du redressement ainsi que la gestion des performances. Il affiche \u00e9galement une expertise particuli\u00e8re en mati\u00e8re d\u2019\u00e9valuation d\u2019entreprises, de fusions et d\u2019acquisitions ainsi que de gestion globale de la tr\u00e9sorerie, en mettant l\u2019accent sur l\u2019int\u00e9gration et la conformit\u00e9.<\/p><p class=\" zw-cgb fulltext \">Marc a acquis son exp\u00e9rience de plus de 20&nbsp;ans, notamment en dirigeant pendant de nombreuses ann\u00e9es des \u00e9quipes dans des environnements matriciels au sein d\u2019entreprises multiculturelles. Il est \u00e9galement privat-docent pour les cours de MBA et se concentre sur le d\u00e9veloppement des \u00e9tudiants, des collaborateurs et sur le coaching des fonctions de C-Level. Il est \u00e9galement membre du comit\u00e9 de direction de l\u2019Universit\u00e9 de B\u00e2le.<\/p>        <\/div>\n      <\/div>\n    <\/div>\n\n\n\n\n<div style=\"height:64px\" aria-hidden=\"true\" class=\"wp-block-spacer is-style-zw-default-color-400\"><\/div>\n\n\n<div  class=\"zw-cgb row  columnmaster020 default-margin \"><div class=\"columnmaster-inner-content g-0\">    <div  class=\"zw-cgb no-image-layout columnblock black-color no-icon   \">\n      <div class=\"zw-cgb zw-cgb-content\">\n\n        <div class=\"column-content\"><div class=\"inner-content\"><h1 class=\" zw-cgb headline h4\">PRINCIPAUX SECTEURS<\/h1><ul class=\"zw-cgb-ul fulltext \"><li class=\"\">Pharmaceutique<\/li><li class=\"\">Med-Tech<\/li><li class=\"\">Biotech<\/li><li class=\"\">Construction\/Mat\u00e9riaux de construction<\/li><li class=\"\">FMCG<\/li><li class=\"\">\u00c9lectronique<\/li><\/ul><\/div><\/div>      <\/div>\n    <\/div>\n    <div  class=\"zw-cgb no-image-layout columnblock black-color no-icon   \">\n      <div class=\"zw-cgb zw-cgb-content\">\n\n        <div class=\"column-content\"><div class=\"inner-content\"><h2 class=\" zw-cgb headline h4\">DOMAINES D\u2019EXPERTISE<\/h2><ul class=\"zw-cgb-ul fulltext \"><li class=\"\">Directeur g\u00e9n\u00e9ral<\/li><li class=\"\">Directeur financier<\/li><li class=\"\">RH, juridique, informatique<\/li><\/ul><\/div><\/div>      <\/div>\n    <\/div>\n    <div  class=\"zw-cgb no-image-layout columnblock black-color no-icon   \">\n      <div class=\"zw-cgb zw-cgb-content\">\n\n        <div class=\"column-content\"><div class=\"inner-content\"><h2 class=\" zw-cgb headline h4\">\u00c9VOLUTION PROFESSIONNELLE<\/h2><p class=\" zw-cgb fulltext \"><\/p><ul class=\"zw-cgb-ul fulltext \"><li class=\"\">Professeur agr\u00e9g\u00e9 \u2014 Munich Business School<\/li><li class=\"\">Manager de transition\/directeur g\u00e9n\u00e9ral\/directeur financier de diff\u00e9rentes industries \u2014 2HConcept<\/li><li class=\"\">Directeur financier r\u00e9gional et membre de l\u2019\u00e9quipe de direction ex\u00e9cutive \u2014 JELD-WEN Central Europe<\/li><li class=\"\">Directeur du contr\u00f4le commercial mondial \u2014 Aenova Holding<\/li><li class=\"\">Contr\u00f4leur commercial senior (BPA) r\u00e9gional&nbsp;; Op\u00e9rations r\u00e9gionales Finances \u2014 Novartis Pharma<\/li><li class=\"\">Manager financier \u2014 Mars\/Masterfoods<\/li><li class=\"\">Formation \u2014 Schneider Electric SA<\/li><\/ul><\/div><\/div>      <\/div>\n    <\/div>\n<\/div><\/div>","protected":false},"author":18,"featured_media":0,"menu_order":0,"template":"","competences":[],"industry-sectors":[],"typ-team":[665],"class_list":["post-645528","team","type-team","status-publish","hentry","typ-team-conseil-executif"],"allData":{"rank_math_internal_links_processed":["1"],"_zw_post_wordcount":["313"],"_zw_reading_time_seconds":["63"],"_wpml_media_duplicate":["1"],"_wpml_media_featured":["1"],"_zw_lastname":["Herwick"],"_zw_prename":["Marc"],"_zw_email":["Marc.Herwick@Atreus.de"],"_zw_phone":["+49 89 452249 235"],"_zw_linkedin":["https:\/\/www.linkedin.com\/in\/marcherwick\/"],"rank_math_facebook_image":["https:\/\/www.atreus.de\/wp-content\/uploads\/2024\/07\/her-ma-2.png"],"rank_math_facebook_image_id":["615678"],"_zw_portraitImg":["615678"],"_top_nav_excluded":[""],"_cms_nav_minihome":[""],"_last_translation_edit_mode":["native-editor"],"rank_math_title":["Marc Herwick \u2014 Vice-pr\u00e9sident Finance, Atreus GmbH"],"rank_math_description":["Marc Herwick est membre de la direction d\u2019Atreus en tant que vice-pr\u00e9sident Finance."],"rank_math_focus_keyword":["Marc Herwick"],"_zw_description":["Vice-pr\u00e9sident Finance"],"_edit_lock":["1772195279:3"],"_edit_last":["3"],"_zw_max_input_files":["0"],"rank_math_seo_score":["58"],"_wpml_word_count":["364"]},"_links":{"self":[{"href":"https:\/\/www.atreus.de\/fr\/wp-json\/wp\/v2\/team\/645528","targetHints":{"allow":["GET"]}}],"collection":[{"href":"https:\/\/www.atreus.de\/fr\/wp-json\/wp\/v2\/team"}],"about":[{"href":"https:\/\/www.atreus.de\/fr\/wp-json\/wp\/v2\/types\/team"}],"author":[{"embeddable":true,"href":"https:\/\/www.atreus.de\/fr\/wp-json\/wp\/v2\/users\/18"}],"version-history":[{"count":0,"href":"https:\/\/www.atreus.de\/fr\/wp-json\/wp\/v2\/team\/645528\/revisions"}],"wp:attachment":[{"href":"https:\/\/www.atreus.de\/fr\/wp-json\/wp\/v2\/media?parent=645528"}],"wp:term":[{"taxonomy":"competences","embeddable":true,"href":"https:\/\/www.atreus.de\/fr\/wp-json\/wp\/v2\/competences?post=645528"},{"taxonomy":"industry-sectors","embeddable":true,"href":"https:\/\/www.atreus.de\/fr\/wp-json\/wp\/v2\/industry-sectors?post=645528"},{"taxonomy":"typ-team","embeddable":true,"href":"https:\/\/www.atreus.de\/fr\/wp-json\/wp\/v2\/typ-team?post=645528"}],"curies":[{"name":"wp","href":"https:\/\/api.w.org\/{rel}","templated":true}]}}

<div  class="zw-cgb is-first-block textblock black-color zw-content-pos-center  default-margin ">
      <div class="row">
        <div class="zw-cgb-content col-12 g-0">
          <p class=" zw-cgb fulltext "><strong>Vice-président Finance</strong></p><p class=" zw-cgb fulltext ">Marc Herwick est vice-président Finance et membre du comité de direction d’Atreus.</p><p class=" zw-cgb fulltext ">Marc apporte à l’entreprise une vaste expérience qui comprend un grand nombre de fonctions clés dans le domaine financier et en tant que directeur général dans des fonctions globales, régionales et locales aux États-Unis et en Europe. Il dispose ainsi de connaissances approfondies acquises au sein de groupes internationaux ainsi que d’entreprises de taille moyenne dans l’environnement de la bourse et du capital-investissement.</p><p class=" zw-cgb fulltext ">En tant que manager de transition, il s’est spécialisé dans les acquisitions, les restructurations, la gestion du changement et du redressement ainsi que la gestion des performances. Il affiche également une expertise particulière en matière d’évaluation d’entreprises, de fusions et d’acquisitions ainsi que de gestion globale de la trésorerie, en mettant l’accent sur l’intégration et la conformité.</p><p class=" zw-cgb fulltext ">Marc a acquis son expérience de plus de 20&nbsp;ans, notamment en dirigeant pendant de nombreuses années des équipes dans des environnements matriciels au sein d’entreprises multiculturelles. Il est également privat-docent pour les cours de MBA et se concentre sur le développement des étudiants, des collaborateurs et sur le coaching des fonctions de C-Level. Il est également membre du comité de direction de l’Université de Bâle.</p>        </div>
      </div>
    </div>




<div style="height:64px" aria-hidden="true" class="wp-block-spacer is-style-zw-default-color-400"></div>


<div  class="zw-cgb row  columnmaster020 default-margin "><div class="columnmaster-inner-content g-0">    <div  class="zw-cgb no-image-layout columnblock black-color no-icon   ">
      <div class="zw-cgb zw-cgb-content">

        <div class="column-content"><div class="inner-content"><h1 class=" zw-cgb headline h4">PRINCIPAUX SECTEURS</h1><ul class="zw-cgb-ul fulltext "><li class="">Pharmaceutique</li><li class="">Med-Tech</li><li class="">Biotech</li><li class="">Construction/Matériaux de construction</li><li class="">FMCG</li><li class="">Électronique</li></ul></div></div>      </div>
    </div>
    <div  class="zw-cgb no-image-layout columnblock black-color no-icon   ">
      <div class="zw-cgb zw-cgb-content">

        <div class="column-content"><div class="inner-content"><h2 class=" zw-cgb headline h4">DOMAINES D’EXPERTISE</h2><ul class="zw-cgb-ul fulltext "><li class="">Directeur général</li><li class="">Directeur financier</li><li class="">RH, juridique, informatique</li></ul></div></div>      </div>
    </div>
    <div  class="zw-cgb no-image-layout columnblock black-color no-icon   ">
      <div class="zw-cgb zw-cgb-content">

        <div class="column-content"><div class="inner-content"><h2 class=" zw-cgb headline h4">ÉVOLUTION PROFESSIONNELLE</h2><p class=" zw-cgb fulltext "></p><ul class="zw-cgb-ul fulltext "><li class="">Professeur agrégé — Munich Business School</li><li class="">Manager de transition/directeur général/directeur financier de différentes industries — 2HConcept</li><li class="">Directeur financier régional et membre de l’équipe de direction exécutive — JELD-WEN Central Europe</li><li class="">Directeur du contrôle commercial mondial — Aenova Holding</li><li class="">Contrôleur commercial senior (BPA) régional&nbsp;; Opérations régionales Finances — Novartis Pharma</li><li class="">Manager financier — Mars/Masterfoods</li><li class="">Formation — Schneider Electric SA</li></ul></div></div>      </div>
    </div>
</div></div>

Marc Herwick — Vice-président Finance, Atreus GmbH

Marc Herwick est membre de la direction d’Atreus en tant que vice-président Finance.

Vice-président Finance
