{"id":645534,"date":"2024-07-30T10:57:24","date_gmt":"2024-07-30T08:57:24","guid":{"rendered":"https:\/\/www.atreus.de\/?post_type=team&#038;p=645534"},"modified":"2025-11-24T13:10:22","modified_gmt":"2025-11-24T12:10:22","slug":"petra-becker-2","status":"publish","type":"team","link":"https:\/\/www.atreus.de\/fr\/equipe\/petra-becker-2\/","title":{"rendered":"Petra Becker"},"content":{"rendered":"\n    <div  class=\"zw-cgb is-first-block textblock black-color zw-content-pos-center  default-margin \">\n      <div class=\"row\">\n        <div class=\"zw-cgb-content col-12 g-0\">\n          <p class=\" zw-cgb fulltext \"><strong><strong><strong><strong><strong><strong>Petra Becker est directrice dans les domaines de l\u2019automobile et de la mobilit\u00e9 et apporte une connaissance approfondie et \u00e9tendue de la gestion de la cha\u00eene d\u2019approvisionnement. Elle jouit d\u2019une exp\u00e9rience internationale dans les projets financiers et informatiques et dans la conduite r\u00e9ussie de programmes de transformation.<\/strong><\/strong><\/strong><\/strong><\/strong><\/strong><\/p><p class=\" zw-cgb fulltext \">Petra apporte plus de trente ans d\u2019exp\u00e9rience dans les industries les plus diverses, elle a travaill\u00e9 pour plusieurs entreprises DAX en Allemagne et \u00e0 l\u2019\u00e9tranger. Elle a \u00e9t\u00e9 responsable de plusieurs projets de transformation, tels que la mise en \u0153uvre de syst\u00e8mes ERP, l\u2019introduction de nouvelles normes comptables et la r\u00e9alisation de transactions de fusion et d\u2019acquisition.<\/p><p class=\" zw-cgb fulltext \"><br>Au cours de sa carri\u00e8re en tant que vice-pr\u00e9sidente de la cha\u00eene d\u2019approvisionnement chez un fournisseur automobile de premier plan, Continental AG, elle a assum\u00e9 durant cinq ann\u00e9es la responsabilit\u00e9 mondiale de la gestion des fournisseurs avec une \u00e9quipe agissant \u00e0 l\u2019\u00e9chelle mondiale. Avant de rejoindre Atreus, elle \u00e9tait responsable de la transformation chez un fabricant d\u2019\u00e9lectronique, KATEK SE.<\/p>        <\/div>\n      <\/div>\n    <\/div>\n\n\n\n\n<div style=\"height:100px\" aria-hidden=\"true\" class=\"wp-block-spacer is-style-zw-default-color-400\"><\/div>\n\n\n<div  class=\"zw-cgb row  columnmaster020 default-margin \"><div class=\"columnmaster-inner-content g-0\">    <div  class=\"zw-cgb no-image-layout columnblock black-color no-icon   \">\n      <div class=\"zw-cgb zw-cgb-content\">\n\n        <div class=\"column-content\"><div class=\"inner-content\"><h1 class=\" zw-cgb headline h4\">Principaux secteurs<\/h1><ul class=\"zw-cgb-ul fulltext \"><li class=\"\">Automobile<\/li><li class=\"\">Industries connexes<\/li><li class=\"\">Services de fabrication \u00e9lectronique<\/li><li class=\"\">Mobilit\u00e9<\/li><\/ul><\/div><\/div>      <\/div>\n    <\/div>\n    <div  class=\"zw-cgb no-image-layout columnblock black-color no-icon   \">\n      <div class=\"zw-cgb zw-cgb-content\">\n\n        <div class=\"column-content\"><div class=\"inner-content\"><h2 class=\" zw-cgb headline h4\">Domaines d\u2019expertise<\/h2><ul class=\"zw-cgb-ul fulltext \"><li class=\"\">Gestion de la cha\u00eene d\u2019approvisionnement, ESG<\/li><li class=\"\">Introduction et mise en \u0153uvre de S&amp;OP<\/li><li class=\"\">Gestion des risques fournisseurs<\/li><li class=\"\">Gestion des goulots d\u2019\u00e9tranglement des fournisseurs<\/li><li class=\"\">Introduction de syst\u00e8mes ERP et de logiciels de planification<\/li><li class=\"\">Finances et informatique<\/li><li class=\"\">Gestion du changement<\/li><li class=\"\">Carve out et programmes d\u2019acquisition<\/li><\/ul><\/div><\/div>      <\/div>\n    <\/div>\n    <div  class=\"zw-cgb no-image-layout columnblock black-color no-icon   \">\n      <div class=\"zw-cgb zw-cgb-content\">\n\n        <div class=\"column-content\"><div class=\"inner-content\"><h2 class=\" zw-cgb headline h4\">\u00c9volution professionnelle<\/h2><ul class=\"zw-cgb-ul fulltext \"><li class=\"\">Responsable de la transformation, KATEK SE<\/li><li class=\"\">Vice-pr\u00e9sidente de la gestion de la cha\u00eene d\u2019approvisionnement, Continental AG<\/li><li class=\"\">Directrice financi\u00e8re de l\u2019unit\u00e9 \u00ab&nbsp;Connectivit\u00e9&nbsp;\u00bb, VDO<\/li><li class=\"\">Directrice du d\u00e9veloppement des entreprises et des fusions et acquisitions pour le secteur de la mobilit\u00e9, Siemens AG<\/li><li class=\"\">Responsable du centre de comp\u00e9tences SAP pour les Am\u00e9riques, Siemens AG<\/li><\/ul><\/div><\/div>      <\/div>\n    <\/div>\n<\/div><\/div>\n\n\n\n","protected":false},"author":13,"featured_media":0,"menu_order":0,"template":"","competences":[679,677,633],"industry-sectors":[693],"typ-team":[645],"class_list":["post-645534","team","type-team","status-publish","hentry","competences-finance-fr","competences-missions-internationales","competences-operations-fr","industry-sectors-automobile","typ-team-directeur"],"allData":{"rank_math_internal_links_processed":["1"],"_zw_post_wordcount":["300"],"_zw_reading_time_seconds":["60"],"_wpml_media_duplicate":["1"],"_wpml_media_featured":["1"],"rank_math_facebook_enable_image_overlay":["off"],"_zw_lastname":["Becker"],"_zw_prename":["Petra"],"_zw_email":["petra.becker@atreus.de"],"_zw_phone":["+49 89 452249-341"],"_zw_linkedin":["https:\/\/www.linkedin.com\/in\/petra-becker\/"],"rank_math_facebook_image":["https:\/\/www.atreus.de\/wp-content\/uploads\/2024\/07\/bec-pe.png"],"rank_math_facebook_image_id":["625475"],"_zw_portraitImg":["625475"],"_top_nav_excluded":[""],"_cms_nav_minihome":[""],"_last_translation_edit_mode":["native-editor"],"rank_math_title":["Petra Becker \u2014 Directrice Atreus GmbH"],"rank_math_description":["Petra Becker se concentre sur les secteurs de l\u2019automobile et de la mobilit\u00e9 et apporte une connaissance approfondie et \u00e9tendue de la gestion de la cha\u00eene d\u2019approvisionnement."],"rank_math_focus_keyword":["petra becker"],"_zw_description":["Directrice"],"_edit_lock":["1763986273:20"],"_edit_last":["20"],"_zw_max_input_files":["0"],"rank_math_seo_score":["58"],"_wpml_word_count":["339"]},"_links":{"self":[{"href":"https:\/\/www.atreus.de\/fr\/wp-json\/wp\/v2\/team\/645534","targetHints":{"allow":["GET"]}}],"collection":[{"href":"https:\/\/www.atreus.de\/fr\/wp-json\/wp\/v2\/team"}],"about":[{"href":"https:\/\/www.atreus.de\/fr\/wp-json\/wp\/v2\/types\/team"}],"author":[{"embeddable":true,"href":"https:\/\/www.atreus.de\/fr\/wp-json\/wp\/v2\/users\/13"}],"version-history":[{"count":0,"href":"https:\/\/www.atreus.de\/fr\/wp-json\/wp\/v2\/team\/645534\/revisions"}],"wp:attachment":[{"href":"https:\/\/www.atreus.de\/fr\/wp-json\/wp\/v2\/media?parent=645534"}],"wp:term":[{"taxonomy":"competences","embeddable":true,"href":"https:\/\/www.atreus.de\/fr\/wp-json\/wp\/v2\/competences?post=645534"},{"taxonomy":"industry-sectors","embeddable":true,"href":"https:\/\/www.atreus.de\/fr\/wp-json\/wp\/v2\/industry-sectors?post=645534"},{"taxonomy":"typ-team","embeddable":true,"href":"https:\/\/www.atreus.de\/fr\/wp-json\/wp\/v2\/typ-team?post=645534"}],"curies":[{"name":"wp","href":"https:\/\/api.w.org\/{rel}","templated":true}]}}

<div  class="zw-cgb is-first-block textblock black-color zw-content-pos-center  default-margin ">
      <div class="row">
        <div class="zw-cgb-content col-12 g-0">
          <p class=" zw-cgb fulltext "><strong><strong><strong><strong><strong><strong>Petra Becker est directrice dans les domaines de l’automobile et de la mobilité et apporte une connaissance approfondie et étendue de la gestion de la chaîne d’approvisionnement. Elle jouit d’une expérience internationale dans les projets financiers et informatiques et dans la conduite réussie de programmes de transformation.</strong></strong></strong></strong></strong></strong></p><p class=" zw-cgb fulltext ">Petra apporte plus de trente ans d’expérience dans les industries les plus diverses, elle a travaillé pour plusieurs entreprises DAX en Allemagne et à l’étranger. Elle a été responsable de plusieurs projets de transformation, tels que la mise en œuvre de systèmes ERP, l’introduction de nouvelles normes comptables et la réalisation de transactions de fusion et d’acquisition.</p><p class=" zw-cgb fulltext "><br>Au cours de sa carrière en tant que vice-présidente de la chaîne d’approvisionnement chez un fournisseur automobile de premier plan, Continental AG, elle a assumé durant cinq années la responsabilité mondiale de la gestion des fournisseurs avec une équipe agissant à l’échelle mondiale. Avant de rejoindre Atreus, elle était responsable de la transformation chez un fabricant d’électronique, KATEK SE.</p>        </div>
      </div>
    </div>




<div style="height:100px" aria-hidden="true" class="wp-block-spacer is-style-zw-default-color-400"></div>


<div  class="zw-cgb row  columnmaster020 default-margin "><div class="columnmaster-inner-content g-0">    <div  class="zw-cgb no-image-layout columnblock black-color no-icon   ">
      <div class="zw-cgb zw-cgb-content">

        <div class="column-content"><div class="inner-content"><h1 class=" zw-cgb headline h4">Principaux secteurs</h1><ul class="zw-cgb-ul fulltext "><li class="">Automobile</li><li class="">Industries connexes</li><li class="">Services de fabrication électronique</li><li class="">Mobilité</li></ul></div></div>      </div>
    </div>
    <div  class="zw-cgb no-image-layout columnblock black-color no-icon   ">
      <div class="zw-cgb zw-cgb-content">

        <div class="column-content"><div class="inner-content"><h2 class=" zw-cgb headline h4">Domaines d’expertise</h2><ul class="zw-cgb-ul fulltext "><li class="">Gestion de la chaîne d’approvisionnement, ESG</li><li class="">Introduction et mise en œuvre de S&amp;OP</li><li class="">Gestion des risques fournisseurs</li><li class="">Gestion des goulots d’étranglement des fournisseurs</li><li class="">Introduction de systèmes ERP et de logiciels de planification</li><li class="">Finances et informatique</li><li class="">Gestion du changement</li><li class="">Carve out et programmes d’acquisition</li></ul></div></div>      </div>
    </div>
    <div  class="zw-cgb no-image-layout columnblock black-color no-icon   ">
      <div class="zw-cgb zw-cgb-content">

        <div class="column-content"><div class="inner-content"><h2 class=" zw-cgb headline h4">Évolution professionnelle</h2><ul class="zw-cgb-ul fulltext "><li class="">Responsable de la transformation, KATEK SE</li><li class="">Vice-présidente de la gestion de la chaîne d’approvisionnement, Continental AG</li><li class="">Directrice financière de l’unité «&nbsp;Connectivité&nbsp;», VDO</li><li class="">Directrice du développement des entreprises et des fusions et acquisitions pour le secteur de la mobilité, Siemens AG</li><li class="">Responsable du centre de compétences SAP pour les Amériques, Siemens AG</li></ul></div></div>      </div>
    </div>
</div></div>

Petra Becker se concentre sur les secteurs de l’automobile et de la mobilité et apporte une connaissance approfondie et étendue de la gestion de la chaîne d’approvisionnement.
