{"id":802413,"date":"2025-05-19T10:59:33","date_gmt":"2025-05-19T08:59:33","guid":{"rendered":"https:\/\/www.atreus.de\/?post_type=team&#038;p=802413"},"modified":"2026-04-27T11:25:02","modified_gmt":"2026-04-27T09:25:02","slug":"markus-zahn","status":"publish","type":"team","link":"https:\/\/www.atreus.de\/fr\/equipe\/markus-zahn\/","title":{"rendered":"Markus zahn"},"content":{"rendered":"\n    <div  class=\"zw-cgb is-first-block textblock black-color zw-content-pos-center  default-margin \">\n      <div class=\"row\">\n        <div class=\"zw-cgb-content col-12 g-0\">\n          <p class=\" zw-cgb fulltext \"><strong>Markus Zahn est un expert reconnu en mati\u00e8re de transformation num\u00e9rique, de nouvelles solutions de mobilit\u00e9 et de mod\u00e8les d\u2019entreprise centr\u00e9s sur le client.<\/strong><\/p><p class=\" zw-cgb fulltext \">Fort de 15 ans d\u2019exp\u00e9rience en mati\u00e8re d\u2019interface entre la strat\u00e9gie, la technologie et la mise en \u0153uvre op\u00e9rationnelle, il soutient les entreprises, en particulier dans les secteurs de l\u2019automobile et de la mobilit\u00e9 et les industries connexes dans le d\u00e9veloppement de solutions d\u2019avenir. Il se concentre sur la conception et la gestion de programmes de transformation complexes, le d\u00e9veloppement d\u2019organisations informatiques \u00e9volutives et l\u2019introduction de nouveaux mod\u00e8les commerciaux \u2014 de l\u2019e-mobilit\u00e9 aux mod\u00e8les d\u2019abonnement et aux services connect\u00e9s.<\/p><p class=\" zw-cgb fulltext \">En qualit\u00e9 de cadre dot\u00e9 d\u2019une grande exp\u00e9rience dans les projets internationaux, il a \u00e9t\u00e9 responsable des strat\u00e9gies num\u00e9riques et des mod\u00e8les G2M chez des \u00e9quipementiers mondiaux, d\u00e9velopp\u00e9 des normes CX pour l\u2019ensemble du march\u00e9 et mis en place des structures organisationnelles agiles. Avant de rejoindre Atreus, il a occup\u00e9 des postes \u00e0 la direction de Publicis Sapient, Deloitte Monitor et Horv\u00e1th \u2014 avec de grandes responsabilit\u00e9s en mati\u00e8re de livraison, de d\u00e9veloppement commercial et de direction d\u2019\u00e9quipe dans des structures interfonctionnelles et transnationales.<\/p>        <\/div>\n      <\/div>\n    <\/div>\n\n\n\n\n<div style=\"height:100px\" aria-hidden=\"true\" class=\"wp-block-spacer is-style-zw-default-color-400\"><\/div>\n\n\n<div  class=\"zw-cgb row  columnmaster020 default-margin \"><div class=\"columnmaster-inner-content g-0\">    <div  class=\"zw-cgb no-image-layout columnblock black-color no-icon   \">\n      <div class=\"zw-cgb zw-cgb-content\">\n\n        <div class=\"column-content\"><div class=\"inner-content\"><h1 class=\" zw-cgb headline h4\">Principaux secteurs<\/h1><ul class=\"zw-cgb-ul fulltext \"><li class=\"\">Automobile (OEM, fournisseur)<\/li><li class=\"\">Mobilit\u00e9 &amp; Infrastructure  <\/li><li class=\"\">Informatique &amp; Digitalisation<\/li><li class=\"\">Vente au d\u00e9tail<\/li><li class=\"\">Transport &amp; Logistique<\/li><\/ul><\/div><\/div>      <\/div>\n    <\/div>\n    <div  class=\"zw-cgb no-image-layout columnblock black-color no-icon   \">\n      <div class=\"zw-cgb zw-cgb-content\">\n\n        <div class=\"column-content\"><div class=\"inner-content\"><h2 class=\" zw-cgb headline h4\">Domaines d\u2019expertise<\/h2><ul class=\"zw-cgb-ul fulltext \"><li class=\"\">Transformation num\u00e9rique des entreprises &amp; nouveaux processus d\u2019entreprise<\/li><li class=\"\">Strat\u00e9gie et organisation informatiques  <\/li><li class=\"\">Mod\u00e8le op\u00e9rationnel cible &amp; nouveaux mod\u00e8les d\u2019entreprise<\/li><li class=\"\">Strat\u00e9gies d\u2019entr\u00e9e sur le march\u00e9<\/li><li class=\"\">Nouvelles technologies (e-mobilit\u00e9, mobilit\u00e9 connect\u00e9e, IA) et \u00e9volutions disruptives du march\u00e9<\/li><li class=\"\">Exp\u00e9rience client &amp; Parcours client  <\/li><li class=\"\">Missions internationales<\/li><li class=\"\">Contr\u00f4le interfonctionnel\/national<\/li><li class=\"\">Bureau de gestion de programme\/projet (+ m\u00e9thodes agiles)<\/li><\/ul><\/div><\/div>      <\/div>\n    <\/div>\n    <div  class=\"zw-cgb no-image-layout columnblock black-color no-icon   \">\n      <div class=\"zw-cgb zw-cgb-content\">\n\n        <div class=\"column-content\"><div class=\"inner-content\"><h2 class=\" zw-cgb headline h4\">\u00c9volution professionelle<\/h2><ul class=\"zw-cgb-ul fulltext \"><li class=\"\">Vice-pr\u00e9sident Transport &amp; Mobility, directeur g\u00e9n\u00e9ral associ\u00e9, Publicis Sapient<\/li><li class=\"\">Directeur principal\/directeur de l\u2019industrie automobile, Horv\u00e1th &amp; Partner<\/li><li class=\"\">Practice Lead Customer Strategy, Monitor Deloitte<\/li><li class=\"\">Directeur &amp; signataire autoris\u00e9, PwC, membre du Conseil de l\u2019innovation num\u00e9rique<\/li><\/ul><\/div><\/div>      <\/div>\n    <\/div>\n<\/div><\/div>\n\n\n\n","protected":false},"author":3,"featured_media":0,"menu_order":0,"template":"","competences":[678,674,680],"industry-sectors":[705],"typ-team":[645],"class_list":["post-802413","team","type-team","status-publish","hentry","competences-gestion-de-projets-et-de-programmes","competences-it-fr","competences-numerisation","industry-sectors-transport-logistique-et-trafic","typ-team-directeur"],"allData":{"rank_math_internal_links_processed":["1"],"_zw_post_wordcount":["343"],"_zw_reading_time_seconds":["69"],"_wpml_media_duplicate":["1"],"_wpml_media_featured":["1"],"_zw_lastname":["Zahn"],"_zw_prename":["Markus"],"_zw_email":["markus.zahn@atreus.de"],"_zw_phone":["+49 89 452249-143"],"_zw_linkedin":["https:\/\/www.linkedin.com\/in\/markus-zahn\/"],"rank_math_facebook_image":["https:\/\/www.atreus.de\/wp-content\/uploads\/2025\/05\/zahn-markus.png"],"rank_math_facebook_image_id":["800734"],"_zw_portraitImg":["800734"],"_top_nav_excluded":[""],"_cms_nav_minihome":[""],"rank_math_title":["Markus Zahn, Directeur Atreus GmbH"],"rank_math_focus_keyword":["markus zahn"],"_zw_description":["Directeur"],"_last_translation_edit_mode":["native-editor"],"_edit_lock":["1777281907:3"],"rank_math_seo_score":["58"],"_edit_last":["3"],"_zw_max_input_files":["-1"],"_wpml_word_count":["397"]},"_links":{"self":[{"href":"https:\/\/www.atreus.de\/fr\/wp-json\/wp\/v2\/team\/802413","targetHints":{"allow":["GET"]}}],"collection":[{"href":"https:\/\/www.atreus.de\/fr\/wp-json\/wp\/v2\/team"}],"about":[{"href":"https:\/\/www.atreus.de\/fr\/wp-json\/wp\/v2\/types\/team"}],"author":[{"embeddable":true,"href":"https:\/\/www.atreus.de\/fr\/wp-json\/wp\/v2\/users\/3"}],"version-history":[{"count":0,"href":"https:\/\/www.atreus.de\/fr\/wp-json\/wp\/v2\/team\/802413\/revisions"}],"wp:attachment":[{"href":"https:\/\/www.atreus.de\/fr\/wp-json\/wp\/v2\/media?parent=802413"}],"wp:term":[{"taxonomy":"competences","embeddable":true,"href":"https:\/\/www.atreus.de\/fr\/wp-json\/wp\/v2\/competences?post=802413"},{"taxonomy":"industry-sectors","embeddable":true,"href":"https:\/\/www.atreus.de\/fr\/wp-json\/wp\/v2\/industry-sectors?post=802413"},{"taxonomy":"typ-team","embeddable":true,"href":"https:\/\/www.atreus.de\/fr\/wp-json\/wp\/v2\/typ-team?post=802413"}],"curies":[{"name":"wp","href":"https:\/\/api.w.org\/{rel}","templated":true}]}}

<div  class="zw-cgb is-first-block textblock black-color zw-content-pos-center  default-margin ">
      <div class="row">
        <div class="zw-cgb-content col-12 g-0">
          <p class=" zw-cgb fulltext "><strong>Markus Zahn est un expert reconnu en matière de transformation numérique, de nouvelles solutions de mobilité et de modèles d’entreprise centrés sur le client.</strong></p><p class=" zw-cgb fulltext ">Fort de 15 ans d’expérience en matière d’interface entre la stratégie, la technologie et la mise en œuvre opérationnelle, il soutient les entreprises, en particulier dans les secteurs de l’automobile et de la mobilité et les industries connexes dans le développement de solutions d’avenir. Il se concentre sur la conception et la gestion de programmes de transformation complexes, le développement d’organisations informatiques évolutives et l’introduction de nouveaux modèles commerciaux — de l’e-mobilité aux modèles d’abonnement et aux services connectés.</p><p class=" zw-cgb fulltext ">En qualité de cadre doté d’une grande expérience dans les projets internationaux, il a été responsable des stratégies numériques et des modèles G2M chez des équipementiers mondiaux, développé des normes CX pour l’ensemble du marché et mis en place des structures organisationnelles agiles. Avant de rejoindre Atreus, il a occupé des postes à la direction de Publicis Sapient, Deloitte Monitor et Horváth — avec de grandes responsabilités en matière de livraison, de développement commercial et de direction d’équipe dans des structures interfonctionnelles et transnationales.</p>        </div>
      </div>
    </div>




<div style="height:100px" aria-hidden="true" class="wp-block-spacer is-style-zw-default-color-400"></div>


<div  class="zw-cgb row  columnmaster020 default-margin "><div class="columnmaster-inner-content g-0">    <div  class="zw-cgb no-image-layout columnblock black-color no-icon   ">
      <div class="zw-cgb zw-cgb-content">

        <div class="column-content"><div class="inner-content"><h1 class=" zw-cgb headline h4">Principaux secteurs</h1><ul class="zw-cgb-ul fulltext "><li class="">Automobile (OEM, fournisseur)</li><li class="">Mobilité &amp; Infrastructure  </li><li class="">Informatique &amp; Digitalisation</li><li class="">Vente au détail</li><li class="">Transport &amp; Logistique</li></ul></div></div>      </div>
    </div>
    <div  class="zw-cgb no-image-layout columnblock black-color no-icon   ">
      <div class="zw-cgb zw-cgb-content">

        <div class="column-content"><div class="inner-content"><h2 class=" zw-cgb headline h4">Domaines d’expertise</h2><ul class="zw-cgb-ul fulltext "><li class="">Transformation numérique des entreprises &amp; nouveaux processus d’entreprise</li><li class="">Stratégie et organisation informatiques  </li><li class="">Modèle opérationnel cible &amp; nouveaux modèles d’entreprise</li><li class="">Stratégies d’entrée sur le marché</li><li class="">Nouvelles technologies (e-mobilité, mobilité connectée, IA) et évolutions disruptives du marché</li><li class="">Expérience client &amp; Parcours client  </li><li class="">Missions internationales</li><li class="">Contrôle interfonctionnel/national</li><li class="">Bureau de gestion de programme/projet (+ méthodes agiles)</li></ul></div></div>      </div>
    </div>
    <div  class="zw-cgb no-image-layout columnblock black-color no-icon   ">
      <div class="zw-cgb zw-cgb-content">

        <div class="column-content"><div class="inner-content"><h2 class=" zw-cgb headline h4">Évolution professionelle</h2><ul class="zw-cgb-ul fulltext "><li class="">Vice-président Transport &amp; Mobility, directeur général associé, Publicis Sapient</li><li class="">Directeur principal/directeur de l’industrie automobile, Horváth &amp; Partner</li><li class="">Practice Lead Customer Strategy, Monitor Deloitte</li><li class="">Directeur &amp; signataire autorisé, PwC, membre du Conseil de l’innovation numérique</li></ul></div></div>      </div>
    </div>
</div></div>
