{"id":834457,"date":"2025-07-10T08:38:44","date_gmt":"2025-07-10T06:38:44","guid":{"rendered":"https:\/\/www.atreus.de\/?post_type=team&#038;p=834457"},"modified":"2026-04-27T10:49:27","modified_gmt":"2026-04-27T08:49:27","slug":"christian-bayer","status":"publish","type":"team","link":"https:\/\/www.atreus.de\/fr\/equipe\/christian-bayer\/","title":{"rendered":"Christian Bayer"},"content":{"rendered":"\n    <div  class=\"zw-cgb is-first-block textblock black-color zw-content-pos-center  default-margin \">\n      <div class=\"row\">\n        <div class=\"zw-cgb-content col-12 g-0\">\n          <p class=\" zw-cgb fulltext \"><strong><strong>Christian Bayer est directeur de Solution Group Automotive et Mobility chez Atreus.<\/strong><\/strong><\/p><p class=\" zw-cgb fulltext \">Christian Bayer a fait carri\u00e8re dans des entreprises renomm\u00e9es du secteur automobile et peut se pr\u00e9valoir de plus de 20 ans d&#8217;exp\u00e9rience internationale dans les domaines de la vente, de la gestion de projet et de la gestion du changement..<\/p><p class=\" zw-cgb fulltext \">Il a d\u00e9but\u00e9 sa carri\u00e8re dans le secteur automobile chez un \u00e9quipementier japonais dans le domaine des syst\u00e8mes de vitrage avec un fournisseur de voitures haut de gamme, puis a rejoint un \u00e9quipementier de niveau 1 dans le domaine des groupes motopropulseurs, o\u00f9 il \u00e9tait responsable des ventes pour diff\u00e9rents grands comptes.<\/p><p class=\" zw-cgb fulltext \">Il a ensuite occup\u00e9 divers postes dans le domaine de la gestion des programmes Sales &amp; chez OPmobility. Dans le cadre de la gestion de programme, il a \u00e9t\u00e9 responsable de la phase de d\u00e9veloppement jusqu\u2019au succ\u00e8s du SOP des produits dans le domaine de l\u2019ext\u00e9rieur. Il a derni\u00e8rement \u00e9t\u00e9 responsable du d\u00e9veloppement mondial des affaires et des ventes pour les clients BMW, Mercedes-Benz et Tesla.<\/p>        <\/div>\n      <\/div>\n    <\/div>\n\n\n\n\n<div style=\"height:100px\" aria-hidden=\"true\" class=\"wp-block-spacer is-style-zw-default-color-400\"><\/div>\n\n\n<div  class=\"zw-cgb row  columnmaster020 default-margin \"><div class=\"columnmaster-inner-content g-0\">    <div  class=\"zw-cgb no-image-layout columnblock black-color no-icon   \">\n      <div class=\"zw-cgb zw-cgb-content\">\n\n        <div class=\"column-content\"><div class=\"inner-content\"><h1 class=\" zw-cgb headline h4\">Principaux secteurs<\/h1><ul class=\"zw-cgb-ul fulltext \"><li class=\"\">Automobile<\/li><li class=\"\">Industries d\u2019interface&nbsp;: IT, \u00e9nergie et environnement, d\u00e9veloppement durable, construction de machines et d\u2019\u00e9quipements  <\/li><\/ul><\/div><\/div>      <\/div>\n    <\/div>\n    <div  class=\"zw-cgb no-image-layout columnblock black-color no-icon   \">\n      <div class=\"zw-cgb zw-cgb-content\">\n\n        <div class=\"column-content\"><div class=\"inner-content\"><h2 class=\" zw-cgb headline h4\">Domaines d\u2019expertise<\/h2><ul class=\"zw-cgb-ul fulltext \"><li class=\"\">Gestion de projets et de lignes dans tous les domaines fonctionnels le long de la cha\u00eene de cr\u00e9ation de valeur, en particulier la gestion des ventes, le d\u00e9veloppement commercial et la gestion de programmes<\/li><li class=\"\">D\u00e9fis dans les domaines de l\u2019ext\u00e9rieur, du groupe motopropulseur et de l\u2019e-mobilit\u00e9<\/li><li class=\"\">Transformation et restructuration<\/li><li class=\"\">R\u00e9orientation\/transformation d\u2019entreprises (produit, strat\u00e9gie, processus, capacit\u00e9s, empreinte) d\u2019un point de vue disruptif et num\u00e9rique ainsi que du point de vue de la durabilit\u00e9<\/li><li class=\"\">Mesures d\u2019am\u00e9lioration des processus, des co\u00fbts et de l\u2019efficacit\u00e9<\/li><li class=\"\">Recrutement de sp\u00e9cialistes et de cadres \u00e0 titre int\u00e9rimaire ou permanent<\/li><\/ul><\/div><\/div>      <\/div>\n    <\/div>\n    <div  class=\"zw-cgb no-image-layout columnblock black-color no-icon   \">\n      <div class=\"zw-cgb zw-cgb-content\">\n\n        <div class=\"column-content\"><div class=\"inner-content\"><h2 class=\" zw-cgb headline h4\">\u00c9volution professionelle<\/h2><ul class=\"zw-cgb-ul fulltext \"><li class=\"\">Postes de direction Vente &amp; Programme dans des entreprises automobiles internationales (entreprises mal cot\u00e9es et familiales)<\/li><\/ul><\/div><\/div>      <\/div>\n    <\/div>\n<\/div><\/div>\n\n\n\n","protected":false},"author":3,"featured_media":0,"menu_order":0,"template":"","competences":[],"industry-sectors":[693],"typ-team":[645],"class_list":["post-834457","team","type-team","status-publish","hentry","industry-sectors-automobile","typ-team-directeur"],"allData":{"rank_math_internal_links_processed":["1"],"_zw_post_wordcount":["329"],"_zw_reading_time_seconds":["66"],"_wpml_media_duplicate":["1"],"_wpml_media_featured":["1"],"_zw_lastname":["Bayer"],"_zw_prename":["Christian"],"_zw_email":["Christian.Bayer@atreus.de"],"_zw_phone":["+49 89 452249-049"],"_zw_linkedin":["https:\/\/www.linkedin.com\/in\/christian-bayer-541abb180\/"],"rank_math_facebook_image":["https:\/\/www.atreus.de\/wp-content\/uploads\/2025\/07\/bay-chr.png"],"rank_math_facebook_image_id":["826407"],"_zw_portraitImg":["826407"],"_top_nav_excluded":[""],"_cms_nav_minihome":[""],"rank_math_title":["Christian Bayer, ing\u00e9nieur dipl\u00f4m\u00e9 - Directeur Atreus"],"rank_math_description":["Christian Bayer, directeur chez Atreus, jouit de plus de 20 ans d\u2019exp\u00e9rience dans l\u2019automobile, les ventes, la gestion de projets et du changement."],"rank_math_focus_keyword":["christian bayer"],"_zw_description":["Directeur"],"_last_translation_edit_mode":["native-editor"],"_edit_lock":["1777279771:3"],"rank_math_seo_score":["59"],"_edit_last":["3"],"_zw_max_input_files":["-1"],"_wpml_word_count":["347"]},"_links":{"self":[{"href":"https:\/\/www.atreus.de\/fr\/wp-json\/wp\/v2\/team\/834457","targetHints":{"allow":["GET"]}}],"collection":[{"href":"https:\/\/www.atreus.de\/fr\/wp-json\/wp\/v2\/team"}],"about":[{"href":"https:\/\/www.atreus.de\/fr\/wp-json\/wp\/v2\/types\/team"}],"author":[{"embeddable":true,"href":"https:\/\/www.atreus.de\/fr\/wp-json\/wp\/v2\/users\/3"}],"version-history":[{"count":0,"href":"https:\/\/www.atreus.de\/fr\/wp-json\/wp\/v2\/team\/834457\/revisions"}],"wp:attachment":[{"href":"https:\/\/www.atreus.de\/fr\/wp-json\/wp\/v2\/media?parent=834457"}],"wp:term":[{"taxonomy":"competences","embeddable":true,"href":"https:\/\/www.atreus.de\/fr\/wp-json\/wp\/v2\/competences?post=834457"},{"taxonomy":"industry-sectors","embeddable":true,"href":"https:\/\/www.atreus.de\/fr\/wp-json\/wp\/v2\/industry-sectors?post=834457"},{"taxonomy":"typ-team","embeddable":true,"href":"https:\/\/www.atreus.de\/fr\/wp-json\/wp\/v2\/typ-team?post=834457"}],"curies":[{"name":"wp","href":"https:\/\/api.w.org\/{rel}","templated":true}]}}

<div  class="zw-cgb is-first-block textblock black-color zw-content-pos-center  default-margin ">
      <div class="row">
        <div class="zw-cgb-content col-12 g-0">
          <p class=" zw-cgb fulltext "><strong><strong>Christian Bayer est directeur de Solution Group Automotive et Mobility chez Atreus.</strong></strong></p><p class=" zw-cgb fulltext ">Christian Bayer a fait carrière dans des entreprises renommées du secteur automobile et peut se prévaloir de plus de 20 ans d&#8217;expérience internationale dans les domaines de la vente, de la gestion de projet et de la gestion du changement..</p><p class=" zw-cgb fulltext ">Il a débuté sa carrière dans le secteur automobile chez un équipementier japonais dans le domaine des systèmes de vitrage avec un fournisseur de voitures haut de gamme, puis a rejoint un équipementier de niveau 1 dans le domaine des groupes motopropulseurs, où il était responsable des ventes pour différents grands comptes.</p><p class=" zw-cgb fulltext ">Il a ensuite occupé divers postes dans le domaine de la gestion des programmes Sales &amp; chez OPmobility. Dans le cadre de la gestion de programme, il a été responsable de la phase de développement jusqu’au succès du SOP des produits dans le domaine de l’extérieur. Il a dernièrement été responsable du développement mondial des affaires et des ventes pour les clients BMW, Mercedes-Benz et Tesla.</p>        </div>
      </div>
    </div>




<div style="height:100px" aria-hidden="true" class="wp-block-spacer is-style-zw-default-color-400"></div>


<div  class="zw-cgb row  columnmaster020 default-margin "><div class="columnmaster-inner-content g-0">    <div  class="zw-cgb no-image-layout columnblock black-color no-icon   ">
      <div class="zw-cgb zw-cgb-content">

        <div class="column-content"><div class="inner-content"><h1 class=" zw-cgb headline h4">Principaux secteurs</h1><ul class="zw-cgb-ul fulltext "><li class="">Automobile</li><li class="">Industries d’interface&nbsp;: IT, énergie et environnement, développement durable, construction de machines et d’équipements  </li></ul></div></div>      </div>
    </div>
    <div  class="zw-cgb no-image-layout columnblock black-color no-icon   ">
      <div class="zw-cgb zw-cgb-content">

        <div class="column-content"><div class="inner-content"><h2 class=" zw-cgb headline h4">Domaines d’expertise</h2><ul class="zw-cgb-ul fulltext "><li class="">Gestion de projets et de lignes dans tous les domaines fonctionnels le long de la chaîne de création de valeur, en particulier la gestion des ventes, le développement commercial et la gestion de programmes</li><li class="">Défis dans les domaines de l’extérieur, du groupe motopropulseur et de l’e-mobilité</li><li class="">Transformation et restructuration</li><li class="">Réorientation/transformation d’entreprises (produit, stratégie, processus, capacités, empreinte) d’un point de vue disruptif et numérique ainsi que du point de vue de la durabilité</li><li class="">Mesures d’amélioration des processus, des coûts et de l’efficacité</li><li class="">Recrutement de spécialistes et de cadres à titre intérimaire ou permanent</li></ul></div></div>      </div>
    </div>
    <div  class="zw-cgb no-image-layout columnblock black-color no-icon   ">
      <div class="zw-cgb zw-cgb-content">

        <div class="column-content"><div class="inner-content"><h2 class=" zw-cgb headline h4">Évolution professionelle</h2><ul class="zw-cgb-ul fulltext "><li class="">Postes de direction Vente &amp; Programme dans des entreprises automobiles internationales (entreprises mal cotées et familiales)</li></ul></div></div>      </div>
    </div>
</div></div>

Christian Bayer, ingénieur diplômé - Directeur Atreus

Christian Bayer, directeur chez Atreus, jouit de plus de 20 ans d’expérience dans l’automobile, les ventes, la gestion de projets et du changement.
