{"id":867060,"date":"2025-10-01T06:28:00","date_gmt":"2025-10-01T04:28:00","guid":{"rendered":"https:\/\/www.atreus.de\/?post_type=team&#038;p=867060"},"modified":"2025-10-06T12:16:19","modified_gmt":"2025-10-06T10:16:19","slug":"axel-kuhner","status":"publish","type":"team","link":"https:\/\/www.atreus.de\/fr\/equipe\/axel-kuhner\/","title":{"rendered":"Axel k\u00fchner"},"content":{"rendered":"\n    <div  class=\"zw-cgb is-first-block textblock black-color zw-content-pos-center  default-margin \">\n      <div class=\"row\">\n        <div class=\"zw-cgb-content col-12 g-0\">\n          <p class=\" zw-cgb fulltext \"><strong>Axel K\u00fchner est un cadre sup\u00e9rieur avec 15 ans d\u2019exp\u00e9rience dans le domaine de la FEO automobile. De 2009 \u00e0 2024, il a \u00e9t\u00e9 directeur g\u00e9n\u00e9ral de Greiner AG, un groupe autrichien dont le chiffre d\u2019affaires d\u00e9passe le milliard d\u2019euros.<\/strong><\/p><p class=\" zw-cgb fulltext \">Apr\u00e8s 15 ans pass\u00e9s au sein de l\u2019organisation des ventes de Daimler AG, il quitte le monde des grands groupes pour rejoindre un groupe familial de taille moyenne en Autriche. \u00c0 l\u2019\u00e9poque o\u00f9 il occupe le poste de premier directeur g\u00e9n\u00e9ral de la soci\u00e9t\u00e9 Greiner AG, il d\u00e9veloppe le chiffre d\u2019affaires du sp\u00e9cialiste en mati\u00e8re plastique, passant de 1 \u00e0 2,5 milliards d\u2019euros sur 140 sites situ\u00e9s dans 30 pays. Son r\u00f4le \u00e0 la fois op\u00e9rationnel et strat\u00e9gique lui a permis d\u2019acqu\u00e9rir de l\u2019exp\u00e9rience dans les secteurs de l\u2019emballage, de la technologie m\u00e9dicale et de l\u2019a\u00e9rospatiale.<\/p><p class=\" zw-cgb fulltext \">Aujourd\u2019hui, il est ind\u00e9pendant et dirige une entreprise de conseil et de participation en Autriche. Il occupe le poste de vice-pr\u00e9sident de la Chambre de commerce allemande en Autriche et membre des conseils de surveillance de Teufelberger AG et de Lenzing Plastics.<\/p>        <\/div>\n      <\/div>\n    <\/div>\n\n\n\n\n<p><\/p>\n","protected":false},"author":3,"featured_media":0,"menu_order":0,"template":"","competences":[],"industry-sectors":[],"typ-team":[664],"class_list":["post-867060","team","type-team","status-publish","hentry","typ-team-conseiller"],"allData":{"rank_math_internal_links_processed":["1"],"_zw_post_wordcount":["202"],"_zw_reading_time_seconds":["40"],"_wpml_media_duplicate":["1"],"_wpml_media_featured":["1"],"rank_math_facebook_enable_image_overlay":["off"],"_zw_lastname":["K\u00fchner"],"_zw_prename":["Axel"],"_zw_email":["mail@atreus.de?subject=Request%20to%20Axel%20Kuehner"],"_zw_linkedin":["https:\/\/www.linkedin.com\/in\/axelkuehner\/"],"_top_nav_excluded":[""],"_cms_nav_minihome":[""],"_last_translation_edit_mode":["native-editor"],"rank_math_title":["Axel K\u00fchner \u2013 Conseiller Atreus"],"rank_math_description":["Axel K\u00fchner est un cadre sup\u00e9rieur avec 15 ans d\u2019exp\u00e9rience dans le domaine de la FEO automobile. De 2009 \u00e0 2024, il a occup\u00e9 le poste de directeur g\u00e9n\u00e9ral de Greiner AG."],"rank_math_focus_keyword":["axel k\u00fchner"],"_zw_description":["Conseiller"],"_edit_lock":["1759745894:3"],"rank_math_seo_score":["55"],"_edit_last":["3"],"_zw_max_input_files":["-1"],"rank_math_facebook_image":["https:\/\/www.atreus.de\/wp-content\/uploads\/2025\/10\/kue-ax.png"],"rank_math_facebook_image_id":["869103"],"_zw_quadratImg":["869103"],"_wpml_word_count":["190"]},"_links":{"self":[{"href":"https:\/\/www.atreus.de\/fr\/wp-json\/wp\/v2\/team\/867060","targetHints":{"allow":["GET"]}}],"collection":[{"href":"https:\/\/www.atreus.de\/fr\/wp-json\/wp\/v2\/team"}],"about":[{"href":"https:\/\/www.atreus.de\/fr\/wp-json\/wp\/v2\/types\/team"}],"author":[{"embeddable":true,"href":"https:\/\/www.atreus.de\/fr\/wp-json\/wp\/v2\/users\/3"}],"version-history":[{"count":0,"href":"https:\/\/www.atreus.de\/fr\/wp-json\/wp\/v2\/team\/867060\/revisions"}],"wp:attachment":[{"href":"https:\/\/www.atreus.de\/fr\/wp-json\/wp\/v2\/media?parent=867060"}],"wp:term":[{"taxonomy":"competences","embeddable":true,"href":"https:\/\/www.atreus.de\/fr\/wp-json\/wp\/v2\/competences?post=867060"},{"taxonomy":"industry-sectors","embeddable":true,"href":"https:\/\/www.atreus.de\/fr\/wp-json\/wp\/v2\/industry-sectors?post=867060"},{"taxonomy":"typ-team","embeddable":true,"href":"https:\/\/www.atreus.de\/fr\/wp-json\/wp\/v2\/typ-team?post=867060"}],"curies":[{"name":"wp","href":"https:\/\/api.w.org\/{rel}","templated":true}]}}

Axel kühner

<div  class="zw-cgb is-first-block textblock black-color zw-content-pos-center  default-margin ">
      <div class="row">
        <div class="zw-cgb-content col-12 g-0">
          <p class=" zw-cgb fulltext "><strong>Axel Kühner est un cadre supérieur avec 15 ans d’expérience dans le domaine de la FEO automobile. De 2009 à 2024, il a été directeur général de Greiner AG, un groupe autrichien dont le chiffre d’affaires dépasse le milliard d’euros.</strong></p><p class=" zw-cgb fulltext ">Après 15 ans passés au sein de l’organisation des ventes de Daimler AG, il quitte le monde des grands groupes pour rejoindre un groupe familial de taille moyenne en Autriche. À l’époque où il occupe le poste de premier directeur général de la société Greiner AG, il développe le chiffre d’affaires du spécialiste en matière plastique, passant de 1 à 2,5 milliards d’euros sur 140 sites situés dans 30 pays. Son rôle à la fois opérationnel et stratégique lui a permis d’acquérir de l’expérience dans les secteurs de l’emballage, de la technologie médicale et de l’aérospatiale.</p><p class=" zw-cgb fulltext ">Aujourd’hui, il est indépendant et dirige une entreprise de conseil et de participation en Autriche. Il occupe le poste de vice-président de la Chambre de commerce allemande en Autriche et membre des conseils de surveillance de Teufelberger AG et de Lenzing Plastics.</p>        </div>
      </div>
    </div>




<p></p>

Kühner

Axel Kühner – Conseiller Atreus

Axel Kühner est un cadre supérieur avec 15 ans d’expérience dans le domaine de la FEO automobile. De 2009 à 2024, il a occupé le poste de directeur général de Greiner AG.

axel kühner
