{"id":893317,"date":"2024-11-15T11:07:28","date_gmt":"2024-11-15T10:07:28","guid":{"rendered":"https:\/\/www.atreus.de\/?post_type=team&#038;p=893317"},"modified":"2026-04-27T10:52:54","modified_gmt":"2026-04-27T08:52:54","slug":"nils-hartmann","status":"publish","type":"team","link":"https:\/\/www.atreus.de\/fr\/equipe\/nils-hartmann\/","title":{"rendered":"Nils Hartmann"},"content":{"rendered":"\n    <div  class=\"zw-cgb is-first-block textblock black-color zw-content-pos-center  default-margin \">\n      <div class=\"row\">\n        <div class=\"zw-cgb-content col-12 g-0\">\n          <p class=\" zw-cgb fulltext \"><strong>Nils Hartmann, directeur d\u2019Atreus, jouit de plus de 25 ans d\u2019exp\u00e9rience dans le secteur pharmaceutique et FMCG, sp\u00e9cialis\u00e9 dans les strat\u00e9gies marketing et les lancements de produits \u00e0 l\u2019\u00e9chelle mondiale.<\/strong><\/p><p class=\" zw-cgb fulltext \">Nils travaille au sein du bureau zurichois de Heidrick &amp; Struggles dont l\u2019activit\u00e9 est de d\u00e9velopper l\u2019offre de management de transition en Suisse, ainsi que d\u2019Atreus, le prestataire de services int\u00e9rimaires de Heidrick &amp; Struggles, bas\u00e9 \u00e0 Munich. Il aide les clients du secteur de la sant\u00e9 \u00e0 relever avec succ\u00e8s les d\u00e9fis dans les domaines de la strat\u00e9gie marketing et commerciale, de l\u2019excellence du lancement, de la gestion de la marque, du leadership, du d\u00e9veloppement organisationnel et culturel et de la gestion du changement.<\/p><p class=\" zw-cgb fulltext \">Nils a d\u00e9velopp\u00e9 et mis en \u0153uvre des strat\u00e9gies marketing pour des marques pharmaceutiques et de grande consommation pendant 25 ans. Il a \u00e9t\u00e9 responsable des lancements de produits \u00e0 l\u2019\u00e9chelle mondiale \u00e0 diff\u00e9rents postes de direction dans les domaines de la vente et du marketing avec des responsabilit\u00e9s s\u2019\u00e9tendant du niveau local \u00e0 mondial. Il saisit \u00e9galement les possibilit\u00e9s offertes par l\u2019IA, puisqu\u2019il a d\u00e9fini des applications d\u2019IA permettant d\u2019am\u00e9liorer les processus de vente.<\/p><p class=\" zw-cgb fulltext \">Avant de rejoindre Heidrick &amp; Struggles, Nils a travaill\u00e9 comme partenaire et conseiller strat\u00e9gique senior chez ctcHealth et a occup\u00e9 la place de directeur g\u00e9n\u00e9ral chez Eli Lilly en Pologne. Des places de choix \u00e0 l\u2019\u00e9chelle internationale comme celle de vice-pr\u00e9sident associ\u00e9 du marketing mondial pour le portefeuille de produits diab\u00e9tiques d\u2019Eli Lilly lui ont permis d\u2019\u00e9tendre ses connaissances aux march\u00e9s mondiaux.<\/p><p class=\" zw-cgb fulltext \">Auparavant, il a occup\u00e9 diff\u00e9rents postes commerciaux pour Eli Lilly, notamment celui de directeur de business unit pour l\u2019Allemagne, l\u2019Autriche et la Suisse. Avant d\u2019\u00eatre actif dans l\u2019industrie pharmaceutique, Nils a pass\u00e9 six ans dans le marketing FMCG chez Unilever. Il parle couramment l\u2019allemand et l\u2019anglais.<\/p>        <\/div>\n      <\/div>\n    <\/div>\n\n\n\n\n<div style=\"height:100px\" aria-hidden=\"true\" class=\"wp-block-spacer is-style-zw-default-color-400\"><\/div>\n\n\n<div  class=\"zw-cgb row  columnmaster020 default-margin \"><div class=\"columnmaster-inner-content g-0\">    <div  class=\"zw-cgb no-image-layout columnblock black-color no-icon   \">\n      <div class=\"zw-cgb zw-cgb-content\">\n\n        <div class=\"column-content\"><div class=\"inner-content\"><h1 class=\" zw-cgb headline h4\">Principaux secteurs<\/h1><ul class=\"zw-cgb-ul fulltext \"><li class=\"\">Pharmacie<\/li><li class=\"\">BioTech<\/li><li class=\"\">MedTech<\/li><li class=\"\">Fournisseurs de soins de sant\u00e9<\/li><li class=\"\">Applications de l\u2019IA dans le domaine de la sant\u00e9<\/li><li class=\"\">FMCG<\/li><\/ul><\/div><\/div>      <\/div>\n    <\/div>\n    <div  class=\"zw-cgb no-image-layout columnblock black-color no-icon   \">\n      <div class=\"zw-cgb zw-cgb-content\">\n\n        <div class=\"column-content\"><div class=\"inner-content\"><h2 class=\" zw-cgb headline h4\">Domaines d\u2019expertise<\/h2><ul class=\"zw-cgb-ul fulltext \"><li class=\"\">Cr\u00e9ation et mise en \u0153uvre de strat\u00e9gies de marketing et de vente<\/li><li class=\"\">Marketing international<\/li><li class=\"\">Gestion de marque et communication<\/li><li class=\"\">Launch Excellence<\/li><li class=\"\">D\u00e9veloppement, leadership et excellence dans la vente<\/li><li class=\"\">D\u00e9veloppement organisationnel, culture organisationnelle et gestion du changement<\/li><li class=\"\">Engagement des parties prenantes<\/li><li class=\"\">Conformit\u00e9<\/li><\/ul><\/div><\/div>      <\/div>\n    <\/div>\n    <div  class=\"zw-cgb no-image-layout columnblock black-color no-icon   \">\n      <div class=\"zw-cgb zw-cgb-content\">\n\n        <div class=\"column-content\"><div class=\"inner-content\"><h2 class=\" zw-cgb headline h4\">\u00c9volution professionelle<\/h2><ul class=\"zw-cgb-ul fulltext \"><li class=\"\">Senior Strategy Advisor &amp; Consultant chez ctcHealth<\/li><li class=\"\">Pr\u00e9sident et directeur g\u00e9n\u00e9ral d\u2019Eli Lilly en Pologne<\/li><li class=\"\">Vice-pr\u00e9sident associ\u00e9, Global Marketing Diabetes pour Eli Lilly (\u00c9tats-Unis)<\/li><li class=\"\">International Therapeutic Area Leader Diabetes pour Eli Lilly (USA)<\/li><li class=\"\">Business Unit Lead Diab\u00e8te pour l\u2019Allemagne, l\u2019Autriche &amp; Suisse chez Eli Lilly<\/li><li class=\"\">Directeur national des ventes pour Eli Lilly en Allemagne<\/li><li class=\"\">Senior Brand Manager et Category Development Manager chez Unilever<\/li><\/ul><\/div><\/div>      <\/div>\n    <\/div>\n<\/div><\/div>\n\n\n\n\n\n\n<p><\/p>\n","protected":false},"author":13,"featured_media":0,"menu_order":0,"template":"","competences":[973,681],"industry-sectors":[695,698,697,696],"typ-team":[645],"class_list":["post-893317","team","type-team","status-publish","hentry","competences-gestion-du-changement","competences-marketing-et-ventes","industry-sectors-chimie","industry-sectors-pharmacie","industry-sectors-sante","industry-sectors-technique-medicale","typ-team-directeur"],"allData":{"rank_math_internal_links_processed":["1"],"_zw_post_wordcount":["469"],"_zw_reading_time_seconds":["94"],"_wpml_media_duplicate":["1"],"_wpml_media_featured":["1"],"rank_math_facebook_enable_image_overlay":["off"],"_zw_lastname":["Hartmann"],"_zw_prename":["Nils"],"_zw_email":["nils.hartmann@atreus.de"],"_zw_phone":["+41 79 3236979"],"_zw_linkedin":["https:\/\/www.linkedin.com\/in\/hartmannnils"],"rank_math_facebook_image":["https:\/\/www.atreus.de\/wp-content\/uploads\/2024\/03\/bai-he-v2.png"],"rank_math_facebook_image_id":["540563"],"_zw_portraitImg":["693216"],"_top_nav_excluded":[""],"_cms_nav_minihome":[""],"rank_math_title":["Nils Hartmann \u2013 Directeur d\u2019Atreus"],"rank_math_description":["Nils Hartmann, directeur d\u2019Atreus, jouit de plus de 25 ans d\u2019exp\u00e9rience dans le secteur pharmaceutique et FMCG, sp\u00e9cialis\u00e9 dans les strat\u00e9gies marketing et les lancements de produits \u00e0 l\u2019\u00e9chelle mondiale."],"rank_math_focus_keyword":["Nils Hartmann"],"_zw_description":["Directeur"],"_last_translation_edit_mode":["native-editor"],"_edit_lock":["1777279977:3"],"rank_math_seo_score":["58"],"_edit_last":["3"],"_zw_max_input_files":["-1"],"_wpml_word_count":["511"]},"_links":{"self":[{"href":"https:\/\/www.atreus.de\/fr\/wp-json\/wp\/v2\/team\/893317","targetHints":{"allow":["GET"]}}],"collection":[{"href":"https:\/\/www.atreus.de\/fr\/wp-json\/wp\/v2\/team"}],"about":[{"href":"https:\/\/www.atreus.de\/fr\/wp-json\/wp\/v2\/types\/team"}],"author":[{"embeddable":true,"href":"https:\/\/www.atreus.de\/fr\/wp-json\/wp\/v2\/users\/13"}],"version-history":[{"count":0,"href":"https:\/\/www.atreus.de\/fr\/wp-json\/wp\/v2\/team\/893317\/revisions"}],"wp:attachment":[{"href":"https:\/\/www.atreus.de\/fr\/wp-json\/wp\/v2\/media?parent=893317"}],"wp:term":[{"taxonomy":"competences","embeddable":true,"href":"https:\/\/www.atreus.de\/fr\/wp-json\/wp\/v2\/competences?post=893317"},{"taxonomy":"industry-sectors","embeddable":true,"href":"https:\/\/www.atreus.de\/fr\/wp-json\/wp\/v2\/industry-sectors?post=893317"},{"taxonomy":"typ-team","embeddable":true,"href":"https:\/\/www.atreus.de\/fr\/wp-json\/wp\/v2\/typ-team?post=893317"}],"curies":[{"name":"wp","href":"https:\/\/api.w.org\/{rel}","templated":true}]}}

<div  class="zw-cgb is-first-block textblock black-color zw-content-pos-center  default-margin ">
      <div class="row">
        <div class="zw-cgb-content col-12 g-0">
          <p class=" zw-cgb fulltext "><strong>Nils Hartmann, directeur d’Atreus, jouit de plus de 25 ans d’expérience dans le secteur pharmaceutique et FMCG, spécialisé dans les stratégies marketing et les lancements de produits à l’échelle mondiale.</strong></p><p class=" zw-cgb fulltext ">Nils travaille au sein du bureau zurichois de Heidrick &amp; Struggles dont l’activité est de développer l’offre de management de transition en Suisse, ainsi que d’Atreus, le prestataire de services intérimaires de Heidrick &amp; Struggles, basé à Munich. Il aide les clients du secteur de la santé à relever avec succès les défis dans les domaines de la stratégie marketing et commerciale, de l’excellence du lancement, de la gestion de la marque, du leadership, du développement organisationnel et culturel et de la gestion du changement.</p><p class=" zw-cgb fulltext ">Nils a développé et mis en œuvre des stratégies marketing pour des marques pharmaceutiques et de grande consommation pendant 25 ans. Il a été responsable des lancements de produits à l’échelle mondiale à différents postes de direction dans les domaines de la vente et du marketing avec des responsabilités s’étendant du niveau local à mondial. Il saisit également les possibilités offertes par l’IA, puisqu’il a défini des applications d’IA permettant d’améliorer les processus de vente.</p><p class=" zw-cgb fulltext ">Avant de rejoindre Heidrick &amp; Struggles, Nils a travaillé comme partenaire et conseiller stratégique senior chez ctcHealth et a occupé la place de directeur général chez Eli Lilly en Pologne. Des places de choix à l’échelle internationale comme celle de vice-président associé du marketing mondial pour le portefeuille de produits diabétiques d’Eli Lilly lui ont permis d’étendre ses connaissances aux marchés mondiaux.</p><p class=" zw-cgb fulltext ">Auparavant, il a occupé différents postes commerciaux pour Eli Lilly, notamment celui de directeur de business unit pour l’Allemagne, l’Autriche et la Suisse. Avant d’être actif dans l’industrie pharmaceutique, Nils a passé six ans dans le marketing FMCG chez Unilever. Il parle couramment l’allemand et l’anglais.</p>        </div>
      </div>
    </div>




<div style="height:100px" aria-hidden="true" class="wp-block-spacer is-style-zw-default-color-400"></div>


<div  class="zw-cgb row  columnmaster020 default-margin "><div class="columnmaster-inner-content g-0">    <div  class="zw-cgb no-image-layout columnblock black-color no-icon   ">
      <div class="zw-cgb zw-cgb-content">

        <div class="column-content"><div class="inner-content"><h1 class=" zw-cgb headline h4">Principaux secteurs</h1><ul class="zw-cgb-ul fulltext "><li class="">Pharmacie</li><li class="">BioTech</li><li class="">MedTech</li><li class="">Fournisseurs de soins de santé</li><li class="">Applications de l’IA dans le domaine de la santé</li><li class="">FMCG</li></ul></div></div>      </div>
    </div>
    <div  class="zw-cgb no-image-layout columnblock black-color no-icon   ">
      <div class="zw-cgb zw-cgb-content">

        <div class="column-content"><div class="inner-content"><h2 class=" zw-cgb headline h4">Domaines d’expertise</h2><ul class="zw-cgb-ul fulltext "><li class="">Création et mise en œuvre de stratégies de marketing et de vente</li><li class="">Marketing international</li><li class="">Gestion de marque et communication</li><li class="">Launch Excellence</li><li class="">Développement, leadership et excellence dans la vente</li><li class="">Développement organisationnel, culture organisationnelle et gestion du changement</li><li class="">Engagement des parties prenantes</li><li class="">Conformité</li></ul></div></div>      </div>
    </div>
    <div  class="zw-cgb no-image-layout columnblock black-color no-icon   ">
      <div class="zw-cgb zw-cgb-content">

        <div class="column-content"><div class="inner-content"><h2 class=" zw-cgb headline h4">Évolution professionelle</h2><ul class="zw-cgb-ul fulltext "><li class="">Senior Strategy Advisor &amp; Consultant chez ctcHealth</li><li class="">Président et directeur général d’Eli Lilly en Pologne</li><li class="">Vice-président associé, Global Marketing Diabetes pour Eli Lilly (États-Unis)</li><li class="">International Therapeutic Area Leader Diabetes pour Eli Lilly (USA)</li><li class="">Business Unit Lead Diabète pour l’Allemagne, l’Autriche &amp; Suisse chez Eli Lilly</li><li class="">Directeur national des ventes pour Eli Lilly en Allemagne</li><li class="">Senior Brand Manager et Category Development Manager chez Unilever</li></ul></div></div>      </div>
    </div>
</div></div>






<p></p>

Nils Hartmann, directeur d’Atreus, jouit de plus de 25 ans d’expérience dans le secteur pharmaceutique et FMCG, spécialisé dans les stratégies marketing et les lancements de produits à l’échelle mondiale.
