{"id":925525,"date":"2026-01-27T09:27:40","date_gmt":"2026-01-27T08:27:40","guid":{"rendered":"https:\/\/www.atreus.de\/?post_type=team&#038;p=925525"},"modified":"2026-02-06T11:07:42","modified_gmt":"2026-02-06T10:07:42","slug":"silvie-fleischmann","status":"publish","type":"team","link":"https:\/\/www.atreus.de\/fr\/equipe\/silvie-fleischmann\/","title":{"rendered":"Silvie fleischmann"},"content":{"rendered":"\n    <div  class=\"zw-cgb is-first-block textblock black-color zw-content-pos-center  default-margin \">\n      <div class=\"row\">\n        <div class=\"zw-cgb-content col-12 g-0\">\n          <p class=\" zw-cgb fulltext \"><strong><strong><strong><strong>En tant que directrice d\u2019Atreus, Silvie Fleischmann fait partie du bureau zurichois de Heidrick &amp; Struggles, qui d\u00e9veloppe son offre de management de transition en Suisse.<\/strong><\/strong><\/strong><\/strong><\/p><p class=\" zw-cgb fulltext \">Elle se concentre sur les th\u00e8mes de l\u2019optimisation, de la croissance et de l\u2019informatique pour les entreprises ax\u00e9es sur la technologie et la production.<\/p><p class=\" zw-cgb fulltext \">Install\u00e9e en Suisse depuis 2003, elle a travaill\u00e9 comme manager de transition et comme directrice chez un fournisseur de services par int\u00e9rim suisse. Elle apporte plus de 20 ann\u00e9es d\u2019exp\u00e9rience dans le management de transition. Elle a occup\u00e9 auparavant plusieurs postes de direction en Allemagne, avec sous sa responsabilit\u00e9 jusqu\u2019\u00e0 200 collaborateurs dans la gestion de projets et la distribution. En tant que cadre dirigeant de longue date pour la vente de prestations de services complexes, elle a l\u2019habitude de travailler d\u2019\u00e9gal \u00e0 \u00e9gal avec les directeurs de PME.<\/p>        <\/div>\n      <\/div>\n    <\/div>\n\n\n\n\n<div style=\"height:100px\" aria-hidden=\"true\" class=\"wp-block-spacer is-style-zw-default-color-400\"><\/div>\n\n\n<div  class=\"zw-cgb row  columnmaster020 default-margin \"><div class=\"columnmaster-inner-content g-0\">    <div  class=\"zw-cgb no-image-layout columnblock black-color no-icon   \">\n      <div class=\"zw-cgb zw-cgb-content\">\n\n        <div class=\"column-content\"><div class=\"inner-content\"><h1 class=\" zw-cgb headline h4\">Principaux secteurs<\/h1><ul class=\"zw-cgb-ul fulltext \"><li class=\"\">Industrie MEM (secteur des machines, \u00e9quipements \u00e9lectriques et m\u00e9taux)<\/li><li class=\"\">Services d\u2019ing\u00e9nierie<\/li><li class=\"\">Automobile<\/li><li class=\"\">Industrie de transformation<\/li><li class=\"\">\u00c9nergie et \u00e9nergies renouvelables<\/li><li class=\"\">Industrie IT\/TC<\/li><\/ul><\/div><\/div>      <\/div>\n    <\/div>\n    <div  class=\"zw-cgb no-image-layout columnblock black-color no-icon   \">\n      <div class=\"zw-cgb zw-cgb-content\">\n\n        <div class=\"column-content\"><div class=\"inner-content\"><h2 class=\" zw-cgb headline h4\">Domaines d\u2019expertise<\/h2><ul class=\"zw-cgb-ul fulltext \"><li class=\"\">Mise en place et d\u00e9veloppement, transformation et direction d\u2019organisations de gestion de projets et de distribution<\/li><li class=\"\">Gestion de projets complexes<\/li><li class=\"\">Int\u00e9gration post-fusion<\/li><li class=\"\">Gestion de l\u2019assainissement\/du changement<\/li><li class=\"\">Optimisation des processus<\/li><li class=\"\">Forte conscience de la croissance significative et de la rentabilit\u00e9<\/li><li class=\"\">Digitalisation des mod\u00e8les et des processus commerciaux, notamment des organisations de distribution<\/li><li class=\"\">Lancement et d\u00e9veloppement de services complexes sur le march\u00e9<\/li><li class=\"\">D\u00e9veloppement des comp\u00e9tences de vente, en particulier d\u00e9veloppement syst\u00e9matique du personnel<\/li><\/ul><\/div><\/div>      <\/div>\n    <\/div>\n    <div  class=\"zw-cgb no-image-layout columnblock black-color no-icon   \">\n      <div class=\"zw-cgb zw-cgb-content\">\n\n        <div class=\"column-content\"><div class=\"inner-content\"><h2 class=\" zw-cgb headline h4\">\u00c9volution professionelle<\/h2><ul class=\"zw-cgb-ul fulltext \"><li class=\"\">Membre de la direction de GroNova AG et membre de la direction sup\u00e9rieure du groupe Magnalia AG, absorb\u00e9e par EIM AG<\/li><li class=\"\">Plus de 20 ans d\u2019exp\u00e9rience dans des mandats de gestion int\u00e9rimaire dans les secteurs susmentionn\u00e9s<\/li><li class=\"\">Diff\u00e9rents postes de direction pendant 8 ans dans l\u2019industrie IT\/TC, par ex. debis Systemhaus\/T-Systems<\/li><\/ul><\/div><\/div>      <\/div>\n    <\/div>\n<\/div><\/div>\n\n\n\n","protected":false},"author":3,"featured_media":0,"menu_order":0,"template":"","competences":[],"industry-sectors":[694],"typ-team":[645],"class_list":["post-925525","team","type-team","status-publish","hentry","industry-sectors-construction-de-machines-et-dinstallations","typ-team-directeur"],"allData":{"rank_math_internal_links_processed":["1"],"_zw_post_wordcount":["313"],"_zw_reading_time_seconds":["63"],"_wpml_media_duplicate":["1"],"_wpml_media_featured":["1"],"rank_math_facebook_enable_image_overlay":["off"],"_zw_lastname":["Fleischmann"],"_zw_prename":["Silvie"],"_zw_email":["Silvie.Fleischmann@atreus.de"],"_zw_phone":["+41 76 815 93 35"],"_top_nav_excluded":[""],"_cms_nav_minihome":[""],"rank_math_title":["Silvie Fleischmann \u2013 Directrice d\u2019Atreus Suisse"],"rank_math_description":["Silvie Fleischmann fait partie du bureau zurichois de Heidrick & Struggles en tant que directrice d\u2019Atreus, et d\u00e9veloppe l\u2019offre de management de transition."],"rank_math_focus_keyword":["silvie fleischmann"],"_zw_description":["Directrice"],"_last_translation_edit_mode":["native-editor"],"_zw_max_input_files":["-1"],"_edit_lock":["1770373634:3"],"rank_math_seo_score":["58"],"_edit_last":["3"],"_wpml_word_count":["350"],"rank_math_facebook_image":["https:\/\/www.atreus.de\/wp-content\/uploads\/2026\/02\/fle-si-2.png"],"rank_math_facebook_image_id":["927261"],"_zw_portraitImg":["927261"]},"_links":{"self":[{"href":"https:\/\/www.atreus.de\/fr\/wp-json\/wp\/v2\/team\/925525","targetHints":{"allow":["GET"]}}],"collection":[{"href":"https:\/\/www.atreus.de\/fr\/wp-json\/wp\/v2\/team"}],"about":[{"href":"https:\/\/www.atreus.de\/fr\/wp-json\/wp\/v2\/types\/team"}],"author":[{"embeddable":true,"href":"https:\/\/www.atreus.de\/fr\/wp-json\/wp\/v2\/users\/3"}],"version-history":[{"count":0,"href":"https:\/\/www.atreus.de\/fr\/wp-json\/wp\/v2\/team\/925525\/revisions"}],"wp:attachment":[{"href":"https:\/\/www.atreus.de\/fr\/wp-json\/wp\/v2\/media?parent=925525"}],"wp:term":[{"taxonomy":"competences","embeddable":true,"href":"https:\/\/www.atreus.de\/fr\/wp-json\/wp\/v2\/competences?post=925525"},{"taxonomy":"industry-sectors","embeddable":true,"href":"https:\/\/www.atreus.de\/fr\/wp-json\/wp\/v2\/industry-sectors?post=925525"},{"taxonomy":"typ-team","embeddable":true,"href":"https:\/\/www.atreus.de\/fr\/wp-json\/wp\/v2\/typ-team?post=925525"}],"curies":[{"name":"wp","href":"https:\/\/api.w.org\/{rel}","templated":true}]}}

<div  class="zw-cgb is-first-block textblock black-color zw-content-pos-center  default-margin ">
      <div class="row">
        <div class="zw-cgb-content col-12 g-0">
          <p class=" zw-cgb fulltext "><strong><strong><strong><strong>En tant que directrice d’Atreus, Silvie Fleischmann fait partie du bureau zurichois de Heidrick &amp; Struggles, qui développe son offre de management de transition en Suisse.</strong></strong></strong></strong></p><p class=" zw-cgb fulltext ">Elle se concentre sur les thèmes de l’optimisation, de la croissance et de l’informatique pour les entreprises axées sur la technologie et la production.</p><p class=" zw-cgb fulltext ">Installée en Suisse depuis 2003, elle a travaillé comme manager de transition et comme directrice chez un fournisseur de services par intérim suisse. Elle apporte plus de 20 années d’expérience dans le management de transition. Elle a occupé auparavant plusieurs postes de direction en Allemagne, avec sous sa responsabilité jusqu’à 200 collaborateurs dans la gestion de projets et la distribution. En tant que cadre dirigeant de longue date pour la vente de prestations de services complexes, elle a l’habitude de travailler d’égal à égal avec les directeurs de PME.</p>        </div>
      </div>
    </div>




<div style="height:100px" aria-hidden="true" class="wp-block-spacer is-style-zw-default-color-400"></div>


<div  class="zw-cgb row  columnmaster020 default-margin "><div class="columnmaster-inner-content g-0">    <div  class="zw-cgb no-image-layout columnblock black-color no-icon   ">
      <div class="zw-cgb zw-cgb-content">

        <div class="column-content"><div class="inner-content"><h1 class=" zw-cgb headline h4">Principaux secteurs</h1><ul class="zw-cgb-ul fulltext "><li class="">Industrie MEM (secteur des machines, équipements électriques et métaux)</li><li class="">Services d’ingénierie</li><li class="">Automobile</li><li class="">Industrie de transformation</li><li class="">Énergie et énergies renouvelables</li><li class="">Industrie IT/TC</li></ul></div></div>      </div>
    </div>
    <div  class="zw-cgb no-image-layout columnblock black-color no-icon   ">
      <div class="zw-cgb zw-cgb-content">

        <div class="column-content"><div class="inner-content"><h2 class=" zw-cgb headline h4">Domaines d’expertise</h2><ul class="zw-cgb-ul fulltext "><li class="">Mise en place et développement, transformation et direction d’organisations de gestion de projets et de distribution</li><li class="">Gestion de projets complexes</li><li class="">Intégration post-fusion</li><li class="">Gestion de l’assainissement/du changement</li><li class="">Optimisation des processus</li><li class="">Forte conscience de la croissance significative et de la rentabilité</li><li class="">Digitalisation des modèles et des processus commerciaux, notamment des organisations de distribution</li><li class="">Lancement et développement de services complexes sur le marché</li><li class="">Développement des compétences de vente, en particulier développement systématique du personnel</li></ul></div></div>      </div>
    </div>
    <div  class="zw-cgb no-image-layout columnblock black-color no-icon   ">
      <div class="zw-cgb zw-cgb-content">

        <div class="column-content"><div class="inner-content"><h2 class=" zw-cgb headline h4">Évolution professionelle</h2><ul class="zw-cgb-ul fulltext "><li class="">Membre de la direction de GroNova AG et membre de la direction supérieure du groupe Magnalia AG, absorbée par EIM AG</li><li class="">Plus de 20 ans d’expérience dans des mandats de gestion intérimaire dans les secteurs susmentionnés</li><li class="">Différents postes de direction pendant 8 ans dans l’industrie IT/TC, par ex. debis Systemhaus/T-Systems</li></ul></div></div>      </div>
    </div>
</div></div>

Silvie Fleischmann fait partie du bureau zurichois de Heidrick & Struggles en tant que directrice d’Atreus, et développe l’offre de management de transition.
