{"id":925527,"date":"2026-01-27T09:18:43","date_gmt":"2026-01-27T08:18:43","guid":{"rendered":"https:\/\/www.atreus.de\/?post_type=team&#038;p=925527"},"modified":"2026-02-02T15:44:48","modified_gmt":"2026-02-02T14:44:48","slug":"jens-steinborn","status":"publish","type":"team","link":"https:\/\/www.atreus.de\/fr\/equipe\/jens-steinborn\/","title":{"rendered":"Jens steinborn"},"content":{"rendered":"\n    <div  class=\"zw-cgb is-first-block textblock black-color zw-content-pos-center  default-margin \">\n      <div class=\"row\">\n        <div class=\"zw-cgb-content col-12 g-0\">\n          <p class=\" zw-cgb fulltext \"><strong>Jens Steinborn est directeur au sein de Group Solution Construction de machines et d\u2019installations chez Atreus<\/strong><\/p><p class=\" zw-cgb fulltext \">Depuis plus de six ans, il est sp\u00e9cialis\u00e9 dans le recrutement pour des projets de conseil et des mandats de transition de haut niveau. Son c\u0153ur d\u2019activit\u00e9 porte sur les domaines de la gestion de projet et du changement, de la transformation, du F&amp;A, de la digitalisation ainsi que de la restructuration et du redressement.<\/p><p class=\" zw-cgb fulltext \">Jens a pour ambition de trouver l\u2019accord parfait entre l\u2019entreprise et le conseiller afin d\u2019obtenir une valeur ajout\u00e9e maximale durant les phases de d\u00e9fi.<\/p>        <\/div>\n      <\/div>\n    <\/div>\n\n\n\n\n<div style=\"height:100px\" aria-hidden=\"true\" class=\"wp-block-spacer is-style-zw-default-color-400\"><\/div>\n\n\n<div  class=\"zw-cgb row  columnmaster020 default-margin \"><div class=\"columnmaster-inner-content g-0\">    <div  class=\"zw-cgb no-image-layout columnblock black-color no-icon   \">\n      <div class=\"zw-cgb zw-cgb-content\">\n\n        <div class=\"column-content\"><div class=\"inner-content\"><h1 class=\" zw-cgb headline h4\">Principaux secteurs<\/h1><ul class=\"zw-cgb-ul fulltext \"><li class=\"\">Construction de machines et d\u2019installations<\/li><li class=\"\">\u00c9nergie<\/li><li class=\"\">Pharmacie<\/li><li class=\"\">Automobile<\/li><\/ul><\/div><\/div>      <\/div>\n    <\/div>\n    <div  class=\"zw-cgb no-image-layout columnblock black-color no-icon   \">\n      <div class=\"zw-cgb zw-cgb-content\">\n\n        <div class=\"column-content\"><div class=\"inner-content\"><h2 class=\" zw-cgb headline h4\">Domaines d\u2019expertise<\/h2><ul class=\"zw-cgb-ul fulltext \"><li class=\"\">Occupation int\u00e9rimaire de postes d\u2019experts et de direction dans les PME et les grands groupes<\/li><li class=\"\">Gestion de projet et du changement<\/li><li class=\"\">Transformation<\/li><li class=\"\">F&amp;A<\/li><li class=\"\">Num\u00e9risation<\/li><li class=\"\">Restructuration et redressement<\/li><\/ul><\/div><\/div>      <\/div>\n    <\/div>\n    <div  class=\"zw-cgb no-image-layout columnblock black-color no-icon   \">\n      <div class=\"zw-cgb zw-cgb-content\">\n\n        <div class=\"column-content\"><div class=\"inner-content\"><h2 class=\" zw-cgb headline h4\">\u00c9volution professionnelle<\/h2><ul class=\"zw-cgb-ul fulltext \"><li class=\"\">Senior Team Lead Finance &amp; Procurement Contracting- Interim &amp; Consulting \u2013 Hays AG<\/li><li class=\"\">Plus de 200 projets et mandats d\u2019int\u00e9rim de haut niveau attribu\u00e9s avec succ\u00e8s<\/li><li class=\"\">Depuis 2012, postes sp\u00e9cialis\u00e9s et de direction dans le domaine des prestations de services en ressources humaines<\/li><\/ul><\/div><\/div>      <\/div>\n    <\/div>\n<\/div><\/div>\n\n\n\n\n\n\n<p><\/p>\n","protected":false},"author":3,"featured_media":0,"menu_order":0,"template":"","competences":[],"industry-sectors":[694],"typ-team":[645],"class_list":["post-925527","team","type-team","status-publish","hentry","industry-sectors-construction-de-machines-et-dinstallations","typ-team-directeur"],"allData":{"rank_math_internal_links_processed":["1"],"_zw_post_wordcount":["193"],"_zw_reading_time_seconds":["39"],"_wpml_media_duplicate":["1"],"_wpml_media_featured":["1"],"rank_math_facebook_enable_image_overlay":["off"],"_zw_lastname":["Steinborn"],"_zw_prename":["Jens"],"_zw_email":["Jens.Steinborn@atreus.de"],"_zw_phone":["+49 89 452249-044"],"_zw_linkedin":["https:\/\/www.linkedin.com\/in\/jens-steinborn-a3a7a187\/"],"_zw_portraitImg":["922896"],"_top_nav_excluded":[""],"_cms_nav_minihome":[""],"rank_math_title":["Jens Steinborn \u2013 Directeur d\u2019Atreus"],"rank_math_description":["Jens Steinborn est directeur d\u2019Atreus au sein de Group Solution Construction de machines et d\u2019installations."],"rank_math_focus_keyword":["jens steinborn"],"_zw_description":["Directeur"],"_last_translation_edit_mode":["native-editor"],"_zw_max_input_files":["-1"],"_edit_lock":["1770043497:3"],"rank_math_seo_score":["59"],"_edit_last":["3"],"_wpml_word_count":["199"]},"_links":{"self":[{"href":"https:\/\/www.atreus.de\/fr\/wp-json\/wp\/v2\/team\/925527","targetHints":{"allow":["GET"]}}],"collection":[{"href":"https:\/\/www.atreus.de\/fr\/wp-json\/wp\/v2\/team"}],"about":[{"href":"https:\/\/www.atreus.de\/fr\/wp-json\/wp\/v2\/types\/team"}],"author":[{"embeddable":true,"href":"https:\/\/www.atreus.de\/fr\/wp-json\/wp\/v2\/users\/3"}],"version-history":[{"count":0,"href":"https:\/\/www.atreus.de\/fr\/wp-json\/wp\/v2\/team\/925527\/revisions"}],"wp:attachment":[{"href":"https:\/\/www.atreus.de\/fr\/wp-json\/wp\/v2\/media?parent=925527"}],"wp:term":[{"taxonomy":"competences","embeddable":true,"href":"https:\/\/www.atreus.de\/fr\/wp-json\/wp\/v2\/competences?post=925527"},{"taxonomy":"industry-sectors","embeddable":true,"href":"https:\/\/www.atreus.de\/fr\/wp-json\/wp\/v2\/industry-sectors?post=925527"},{"taxonomy":"typ-team","embeddable":true,"href":"https:\/\/www.atreus.de\/fr\/wp-json\/wp\/v2\/typ-team?post=925527"}],"curies":[{"name":"wp","href":"https:\/\/api.w.org\/{rel}","templated":true}]}}

<div  class="zw-cgb is-first-block textblock black-color zw-content-pos-center  default-margin ">
      <div class="row">
        <div class="zw-cgb-content col-12 g-0">
          <p class=" zw-cgb fulltext "><strong>Jens Steinborn est directeur au sein de Group Solution Construction de machines et d’installations chez Atreus</strong></p><p class=" zw-cgb fulltext ">Depuis plus de six ans, il est spécialisé dans le recrutement pour des projets de conseil et des mandats de transition de haut niveau. Son cœur d’activité porte sur les domaines de la gestion de projet et du changement, de la transformation, du F&amp;A, de la digitalisation ainsi que de la restructuration et du redressement.</p><p class=" zw-cgb fulltext ">Jens a pour ambition de trouver l’accord parfait entre l’entreprise et le conseiller afin d’obtenir une valeur ajoutée maximale durant les phases de défi.</p>        </div>
      </div>
    </div>




<div style="height:100px" aria-hidden="true" class="wp-block-spacer is-style-zw-default-color-400"></div>


<div  class="zw-cgb row  columnmaster020 default-margin "><div class="columnmaster-inner-content g-0">    <div  class="zw-cgb no-image-layout columnblock black-color no-icon   ">
      <div class="zw-cgb zw-cgb-content">

        <div class="column-content"><div class="inner-content"><h1 class=" zw-cgb headline h4">Principaux secteurs</h1><ul class="zw-cgb-ul fulltext "><li class="">Construction de machines et d’installations</li><li class="">Énergie</li><li class="">Pharmacie</li><li class="">Automobile</li></ul></div></div>      </div>
    </div>
    <div  class="zw-cgb no-image-layout columnblock black-color no-icon   ">
      <div class="zw-cgb zw-cgb-content">

        <div class="column-content"><div class="inner-content"><h2 class=" zw-cgb headline h4">Domaines d’expertise</h2><ul class="zw-cgb-ul fulltext "><li class="">Occupation intérimaire de postes d’experts et de direction dans les PME et les grands groupes</li><li class="">Gestion de projet et du changement</li><li class="">Transformation</li><li class="">F&amp;A</li><li class="">Numérisation</li><li class="">Restructuration et redressement</li></ul></div></div>      </div>
    </div>
    <div  class="zw-cgb no-image-layout columnblock black-color no-icon   ">
      <div class="zw-cgb zw-cgb-content">

        <div class="column-content"><div class="inner-content"><h2 class=" zw-cgb headline h4">Évolution professionnelle</h2><ul class="zw-cgb-ul fulltext "><li class="">Senior Team Lead Finance &amp; Procurement Contracting- Interim &amp; Consulting – Hays AG</li><li class="">Plus de 200 projets et mandats d’intérim de haut niveau attribués avec succès</li><li class="">Depuis 2012, postes spécialisés et de direction dans le domaine des prestations de services en ressources humaines</li></ul></div></div>      </div>
    </div>
</div></div>






<p></p>
