{"id":931266,"date":"2024-12-02T09:40:36","date_gmt":"2024-12-02T08:40:36","guid":{"rendered":"https:\/\/www.atreus.de\/?post_type=team&#038;p=931266"},"modified":"2026-02-16T11:33:00","modified_gmt":"2026-02-16T10:33:00","slug":"dieter-babiel","status":"publish","type":"team","link":"https:\/\/www.atreus.de\/fr\/equipe\/dieter-babiel\/","title":{"rendered":"Dieter Babiel"},"content":{"rendered":"\n    <div  class=\"zw-cgb is-first-block textblock black-color zw-content-pos-center  default-margin \">\n      <div class=\"row\">\n        <div class=\"zw-cgb-content col-12 g-0\">\n          <p class=\" zw-cgb fulltext \"><strong>Dieter Babiel jouit de plus de 30 ann\u00e9es d\u2019exp\u00e9rience nationale et internationale de manager dans le commerce de gros de produits et d\u2019outils de construction ainsi que dans l\u2019industrie du b\u00e2timent.  <\/strong><\/p><p class=\" zw-cgb fulltext \">Au-del\u00e0 de son expertise RH, il ne d\u00e9m\u00e9rite pas dans les domaines de la gestion du changement, du d\u00e9veloppement organisationnel et du d\u00e9veloppement d\u2019\u00e9quipe et dans sa qualit\u00e9 de repr\u00e9sentant des int\u00e9r\u00eats au niveau des associations.<br>Ses diff\u00e9rents r\u00f4les de directeur g\u00e9n\u00e9ral, de membre du conseil consultatif et de gestionnaire de processus de changement, lui ont permis de contribuer largement \u00e0 la mise en \u0153uvre r\u00e9ussie d\u2019innovations dans les domaines de la construction, de la durabilit\u00e9, de la transition \u00e9cologique.<\/p>        <\/div>\n      <\/div>\n    <\/div>\n\n","protected":false},"author":13,"featured_media":0,"menu_order":0,"template":"","competences":[],"industry-sectors":[],"typ-team":[664],"class_list":["post-931266","team","type-team","status-publish","hentry","typ-team-conseiller"],"allData":{"rank_math_internal_links_processed":["1"],"_zw_post_wordcount":["129"],"_zw_reading_time_seconds":["26"],"_wpml_media_duplicate":["1"],"_wpml_media_featured":["1"],"_zw_lastname":["Babiel"],"_zw_prename":["Dieter"],"_zw_email":["Dieter.Babiel@ext.atreus.de"],"_zw_linkedin":["https:\/\/www.linkedin.com\/in\/dieter-babiel-09389726\/"],"rank_math_facebook_image":["https:\/\/www.atreus.de\/wp-content\/uploads\/2024\/11\/bab-di.png"],"rank_math_facebook_image_id":["704476"],"_zw_quadratImg":["704476"],"_top_nav_excluded":[""],"_cms_nav_minihome":[""],"rank_math_focus_keyword":["Dieter Babiel"],"_zw_description":["Conseiller"],"_last_translation_edit_mode":["native-editor"],"_zw_max_input_files":["0"],"_cs_replacements":["a:1:{s:12:\"contact_area\";s:5:\"cs-25\";}"],"_wpml_media_has_media":["1"],"_edit_lock":["1771237987:3"],"rank_math_seo_score":["60"],"_edit_last":["3"],"rank_math_title":["Dieter Babiel - Atreus Conseiller"],"rank_math_description":["Dieter Babiel jouit de plus de 30 ann\u00e9es d\u2019exp\u00e9rience internationale de manager dans le commerce de gros de produits et d\u2019outils de construction."],"_wpml_word_count":["130"]},"_links":{"self":[{"href":"https:\/\/www.atreus.de\/fr\/wp-json\/wp\/v2\/team\/931266","targetHints":{"allow":["GET"]}}],"collection":[{"href":"https:\/\/www.atreus.de\/fr\/wp-json\/wp\/v2\/team"}],"about":[{"href":"https:\/\/www.atreus.de\/fr\/wp-json\/wp\/v2\/types\/team"}],"author":[{"embeddable":true,"href":"https:\/\/www.atreus.de\/fr\/wp-json\/wp\/v2\/users\/13"}],"version-history":[{"count":0,"href":"https:\/\/www.atreus.de\/fr\/wp-json\/wp\/v2\/team\/931266\/revisions"}],"wp:attachment":[{"href":"https:\/\/www.atreus.de\/fr\/wp-json\/wp\/v2\/media?parent=931266"}],"wp:term":[{"taxonomy":"competences","embeddable":true,"href":"https:\/\/www.atreus.de\/fr\/wp-json\/wp\/v2\/competences?post=931266"},{"taxonomy":"industry-sectors","embeddable":true,"href":"https:\/\/www.atreus.de\/fr\/wp-json\/wp\/v2\/industry-sectors?post=931266"},{"taxonomy":"typ-team","embeddable":true,"href":"https:\/\/www.atreus.de\/fr\/wp-json\/wp\/v2\/typ-team?post=931266"}],"curies":[{"name":"wp","href":"https:\/\/api.w.org\/{rel}","templated":true}]}}

<div  class="zw-cgb is-first-block textblock black-color zw-content-pos-center  default-margin ">
      <div class="row">
        <div class="zw-cgb-content col-12 g-0">
          <p class=" zw-cgb fulltext "><strong>Dieter Babiel jouit de plus de 30 années d’expérience nationale et internationale de manager dans le commerce de gros de produits et d’outils de construction ainsi que dans l’industrie du bâtiment.  </strong></p><p class=" zw-cgb fulltext ">Au-delà de son expertise RH, il ne démérite pas dans les domaines de la gestion du changement, du développement organisationnel et du développement d’équipe et dans sa qualité de représentant des intérêts au niveau des associations.<br>Ses différents rôles de directeur général, de membre du conseil consultatif et de gestionnaire de processus de changement, lui ont permis de contribuer largement à la mise en œuvre réussie d’innovations dans les domaines de la construction, de la durabilité, de la transition écologique.</p>        </div>
      </div>
    </div>

Dieter Babiel jouit de plus de 30 années d’expérience internationale de manager dans le commerce de gros de produits et d’outils de construction.
